{"id":1931,"date":"2020-11-16T16:28:52","date_gmt":"2020-11-16T19:28:52","guid":{"rendered":"https:\/\/museudofutebol.org.br\/teste\/?page_id=1931"},"modified":"2024-09-09T15:44:48","modified_gmt":"2024-09-09T18:44:48","slug":"gestion","status":"publish","type":"page","link":"https:\/\/museudofutebol.org.br\/teste\/es\/institucional-es\/gestion\/","title":{"rendered":"Gesti\u00f3n"},"content":{"rendered":"<div class=\"wpb-content-wrapper\"><p>[vc_row][vc_column width=&#8221;2\/3&#8243;][vc_column_text]El IDBrasil Cultura, Educa\u00e7\u00e3o e Esporte es la Organizaci\u00f3n Social de Cultura que hace la gesti\u00f3n del Museo del F\u00fatbol desde su inauguraci\u00f3n, en septiembre de 2008, y del Museo del Idioma Portugu\u00e9s, desde julio de 2012. Antiguo Instituto del Arte del F\u00fatbol Brasile\u00f1o \u2013 IFB, es una entidad privada sin \u00e1nimo de lucro que presta servicio p\u00fablico de inter\u00e9s de la comunidad. La gesti\u00f3n de los museos es realizada por medio de un Contrato de Gesti\u00f3n firmado junto a la Secretar\u00eda de Cultura del Estado de S\u00e3o Paulo, con Planes de Trabajo aditados anualmente. Se trata de un modelo de gesti\u00f3n de equipos culturales vigente en el Estado de S\u00e3o Paulo desde 2005 y que ha mostrado resultados positivos. Adem\u00e1s de garantizar la calidad en el servicio al p\u00fablico, las organizaciones sociales vienen oxigenando las acciones del Estado en el \u00e1rea de la cultura y garantizan una exitosa alianza entre poder p\u00fablico y sociedad civil organizada.<\/p>\n<p>El IDBrasil administra el Museo del F\u00fatbol siguiendo las directrices establecidas por la Secretar\u00eda de Estado de la Cultura. Para tanto, somete al \u00f3rgano estadual las acciones referentes a la programaci\u00f3n, acervo, actividades de investigaci\u00f3n y educaci\u00f3n, gesti\u00f3n de gastos, objetos y excedentes financieros generados a lo largo de su ejecuci\u00f3n. La OS tiene la funci\u00f3n de mantener los equipos y los instrumentos necesarios para la realizaci\u00f3n de los servicios contratados, as\u00ed como la integridad f\u00edsica de la edificaci\u00f3n ocupada por el Museo. Tambi\u00e9n se compromete en generar acciones y contenidos coherentes con las especificaciones de la instituci\u00f3n que administra, los divulga buscando alcanzar al mayor n\u00famero posible de personas.<\/p>\n<p>El presupuesto anual del Museo del F\u00fatbol est\u00e1 compuesto por recursos de la Secretar\u00eda de Cultura e ingresos captados por el IDBrasil, como venta de entradas, locaciones de espacios, patrocinios y permutas, esenciales para la sustentabilidad financiera de la instituci\u00f3n y para la diversificaci\u00f3n de la programaci\u00f3n cultural del Museo.<\/p>\n<p>El IDBrasil es administrado por una Asamblea de Asociados Fundadores, un Consejo de Administraci\u00f3n, Consejo Fiscal y Consejo Consultivo, adem\u00e1s de una Direcci\u00f3n Directiva y una Direcci\u00f3n Administrativa y Financiera.[\/vc_column_text][\/vc_column][vc_column width=&#8221;1\/3&#8243;][vc_wp_custommenu nav_menu=&#8221;98&#8243;][\/vc_column][\/vc_row]<\/p>\n<\/div>","protected":false},"excerpt":{"rendered":"<p>[vc_row][vc_column width=&#8221;2\/3&#8243;][vc_column_text]El IDBrasil Cultura, Educa\u00e7\u00e3o e Esporte es la Organizaci\u00f3n Social de Cultura que hace la gesti\u00f3n del Museo del F\u00fatbol desde su inauguraci\u00f3n, en septiembre<span class=\"excerpt-hellip\"> [\u2026]<\/span><\/p>\n","protected":false},"author":13,"featured_media":0,"parent":1910,"menu_order":0,"comment_status":"closed","ping_status":"closed","template":"","meta":[],"acf":[],"yoast_head":"<!-- This site is optimized with the Yoast SEO plugin v20.8 - https:\/\/yoast.com\/wordpress\/plugins\/seo\/ -->\n<title>Gesti\u00f3n - Museu do Futebol<\/title>\n<meta name=\"robots\" content=\"index, follow, max-snippet:-1, max-image-preview:large, max-video-preview:-1\" \/>\n<link rel=\"canonical\" href=\"https:\/\/museudofutebol.org.br\/teste\/es\/institucional-es\/gestion\/\" \/>\n<meta property=\"og:locale\" content=\"pt_BR\" \/>\n<meta property=\"og:type\" content=\"article\" \/>\n<meta property=\"og:title\" content=\"Gesti\u00f3n - Museu do Futebol\" \/>\n<meta property=\"og:description\" content=\"[vc_row][vc_column width=&#8221;2\/3&#8243;][vc_column_text]El IDBrasil Cultura, Educa\u00e7\u00e3o e Esporte es la Organizaci\u00f3n Social de Cultura que hace la gesti\u00f3n del Museo del F\u00fatbol desde su inauguraci\u00f3n, en septiembre [\u2026]\" \/>\n<meta property=\"og:url\" content=\"https:\/\/museudofutebol.org.br\/teste\/es\/institucional-es\/gestion\/\" \/>\n<meta property=\"og:site_name\" content=\"Museu do Futebol\" \/>\n<meta property=\"article:publisher\" content=\"https:\/\/www.facebook.com\/museudofutebol\" \/>\n<meta property=\"article:modified_time\" content=\"2024-09-09T18:44:48+00:00\" \/>\n<meta name=\"twitter:card\" content=\"summary_large_image\" \/>\n<meta name=\"twitter:site\" content=\"@museudofutebol\" \/>\n<meta name=\"twitter:label1\" content=\"Est. tempo de leitura\" \/>\n\t<meta name=\"twitter:data1\" content=\"2 minutos\" \/>\n<script type=\"application\/ld+json\" class=\"yoast-schema-graph\">{\"@context\":\"https:\/\/schema.org\",\"@graph\":[{\"@type\":\"WebPage\",\"@id\":\"https:\/\/museudofutebol.org.br\/teste\/es\/institucional-es\/gestion\/\",\"url\":\"https:\/\/museudofutebol.org.br\/teste\/es\/institucional-es\/gestion\/\",\"name\":\"Gesti\u00f3n - Museu do Futebol\",\"isPartOf\":{\"@id\":\"https:\/\/museudofutebol.org.br\/teste\/#website\"},\"datePublished\":\"2020-11-16T19:28:52+00:00\",\"dateModified\":\"2024-09-09T18:44:48+00:00\",\"breadcrumb\":{\"@id\":\"https:\/\/museudofutebol.org.br\/teste\/es\/institucional-es\/gestion\/#breadcrumb\"},\"inLanguage\":\"pt-BR\",\"potentialAction\":[{\"@type\":\"ReadAction\",\"target\":[\"https:\/\/museudofutebol.org.br\/teste\/es\/institucional-es\/gestion\/\"]}]},{\"@type\":\"BreadcrumbList\",\"@id\":\"https:\/\/museudofutebol.org.br\/teste\/es\/institucional-es\/gestion\/#breadcrumb\",\"itemListElement\":[{\"@type\":\"ListItem\",\"position\":1,\"name\":\"In\u00edcio\",\"item\":\"https:\/\/museudofutebol.org.br\/teste\/\"},{\"@type\":\"ListItem\",\"position\":2,\"name\":\"Institucional\",\"item\":\"https:\/\/museudofutebol.org.br\/teste\/es\/institucional-es\/\"},{\"@type\":\"ListItem\",\"position\":3,\"name\":\"Gesti\u00f3n\"}]},{\"@type\":\"WebSite\",\"@id\":\"https:\/\/museudofutebol.org.br\/teste\/#website\",\"url\":\"https:\/\/museudofutebol.org.br\/teste\/\",\"name\":\"Museu do Futebol\",\"description\":\"\",\"potentialAction\":[{\"@type\":\"SearchAction\",\"target\":{\"@type\":\"EntryPoint\",\"urlTemplate\":\"https:\/\/museudofutebol.org.br\/teste\/?s={search_term_string}\"},\"query-input\":\"required name=search_term_string\"}],\"inLanguage\":\"pt-BR\"}]}<\/script>\n<!-- \/ Yoast SEO plugin. -->","yoast_head_json":{"title":"Gesti\u00f3n - Museu do Futebol","robots":{"index":"index","follow":"follow","max-snippet":"max-snippet:-1","max-image-preview":"max-image-preview:large","max-video-preview":"max-video-preview:-1"},"canonical":"https:\/\/museudofutebol.org.br\/teste\/es\/institucional-es\/gestion\/","og_locale":"pt_BR","og_type":"article","og_title":"Gesti\u00f3n - Museu do Futebol","og_description":"[vc_row][vc_column width=&#8221;2\/3&#8243;][vc_column_text]El IDBrasil Cultura, Educa\u00e7\u00e3o e Esporte es la Organizaci\u00f3n Social de Cultura que hace la gesti\u00f3n del Museo del F\u00fatbol desde su inauguraci\u00f3n, en septiembre [\u2026]","og_url":"https:\/\/museudofutebol.org.br\/teste\/es\/institucional-es\/gestion\/","og_site_name":"Museu do Futebol","article_publisher":"https:\/\/www.facebook.com\/museudofutebol","article_modified_time":"2024-09-09T18:44:48+00:00","twitter_card":"summary_large_image","twitter_site":"@museudofutebol","twitter_misc":{"Est. tempo de leitura":"2 minutos"},"schema":{"@context":"https:\/\/schema.org","@graph":[{"@type":"WebPage","@id":"https:\/\/museudofutebol.org.br\/teste\/es\/institucional-es\/gestion\/","url":"https:\/\/museudofutebol.org.br\/teste\/es\/institucional-es\/gestion\/","name":"Gesti\u00f3n - Museu do Futebol","isPartOf":{"@id":"https:\/\/museudofutebol.org.br\/teste\/#website"},"datePublished":"2020-11-16T19:28:52+00:00","dateModified":"2024-09-09T18:44:48+00:00","breadcrumb":{"@id":"https:\/\/museudofutebol.org.br\/teste\/es\/institucional-es\/gestion\/#breadcrumb"},"inLanguage":"pt-BR","potentialAction":[{"@type":"ReadAction","target":["https:\/\/museudofutebol.org.br\/teste\/es\/institucional-es\/gestion\/"]}]},{"@type":"BreadcrumbList","@id":"https:\/\/museudofutebol.org.br\/teste\/es\/institucional-es\/gestion\/#breadcrumb","itemListElement":[{"@type":"ListItem","position":1,"name":"In\u00edcio","item":"https:\/\/museudofutebol.org.br\/teste\/"},{"@type":"ListItem","position":2,"name":"Institucional","item":"https:\/\/museudofutebol.org.br\/teste\/es\/institucional-es\/"},{"@type":"ListItem","position":3,"name":"Gesti\u00f3n"}]},{"@type":"WebSite","@id":"https:\/\/museudofutebol.org.br\/teste\/#website","url":"https:\/\/museudofutebol.org.br\/teste\/","name":"Museu do Futebol","description":"","potentialAction":[{"@type":"SearchAction","target":{"@type":"EntryPoint","urlTemplate":"https:\/\/museudofutebol.org.br\/teste\/?s={search_term_string}"},"query-input":"required name=search_term_string"}],"inLanguage":"pt-BR"}]}},"_links":{"self":[{"href":"https:\/\/museudofutebol.org.br\/teste\/wp-json\/wp\/v2\/pages\/1931"}],"collection":[{"href":"https:\/\/museudofutebol.org.br\/teste\/wp-json\/wp\/v2\/pages"}],"about":[{"href":"https:\/\/museudofutebol.org.br\/teste\/wp-json\/wp\/v2\/types\/page"}],"author":[{"embeddable":true,"href":"https:\/\/museudofutebol.org.br\/teste\/wp-json\/wp\/v2\/users\/13"}],"replies":[{"embeddable":true,"href":"https:\/\/museudofutebol.org.br\/teste\/wp-json\/wp\/v2\/comments?post=1931"}],"version-history":[{"count":3,"href":"https:\/\/museudofutebol.org.br\/teste\/wp-json\/wp\/v2\/pages\/1931\/revisions"}],"predecessor-version":[{"id":7761,"href":"https:\/\/museudofutebol.org.br\/teste\/wp-json\/wp\/v2\/pages\/1931\/revisions\/7761"}],"up":[{"embeddable":true,"href":"https:\/\/museudofutebol.org.br\/teste\/wp-json\/wp\/v2\/pages\/1910"}],"wp:attachment":[{"href":"https:\/\/museudofutebol.org.br\/teste\/wp-json\/wp\/v2\/media?parent=1931"}],"curies":[{"name":"wp","href":"https:\/\/api.w.org\/{rel}","templated":true}]}}