{"id":2058,"date":"2020-12-07T15:13:30","date_gmt":"2020-12-07T18:13:30","guid":{"rendered":"https:\/\/museudofutebol.org.br\/teste\/?page_id=2058"},"modified":"2023-03-24T15:00:24","modified_gmt":"2023-03-24T18:00:24","slug":"museo-amigo-del-mayor","status":"publish","type":"page","link":"https:\/\/museudofutebol.org.br\/teste\/es\/museo-amigo-del-mayor\/","title":{"rendered":"Museo amigo del Mayor"},"content":{"rendered":"<div class=\"wpb-content-wrapper\"><p>[vc_row][vc_column width=&#8221;2\/3&#8243;][vc_column_text]<img decoding=\"async\" loading=\"lazy\" class=\"alignnone wp-image-2699 size-full\" src=\"https:\/\/museudofutebol.org.br\/teste\/wp-content\/uploads\/2020\/09\/projeto-museu-amigo-do-idoso-99.jpg\" alt=\"\" width=\"640\" height=\"433\" srcset=\"https:\/\/museudofutebol.org.br\/teste\/wp-content\/uploads\/2020\/09\/projeto-museu-amigo-do-idoso-99.jpg 640w, https:\/\/museudofutebol.org.br\/teste\/wp-content\/uploads\/2020\/09\/projeto-museu-amigo-do-idoso-99-300x203.jpg 300w, https:\/\/museudofutebol.org.br\/teste\/wp-content\/uploads\/2020\/09\/projeto-museu-amigo-do-idoso-99-216x146.jpg 216w, https:\/\/museudofutebol.org.br\/teste\/wp-content\/uploads\/2020\/09\/projeto-museu-amigo-do-idoso-99-50x34.jpg 50w, https:\/\/museudofutebol.org.br\/teste\/wp-content\/uploads\/2020\/09\/projeto-museu-amigo-do-idoso-99-111x75.jpg 111w\" sizes=\"(max-width:767px) 480px, 640px\" \/><\/p>\n<p><span data-contrast=\"auto\">El Museo del F\u00fatbol busca mejorarse constante para acoger mejor a los mayores de 60 a\u00f1os. Las acciones del programa educativo Museo Amigo de la Tercera Edad tienen como objetivo las transformaciones personales y sociales, as\u00ed como la inclusi\u00f3n digital, a partir de la promoci\u00f3n de la convivencia y del intercambio de experiencias.<\/span><span data-ccp-props=\"{&quot;201341983&quot;:0,&quot;335559739&quot;:160,&quot;335559740&quot;:259}\">\u00a0<\/span><\/p>\n<p><span data-contrast=\"auto\">Estas\u00a0son\u00a0algunas\u00a0de\u00a0las\u00a0iniciativas\u00a0incluidas\u00a0en\u00a0el\u00a0programa:<\/span><span data-ccp-props=\"{&quot;201341983&quot;:0,&quot;335559739&quot;:160,&quot;335559740&quot;:259}\">\u00a0<\/span><\/p>\n<p><span data-ccp-props=\"{&quot;201341983&quot;:0,&quot;335559739&quot;:160,&quot;335559740&quot;:259}\"><br \/>\n<\/span><strong>Reviviendo\u00a0Memorias<br \/>\n<\/strong><span data-contrast=\"auto\">Promueve\u00a0atenci\u00f3n\u00a0a\u00a0mayores,\u00a0con\u00a0o\u00a0sin\u00a0s\u00edndrome de Alzheimer, para\u00a0la\u00a0activaci\u00f3n\u00a0de memorias\u00a0afectivas\u00a0a partir\u00a0del\u00a0acervo f\u00edsico y digital\u00a0del\u00a0museo. Durante\u00a0la\u00a0pandemia de\u00a0coronavirus,\u00a0la\u00a0atenci\u00f3n: individual o\u00a0en\u00a0grupo, est\u00e1\u00a0siendo\u00a0hecha\u00a0de forma remota.\u00a0<\/span><span data-ccp-props=\"{&quot;201341983&quot;:0,&quot;335559739&quot;:160,&quot;335559740&quot;:259}\">\u00a0<\/span><\/p>\n<p><strong><br \/>\nProgramaci\u00f3n Cultural<br \/>\n<\/strong><span data-contrast=\"auto\">En nuestra programaci\u00f3n, realizamos eventos con contenidos relevantes para debatir y promover el bienestar f\u00edsico y mental de los mayores, as\u00ed como reflexiones para combatir el \u201cedadismo\u201d.\u00a0<\/span><\/p>\n<p><span data-ccp-props=\"{&quot;201341983&quot;:0,&quot;335559739&quot;:160,&quot;335559740&quot;:259}\"><br \/>\n<\/span><strong>Residencia<br \/>\n<\/strong><span data-contrast=\"auto\">Con las mismas premisas del Proyecto Deficiente Residente, el museo busc\u00f3 mejoras en la atenci\u00f3n al p\u00fablico 60+ a partir de la convivencia y del intercambio de experiencias entre mayores y profesionales del N\u00facleo Educativo. A lo largo de 2016 dos mayores residentes trabajaron de forma remunerada en la instituci\u00f3n: Maria Elisa Ferreira Franceschini, de 66 a\u00f1os, de abril a julio, y Jorge Exp\u00f3sito, de septiembre a noviembre.<\/span><span data-ccp-props=\"{&quot;201341983&quot;:0,&quot;335559739&quot;:160,&quot;335559740&quot;:259}\">\u00a0<\/span><\/p>\n<p><span data-contrast=\"auto\">El proyecto dio lugar a varios productos: un cuaderno de formaci\u00f3n para nuevos orientadores del p\u00fablico, centrado en una cuidadosa mirada a la acogida del p\u00fablico de edad avanzada; un formulario de encuesta espec\u00edfico para las personas mayores que visitan el Museo, con el objetivo de evaluar la atenci\u00f3n del equipo de orientaci\u00f3n y dos actividades l\u00fadico-pedag\u00f3gicas ofrecidas a los visitantes.<\/span><span data-ccp-props=\"{&quot;201341983&quot;:0,&quot;335559739&quot;:160,&quot;335559740&quot;:259}\">\u00a0<\/span><\/p>\n<p>[\/vc_column_text][vc_custom_heading text=&#8221;Galeria&#8221; font_container=&#8221;tag:h3|text_align:left&#8221; use_theme_fonts=&#8221;yes&#8221; el_class=&#8221;header-secao&#8221;][vc_masonry_media_grid element_width=&#8221;3&#8243; gap=&#8221;3&#8243; grid_id=&#8221;vc_gid:1679680747369-f409d65b-d448-7&#8243; include=&#8221;850,849,848&#8243;][\/vc_column][vc_column width=&#8221;1\/3&#8243;][vc_wp_custommenu nav_menu=&#8221;93&#8243;][\/vc_column][\/vc_row][vc_row][vc_column width=&#8221;2\/3&#8243;][vc_custom_heading text=&#8221;Museo Amigo del Mayor&#8221; font_container=&#8221;tag:h5|text_align:left&#8221; use_theme_fonts=&#8221;yes&#8221;][vc_row_inner][vc_column_inner width=&#8221;1\/3&#8243;][vc_single_image image=&#8221;8765&#8243; img_size=&#8221;full&#8221; onclick=&#8221;custom_link&#8221; link=&#8221;http:\/\/www.gov.br&#8221;][\/vc_column_inner][vc_column_inner width=&#8221;1\/3&#8243;][\/vc_column_inner][vc_column_inner width=&#8221;1\/3&#8243;][\/vc_column_inner][\/vc_row_inner][vc_custom_heading text=&#8221;Asociados&#8221; font_container=&#8221;tag:h5|text_align:left&#8221; use_theme_fonts=&#8221;yes&#8221;][vc_row_inner][vc_column_inner width=&#8221;1\/4&#8243;][vc_single_image image=&#8221;3515&#8243; img_size=&#8221;full&#8221;][\/vc_column_inner][vc_column_inner width=&#8221;1\/4&#8243;][vc_single_image image=&#8221;3517&#8243; img_size=&#8221;full&#8221;][\/vc_column_inner][vc_column_inner width=&#8221;1\/4&#8243;][vc_single_image image=&#8221;3520&#8243; img_size=&#8221;full&#8221;][\/vc_column_inner][\/vc_row_inner][vc_custom_heading text=&#8221;Realizaci\u00f3n&#8221; font_container=&#8221;tag:h5|text_align:left&#8221; use_theme_fonts=&#8221;yes&#8221;][vc_row_inner][vc_column_inner width=&#8221;1\/2&#8243;][vc_single_image image=&#8221;8766&#8243; img_size=&#8221;full&#8221; onclick=&#8221;custom_link&#8221; link=&#8221;http:\/\/www.sp.gov.br&#8221;][\/vc_column_inner][vc_column_inner width=&#8221;1\/2&#8243;][vc_single_image image=&#8221;8767&#8243; img_size=&#8221;full&#8221; onclick=&#8221;custom_link&#8221; link=&#8221;http:\/\/www.gov.br&#8221;][\/vc_column_inner][\/vc_row_inner][vc_row_inner disable_element=&#8221;yes&#8221;][\/vc_row_inner][vc_row_inner disable_element=&#8221;yes&#8221;][vc_column_inner width=&#8221;1\/2&#8243;][vc_single_image image=&#8221;6403&#8243; img_size=&#8221;full&#8221; onclick=&#8221;custom_link&#8221; link=&#8221;http:\/\/www.sp.gov.br&#8221;][\/vc_column_inner][vc_column_inner width=&#8221;1\/2&#8243;][\/vc_column_inner][\/vc_row_inner][\/vc_column][vc_column width=&#8221;1\/3&#8243;][\/vc_column][\/vc_row]<\/p>\n<\/div>","protected":false},"excerpt":{"rendered":"<p>[vc_row][vc_column width=&#8221;2\/3&#8243;][vc_column_text] El Museo del F\u00fatbol busca mejorarse constante para acoger mejor a los mayores de 60 a\u00f1os. Las acciones del programa educativo Museo Amigo de<span class=\"excerpt-hellip\"> [\u2026]<\/span><\/p>\n","protected":false},"author":13,"featured_media":2605,"parent":0,"menu_order":0,"comment_status":"closed","ping_status":"closed","template":"","meta":[],"acf":[],"yoast_head":"<!-- This site is optimized with the Yoast SEO plugin v20.8 - https:\/\/yoast.com\/wordpress\/plugins\/seo\/ -->\n<title>Museo amigo del Mayor - Museu do Futebol<\/title>\n<meta name=\"robots\" content=\"index, follow, max-snippet:-1, max-image-preview:large, max-video-preview:-1\" \/>\n<link rel=\"canonical\" href=\"https:\/\/museudofutebol.org.br\/teste\/es\/museo-amigo-del-mayor\/\" \/>\n<meta property=\"og:locale\" content=\"pt_BR\" \/>\n<meta property=\"og:type\" content=\"article\" \/>\n<meta property=\"og:title\" content=\"Museo amigo del Mayor - Museu do Futebol\" \/>\n<meta property=\"og:description\" content=\"[vc_row][vc_column width=&#8221;2\/3&#8243;][vc_column_text] El Museo del F\u00fatbol busca mejorarse constante para acoger mejor a los mayores de 60 a\u00f1os. Las acciones del programa educativo Museo Amigo de [\u2026]\" \/>\n<meta property=\"og:url\" content=\"https:\/\/museudofutebol.org.br\/teste\/es\/museo-amigo-del-mayor\/\" \/>\n<meta property=\"og:site_name\" content=\"Museu do Futebol\" \/>\n<meta property=\"article:publisher\" content=\"https:\/\/www.facebook.com\/museudofutebol\" \/>\n<meta property=\"article:modified_time\" content=\"2023-03-24T18:00:24+00:00\" \/>\n<meta property=\"og:image\" content=\"https:\/\/museudofutebol.org.br\/teste\/wp-content\/uploads\/2020\/04\/vt_textura-1_960-300.jpg\" \/>\n\t<meta property=\"og:image:width\" content=\"960\" \/>\n\t<meta property=\"og:image:height\" content=\"300\" \/>\n\t<meta property=\"og:image:type\" content=\"image\/jpeg\" \/>\n<meta name=\"twitter:card\" content=\"summary_large_image\" \/>\n<meta name=\"twitter:site\" content=\"@museudofutebol\" \/>\n<meta name=\"twitter:label1\" content=\"Est. tempo de leitura\" \/>\n\t<meta name=\"twitter:data1\" content=\"3 minutos\" \/>\n<script type=\"application\/ld+json\" class=\"yoast-schema-graph\">{\"@context\":\"https:\/\/schema.org\",\"@graph\":[{\"@type\":\"WebPage\",\"@id\":\"https:\/\/museudofutebol.org.br\/teste\/es\/museo-amigo-del-mayor\/\",\"url\":\"https:\/\/museudofutebol.org.br\/teste\/es\/museo-amigo-del-mayor\/\",\"name\":\"Museo amigo del Mayor - Museu do Futebol\",\"isPartOf\":{\"@id\":\"https:\/\/museudofutebol.org.br\/teste\/#website\"},\"datePublished\":\"2020-12-07T18:13:30+00:00\",\"dateModified\":\"2023-03-24T18:00:24+00:00\",\"breadcrumb\":{\"@id\":\"https:\/\/museudofutebol.org.br\/teste\/es\/museo-amigo-del-mayor\/#breadcrumb\"},\"inLanguage\":\"pt-BR\",\"potentialAction\":[{\"@type\":\"ReadAction\",\"target\":[\"https:\/\/museudofutebol.org.br\/teste\/es\/museo-amigo-del-mayor\/\"]}]},{\"@type\":\"BreadcrumbList\",\"@id\":\"https:\/\/museudofutebol.org.br\/teste\/es\/museo-amigo-del-mayor\/#breadcrumb\",\"itemListElement\":[{\"@type\":\"ListItem\",\"position\":1,\"name\":\"In\u00edcio\",\"item\":\"https:\/\/museudofutebol.org.br\/teste\/\"},{\"@type\":\"ListItem\",\"position\":2,\"name\":\"Museo amigo del Mayor\"}]},{\"@type\":\"WebSite\",\"@id\":\"https:\/\/museudofutebol.org.br\/teste\/#website\",\"url\":\"https:\/\/museudofutebol.org.br\/teste\/\",\"name\":\"Museu do Futebol\",\"description\":\"\",\"potentialAction\":[{\"@type\":\"SearchAction\",\"target\":{\"@type\":\"EntryPoint\",\"urlTemplate\":\"https:\/\/museudofutebol.org.br\/teste\/?s={search_term_string}\"},\"query-input\":\"required name=search_term_string\"}],\"inLanguage\":\"pt-BR\"}]}<\/script>\n<!-- \/ Yoast SEO plugin. -->","yoast_head_json":{"title":"Museo amigo del Mayor - Museu do Futebol","robots":{"index":"index","follow":"follow","max-snippet":"max-snippet:-1","max-image-preview":"max-image-preview:large","max-video-preview":"max-video-preview:-1"},"canonical":"https:\/\/museudofutebol.org.br\/teste\/es\/museo-amigo-del-mayor\/","og_locale":"pt_BR","og_type":"article","og_title":"Museo amigo del Mayor - Museu do Futebol","og_description":"[vc_row][vc_column width=&#8221;2\/3&#8243;][vc_column_text] El Museo del F\u00fatbol busca mejorarse constante para acoger mejor a los mayores de 60 a\u00f1os. Las acciones del programa educativo Museo Amigo de [\u2026]","og_url":"https:\/\/museudofutebol.org.br\/teste\/es\/museo-amigo-del-mayor\/","og_site_name":"Museu do Futebol","article_publisher":"https:\/\/www.facebook.com\/museudofutebol","article_modified_time":"2023-03-24T18:00:24+00:00","og_image":[{"width":960,"height":300,"url":"https:\/\/museudofutebol.org.br\/teste\/wp-content\/uploads\/2020\/04\/vt_textura-1_960-300.jpg","type":"image\/jpeg"}],"twitter_card":"summary_large_image","twitter_site":"@museudofutebol","twitter_misc":{"Est. tempo de leitura":"3 minutos"},"schema":{"@context":"https:\/\/schema.org","@graph":[{"@type":"WebPage","@id":"https:\/\/museudofutebol.org.br\/teste\/es\/museo-amigo-del-mayor\/","url":"https:\/\/museudofutebol.org.br\/teste\/es\/museo-amigo-del-mayor\/","name":"Museo amigo del Mayor - Museu do Futebol","isPartOf":{"@id":"https:\/\/museudofutebol.org.br\/teste\/#website"},"datePublished":"2020-12-07T18:13:30+00:00","dateModified":"2023-03-24T18:00:24+00:00","breadcrumb":{"@id":"https:\/\/museudofutebol.org.br\/teste\/es\/museo-amigo-del-mayor\/#breadcrumb"},"inLanguage":"pt-BR","potentialAction":[{"@type":"ReadAction","target":["https:\/\/museudofutebol.org.br\/teste\/es\/museo-amigo-del-mayor\/"]}]},{"@type":"BreadcrumbList","@id":"https:\/\/museudofutebol.org.br\/teste\/es\/museo-amigo-del-mayor\/#breadcrumb","itemListElement":[{"@type":"ListItem","position":1,"name":"In\u00edcio","item":"https:\/\/museudofutebol.org.br\/teste\/"},{"@type":"ListItem","position":2,"name":"Museo amigo del Mayor"}]},{"@type":"WebSite","@id":"https:\/\/museudofutebol.org.br\/teste\/#website","url":"https:\/\/museudofutebol.org.br\/teste\/","name":"Museu do Futebol","description":"","potentialAction":[{"@type":"SearchAction","target":{"@type":"EntryPoint","urlTemplate":"https:\/\/museudofutebol.org.br\/teste\/?s={search_term_string}"},"query-input":"required name=search_term_string"}],"inLanguage":"pt-BR"}]}},"_links":{"self":[{"href":"https:\/\/museudofutebol.org.br\/teste\/wp-json\/wp\/v2\/pages\/2058"}],"collection":[{"href":"https:\/\/museudofutebol.org.br\/teste\/wp-json\/wp\/v2\/pages"}],"about":[{"href":"https:\/\/museudofutebol.org.br\/teste\/wp-json\/wp\/v2\/types\/page"}],"author":[{"embeddable":true,"href":"https:\/\/museudofutebol.org.br\/teste\/wp-json\/wp\/v2\/users\/13"}],"replies":[{"embeddable":true,"href":"https:\/\/museudofutebol.org.br\/teste\/wp-json\/wp\/v2\/comments?post=2058"}],"version-history":[{"count":11,"href":"https:\/\/museudofutebol.org.br\/teste\/wp-json\/wp\/v2\/pages\/2058\/revisions"}],"predecessor-version":[{"id":8773,"href":"https:\/\/museudofutebol.org.br\/teste\/wp-json\/wp\/v2\/pages\/2058\/revisions\/8773"}],"wp:featuredmedia":[{"embeddable":true,"href":"https:\/\/museudofutebol.org.br\/teste\/wp-json\/wp\/v2\/media\/2605"}],"wp:attachment":[{"href":"https:\/\/museudofutebol.org.br\/teste\/wp-json\/wp\/v2\/media?parent=2058"}],"curies":[{"name":"wp","href":"https:\/\/api.w.org\/{rel}","templated":true}]}}