{"id":2087,"date":"2020-12-07T16:45:11","date_gmt":"2020-12-07T19:45:11","guid":{"rendered":"https:\/\/museudofutebol.org.br\/teste\/?page_id=2087"},"modified":"2022-04-18T17:56:57","modified_gmt":"2022-04-18T20:56:57","slug":"programa-educativo","status":"publish","type":"page","link":"https:\/\/museudofutebol.org.br\/teste\/es\/programa-educativo\/","title":{"rendered":"Programa educativo"},"content":{"rendered":"<div class=\"wpb-content-wrapper\"><p>[vc_row][vc_column width=&#8221;2\/3&#8243;][vc_column_text]<img decoding=\"async\" loading=\"lazy\" class=\"alignnone wp-image-3107 size-large\" src=\"https:\/\/museudofutebol.org.br\/teste\/wp-content\/uploads\/2020\/09\/Educativo_Jos\u00e9-Mota2-1024x575.jpeg\" alt=\"Grupo de crian\u00e7as sentada no ch\u00e3o de uma sala cheia de fotos em preto e branco. Elas escutam um rapaz de colete vermelho, educador do museu, que tamb\u00e9m est\u00e1 sentado no ch\u00e3o. \" width=\"1024\" height=\"575\" srcset=\"https:\/\/museudofutebol.org.br\/teste\/wp-content\/uploads\/2020\/09\/Educativo_Jos\u00e9-Mota2-1024x575.jpeg 1024w, https:\/\/museudofutebol.org.br\/teste\/wp-content\/uploads\/2020\/09\/Educativo_Jos\u00e9-Mota2-300x169.jpeg 300w, https:\/\/museudofutebol.org.br\/teste\/wp-content\/uploads\/2020\/09\/Educativo_Jos\u00e9-Mota2-768x431.jpeg 768w, https:\/\/museudofutebol.org.br\/teste\/wp-content\/uploads\/2020\/09\/Educativo_Jos\u00e9-Mota2-260x146.jpeg 260w, https:\/\/museudofutebol.org.br\/teste\/wp-content\/uploads\/2020\/09\/Educativo_Jos\u00e9-Mota2-50x28.jpeg 50w, https:\/\/museudofutebol.org.br\/teste\/wp-content\/uploads\/2020\/09\/Educativo_Jos\u00e9-Mota2-134x75.jpeg 134w, https:\/\/museudofutebol.org.br\/teste\/wp-content\/uploads\/2020\/09\/Educativo_Jos\u00e9-Mota2-1200x675.jpeg 1200w, https:\/\/museudofutebol.org.br\/teste\/wp-content\/uploads\/2020\/09\/Educativo_Jos\u00e9-Mota2.jpeg 1280w\" sizes=\"(max-width:767px) 480px, (max-width:1024px) 100vw, 1024px\" \/><\/p>\n<p>El Programa Educativo del Museo del F\u00fatbol tiene como objetivo acoger y orientar los visitantes, aportando para la construcci\u00f3n de conocimientos, despertar sensibilidades y la inclusi\u00f3n de todos los p\u00fablicos.<\/p>\n<p>El equipo tiene profesionales con formaci\u00f3n multidisciplinaria que son responsables por la creaci\u00f3n y desarrollo de recursos l\u00fadico-pedag\u00f3gicos que buscan el di\u00e1logo con el p\u00fablico y la mediaci\u00f3n con el acervo del Museo del F\u00fatbol. Las actividades proponen reflexiones, despierta curiosidades, para tornar la experiencia del visitante \u00fanica y agradable.<\/p>\n<p>El N\u00facleo tambi\u00e9n es responsable de acciones de conciencia funcional y por proyectos de inclusi\u00f3n social.<\/p>\n<h4><strong>Visitas educativas <\/strong><\/h4>\n<p>El Programa Educativo realiza visitas marcadas con grupos escolares y de instituciones, de martes a viernes, y visitas espont\u00e1neas con p\u00fablico los s\u00e1bado y domingos.<\/p>\n<h4><strong>Contenido educativo <\/strong><\/h4>\n<p>Uno de los trabajos del N\u00facleo Educativo es el desarrollo de juegos exclusivos, para uso tanto en el espacio del Museo del F\u00fatbol como en internet. Tenemos <a href=\"http:\/\/www.museudofutebol.org.br\/teste\/educativo\">un sitio que re\u00fane este material<\/a> (en portugu\u00e9s).<\/p>\n<div>\n<h4><strong>\u00a0<\/strong><\/h4>\n<\/div>\n<div id=\"gtx-trans\" style=\"position: absolute; left: 160px; top: 818.25px;\">\n<div class=\"gtx-trans-icon\"><\/div>\n<\/div>\n<p>[\/vc_column_text][\/vc_column][vc_column width=&#8221;1\/3&#8243;][vc_wp_custommenu nav_menu=&#8221;92&#8243;][\/vc_column][\/vc_row]<\/p>\n<\/div>","protected":false},"excerpt":{"rendered":"<p>[vc_row][vc_column width=&#8221;2\/3&#8243;][vc_column_text] El Programa Educativo del Museo del F\u00fatbol tiene como objetivo acoger y orientar los visitantes, aportando para la construcci\u00f3n de conocimientos, despertar sensibilidades y<span class=\"excerpt-hellip\"> [\u2026]<\/span><\/p>\n","protected":false},"author":13,"featured_media":0,"parent":0,"menu_order":0,"comment_status":"closed","ping_status":"closed","template":"","meta":[],"acf":[],"yoast_head":"<!-- This site is optimized with the Yoast SEO plugin v20.8 - https:\/\/yoast.com\/wordpress\/plugins\/seo\/ -->\n<title>Programa educativo - Museu do Futebol<\/title>\n<meta name=\"robots\" content=\"index, follow, max-snippet:-1, max-image-preview:large, max-video-preview:-1\" \/>\n<link rel=\"canonical\" href=\"https:\/\/museudofutebol.org.br\/teste\/es\/programa-educativo\/\" \/>\n<meta property=\"og:locale\" content=\"pt_BR\" \/>\n<meta property=\"og:type\" content=\"article\" \/>\n<meta property=\"og:title\" content=\"Programa educativo - Museu do Futebol\" \/>\n<meta property=\"og:description\" content=\"[vc_row][vc_column width=&#8221;2\/3&#8243;][vc_column_text] El Programa Educativo del Museo del F\u00fatbol tiene como objetivo acoger y orientar los visitantes, aportando para la construcci\u00f3n de conocimientos, despertar sensibilidades y [\u2026]\" \/>\n<meta property=\"og:url\" content=\"https:\/\/museudofutebol.org.br\/teste\/es\/programa-educativo\/\" \/>\n<meta property=\"og:site_name\" content=\"Museu do Futebol\" \/>\n<meta property=\"article:publisher\" content=\"https:\/\/www.facebook.com\/museudofutebol\" \/>\n<meta property=\"article:modified_time\" content=\"2022-04-18T20:56:57+00:00\" \/>\n<meta name=\"twitter:card\" content=\"summary_large_image\" \/>\n<meta name=\"twitter:site\" content=\"@museudofutebol\" \/>\n<meta name=\"twitter:label1\" content=\"Est. tempo de leitura\" \/>\n\t<meta name=\"twitter:data1\" content=\"2 minutos\" \/>\n<script type=\"application\/ld+json\" class=\"yoast-schema-graph\">{\"@context\":\"https:\/\/schema.org\",\"@graph\":[{\"@type\":\"WebPage\",\"@id\":\"https:\/\/museudofutebol.org.br\/teste\/es\/programa-educativo\/\",\"url\":\"https:\/\/museudofutebol.org.br\/teste\/es\/programa-educativo\/\",\"name\":\"Programa educativo - Museu do Futebol\",\"isPartOf\":{\"@id\":\"https:\/\/museudofutebol.org.br\/teste\/#website\"},\"datePublished\":\"2020-12-07T19:45:11+00:00\",\"dateModified\":\"2022-04-18T20:56:57+00:00\",\"breadcrumb\":{\"@id\":\"https:\/\/museudofutebol.org.br\/teste\/es\/programa-educativo\/#breadcrumb\"},\"inLanguage\":\"pt-BR\",\"potentialAction\":[{\"@type\":\"ReadAction\",\"target\":[\"https:\/\/museudofutebol.org.br\/teste\/es\/programa-educativo\/\"]}]},{\"@type\":\"BreadcrumbList\",\"@id\":\"https:\/\/museudofutebol.org.br\/teste\/es\/programa-educativo\/#breadcrumb\",\"itemListElement\":[{\"@type\":\"ListItem\",\"position\":1,\"name\":\"In\u00edcio\",\"item\":\"https:\/\/museudofutebol.org.br\/teste\/\"},{\"@type\":\"ListItem\",\"position\":2,\"name\":\"Programa educativo\"}]},{\"@type\":\"WebSite\",\"@id\":\"https:\/\/museudofutebol.org.br\/teste\/#website\",\"url\":\"https:\/\/museudofutebol.org.br\/teste\/\",\"name\":\"Museu do Futebol\",\"description\":\"\",\"potentialAction\":[{\"@type\":\"SearchAction\",\"target\":{\"@type\":\"EntryPoint\",\"urlTemplate\":\"https:\/\/museudofutebol.org.br\/teste\/?s={search_term_string}\"},\"query-input\":\"required name=search_term_string\"}],\"inLanguage\":\"pt-BR\"}]}<\/script>\n<!-- \/ Yoast SEO plugin. -->","yoast_head_json":{"title":"Programa educativo - Museu do Futebol","robots":{"index":"index","follow":"follow","max-snippet":"max-snippet:-1","max-image-preview":"max-image-preview:large","max-video-preview":"max-video-preview:-1"},"canonical":"https:\/\/museudofutebol.org.br\/teste\/es\/programa-educativo\/","og_locale":"pt_BR","og_type":"article","og_title":"Programa educativo - Museu do Futebol","og_description":"[vc_row][vc_column width=&#8221;2\/3&#8243;][vc_column_text] El Programa Educativo del Museo del F\u00fatbol tiene como objetivo acoger y orientar los visitantes, aportando para la construcci\u00f3n de conocimientos, despertar sensibilidades y [\u2026]","og_url":"https:\/\/museudofutebol.org.br\/teste\/es\/programa-educativo\/","og_site_name":"Museu do Futebol","article_publisher":"https:\/\/www.facebook.com\/museudofutebol","article_modified_time":"2022-04-18T20:56:57+00:00","twitter_card":"summary_large_image","twitter_site":"@museudofutebol","twitter_misc":{"Est. tempo de leitura":"2 minutos"},"schema":{"@context":"https:\/\/schema.org","@graph":[{"@type":"WebPage","@id":"https:\/\/museudofutebol.org.br\/teste\/es\/programa-educativo\/","url":"https:\/\/museudofutebol.org.br\/teste\/es\/programa-educativo\/","name":"Programa educativo - Museu do Futebol","isPartOf":{"@id":"https:\/\/museudofutebol.org.br\/teste\/#website"},"datePublished":"2020-12-07T19:45:11+00:00","dateModified":"2022-04-18T20:56:57+00:00","breadcrumb":{"@id":"https:\/\/museudofutebol.org.br\/teste\/es\/programa-educativo\/#breadcrumb"},"inLanguage":"pt-BR","potentialAction":[{"@type":"ReadAction","target":["https:\/\/museudofutebol.org.br\/teste\/es\/programa-educativo\/"]}]},{"@type":"BreadcrumbList","@id":"https:\/\/museudofutebol.org.br\/teste\/es\/programa-educativo\/#breadcrumb","itemListElement":[{"@type":"ListItem","position":1,"name":"In\u00edcio","item":"https:\/\/museudofutebol.org.br\/teste\/"},{"@type":"ListItem","position":2,"name":"Programa educativo"}]},{"@type":"WebSite","@id":"https:\/\/museudofutebol.org.br\/teste\/#website","url":"https:\/\/museudofutebol.org.br\/teste\/","name":"Museu do Futebol","description":"","potentialAction":[{"@type":"SearchAction","target":{"@type":"EntryPoint","urlTemplate":"https:\/\/museudofutebol.org.br\/teste\/?s={search_term_string}"},"query-input":"required name=search_term_string"}],"inLanguage":"pt-BR"}]}},"_links":{"self":[{"href":"https:\/\/museudofutebol.org.br\/teste\/wp-json\/wp\/v2\/pages\/2087"}],"collection":[{"href":"https:\/\/museudofutebol.org.br\/teste\/wp-json\/wp\/v2\/pages"}],"about":[{"href":"https:\/\/museudofutebol.org.br\/teste\/wp-json\/wp\/v2\/types\/page"}],"author":[{"embeddable":true,"href":"https:\/\/museudofutebol.org.br\/teste\/wp-json\/wp\/v2\/users\/13"}],"replies":[{"embeddable":true,"href":"https:\/\/museudofutebol.org.br\/teste\/wp-json\/wp\/v2\/comments?post=2087"}],"version-history":[{"count":5,"href":"https:\/\/museudofutebol.org.br\/teste\/wp-json\/wp\/v2\/pages\/2087\/revisions"}],"predecessor-version":[{"id":5737,"href":"https:\/\/museudofutebol.org.br\/teste\/wp-json\/wp\/v2\/pages\/2087\/revisions\/5737"}],"wp:attachment":[{"href":"https:\/\/museudofutebol.org.br\/teste\/wp-json\/wp\/v2\/media?parent=2087"}],"curies":[{"name":"wp","href":"https:\/\/api.w.org\/{rel}","templated":true}]}}