{"id":2157,"date":"2020-12-18T15:35:37","date_gmt":"2020-12-18T18:35:37","guid":{"rendered":"https:\/\/museudofutebol.org.br\/teste\/?page_id=2157"},"modified":"2020-12-18T15:36:32","modified_gmt":"2020-12-18T18:36:32","slug":"pesquisa-e-documentacao","status":"publish","type":"page","link":"https:\/\/museudofutebol.org.br\/teste\/crfb\/pesquisa-e-documentacao\/","title":{"rendered":"Pesquisa e documenta\u00e7\u00e3o"},"content":{"rendered":"<div class=\"wpb-content-wrapper\"><p>[vc_row][vc_column width=&#8221;2\/3&#8243;][vc_column_text]A pesquisa do CRFB organiza-se por projetos pr\u00f3prios ou em parceria com universidades, centros de pesquisa ou pesquisadores individuais. Os projetos de pesquisa baseiam-se em duas linhas:<\/p>\n<p><strong>Mem\u00f3ria Viva<\/strong>, com o objetivo de criar s\u00e9ries de entrevistas gravadas em \u00e1udio e\/ou v\u00eddeo, que registrem o testemunho de pessoas sobre acontecimentos, conjunturas e pr\u00e1ticas relacionadas ao futebol ou outro tema que interesse, oportunamente, ao Museu do Futebol. Essa linha de pesquisa utiliza a metodologia de Hist\u00f3ria Oral.<\/p>\n<p><strong>Na Rede<\/strong>, com o objetivo de identificar, sobretudo a partir de pesquisa de campo, locais, personagens, cole\u00e7\u00f5es, eventos e pr\u00e1ticas relacionadas ao futebol contempor\u00e2neo. Essa linha de pesquisa utiliza prioritariamente, mas n\u00e3o exclusivamente, a Etnografia como m\u00e9todo.[\/vc_column_text][\/vc_column][vc_column width=&#8221;1\/3&#8243;][vc_wp_custommenu nav_menu=&#8221;23&#8243;][\/vc_column][\/vc_row]<\/p>\n<\/div>","protected":false},"excerpt":{"rendered":"<p>[vc_row][vc_column width=&#8221;2\/3&#8243;][vc_column_text]A pesquisa do CRFB organiza-se por projetos pr\u00f3prios ou em parceria com universidades, centros de pesquisa ou pesquisadores individuais. Os projetos de pesquisa baseiam-se em<span class=\"excerpt-hellip\"> [\u2026]<\/span><\/p>\n","protected":false},"author":13,"featured_media":2109,"parent":57,"menu_order":0,"comment_status":"closed","ping_status":"closed","template":"","meta":[],"acf":[],"yoast_head":"<!-- This site is optimized with the Yoast SEO plugin v20.8 - https:\/\/yoast.com\/wordpress\/plugins\/seo\/ -->\n<title>Pesquisa e documenta\u00e7\u00e3o - Museu do Futebol<\/title>\n<meta name=\"robots\" content=\"index, follow, max-snippet:-1, max-image-preview:large, max-video-preview:-1\" \/>\n<link rel=\"canonical\" href=\"https:\/\/museudofutebol.org.br\/teste\/crfb\/pesquisa-e-documentacao\/\" \/>\n<meta property=\"og:locale\" content=\"pt_BR\" \/>\n<meta property=\"og:type\" content=\"article\" \/>\n<meta property=\"og:title\" content=\"Pesquisa e documenta\u00e7\u00e3o - Museu do Futebol\" \/>\n<meta property=\"og:description\" content=\"[vc_row][vc_column width=&#8221;2\/3&#8243;][vc_column_text]A pesquisa do CRFB organiza-se por projetos pr\u00f3prios ou em parceria com universidades, centros de pesquisa ou pesquisadores individuais. Os projetos de pesquisa baseiam-se em [\u2026]\" \/>\n<meta property=\"og:url\" content=\"https:\/\/museudofutebol.org.br\/teste\/crfb\/pesquisa-e-documentacao\/\" \/>\n<meta property=\"og:site_name\" content=\"Museu do Futebol\" \/>\n<meta property=\"article:publisher\" content=\"https:\/\/www.facebook.com\/museudofutebol\" \/>\n<meta property=\"article:modified_time\" content=\"2020-12-18T18:36:32+00:00\" \/>\n<meta property=\"og:image\" content=\"https:\/\/museudofutebol.org.br\/teste\/wp-content\/uploads\/2020\/12\/destaque_pesquisa.jpg\" \/>\n\t<meta property=\"og:image:width\" content=\"640\" \/>\n\t<meta property=\"og:image:height\" content=\"360\" \/>\n\t<meta property=\"og:image:type\" content=\"image\/jpeg\" \/>\n<meta name=\"twitter:card\" content=\"summary_large_image\" \/>\n<meta name=\"twitter:site\" content=\"@museudofutebol\" \/>\n<meta name=\"twitter:label1\" content=\"Est. tempo de leitura\" \/>\n\t<meta name=\"twitter:data1\" content=\"1 minuto\" \/>\n<script type=\"application\/ld+json\" class=\"yoast-schema-graph\">{\"@context\":\"https:\/\/schema.org\",\"@graph\":[{\"@type\":\"WebPage\",\"@id\":\"https:\/\/museudofutebol.org.br\/teste\/crfb\/pesquisa-e-documentacao\/\",\"url\":\"https:\/\/museudofutebol.org.br\/teste\/crfb\/pesquisa-e-documentacao\/\",\"name\":\"Pesquisa e documenta\u00e7\u00e3o - Museu do Futebol\",\"isPartOf\":{\"@id\":\"https:\/\/museudofutebol.org.br\/teste\/#website\"},\"datePublished\":\"2020-12-18T18:35:37+00:00\",\"dateModified\":\"2020-12-18T18:36:32+00:00\",\"breadcrumb\":{\"@id\":\"https:\/\/museudofutebol.org.br\/teste\/crfb\/pesquisa-e-documentacao\/#breadcrumb\"},\"inLanguage\":\"pt-BR\",\"potentialAction\":[{\"@type\":\"ReadAction\",\"target\":[\"https:\/\/museudofutebol.org.br\/teste\/crfb\/pesquisa-e-documentacao\/\"]}]},{\"@type\":\"BreadcrumbList\",\"@id\":\"https:\/\/museudofutebol.org.br\/teste\/crfb\/pesquisa-e-documentacao\/#breadcrumb\",\"itemListElement\":[{\"@type\":\"ListItem\",\"position\":1,\"name\":\"In\u00edcio\",\"item\":\"https:\/\/museudofutebol.org.br\/teste\/\"},{\"@type\":\"ListItem\",\"position\":2,\"name\":\"Sobre o CRFB\",\"item\":\"https:\/\/museudofutebol.org.br\/teste\/crfb\/\"},{\"@type\":\"ListItem\",\"position\":3,\"name\":\"Pesquisa e documenta\u00e7\u00e3o\"}]},{\"@type\":\"WebSite\",\"@id\":\"https:\/\/museudofutebol.org.br\/teste\/#website\",\"url\":\"https:\/\/museudofutebol.org.br\/teste\/\",\"name\":\"Museu do Futebol\",\"description\":\"\",\"potentialAction\":[{\"@type\":\"SearchAction\",\"target\":{\"@type\":\"EntryPoint\",\"urlTemplate\":\"https:\/\/museudofutebol.org.br\/teste\/?s={search_term_string}\"},\"query-input\":\"required name=search_term_string\"}],\"inLanguage\":\"pt-BR\"}]}<\/script>\n<!-- \/ Yoast SEO plugin. -->","yoast_head_json":{"title":"Pesquisa e documenta\u00e7\u00e3o - Museu do Futebol","robots":{"index":"index","follow":"follow","max-snippet":"max-snippet:-1","max-image-preview":"max-image-preview:large","max-video-preview":"max-video-preview:-1"},"canonical":"https:\/\/museudofutebol.org.br\/teste\/crfb\/pesquisa-e-documentacao\/","og_locale":"pt_BR","og_type":"article","og_title":"Pesquisa e documenta\u00e7\u00e3o - Museu do Futebol","og_description":"[vc_row][vc_column width=&#8221;2\/3&#8243;][vc_column_text]A pesquisa do CRFB organiza-se por projetos pr\u00f3prios ou em parceria com universidades, centros de pesquisa ou pesquisadores individuais. Os projetos de pesquisa baseiam-se em [\u2026]","og_url":"https:\/\/museudofutebol.org.br\/teste\/crfb\/pesquisa-e-documentacao\/","og_site_name":"Museu do Futebol","article_publisher":"https:\/\/www.facebook.com\/museudofutebol","article_modified_time":"2020-12-18T18:36:32+00:00","og_image":[{"width":640,"height":360,"url":"https:\/\/museudofutebol.org.br\/teste\/wp-content\/uploads\/2020\/12\/destaque_pesquisa.jpg","type":"image\/jpeg"}],"twitter_card":"summary_large_image","twitter_site":"@museudofutebol","twitter_misc":{"Est. tempo de leitura":"1 minuto"},"schema":{"@context":"https:\/\/schema.org","@graph":[{"@type":"WebPage","@id":"https:\/\/museudofutebol.org.br\/teste\/crfb\/pesquisa-e-documentacao\/","url":"https:\/\/museudofutebol.org.br\/teste\/crfb\/pesquisa-e-documentacao\/","name":"Pesquisa e documenta\u00e7\u00e3o - Museu do Futebol","isPartOf":{"@id":"https:\/\/museudofutebol.org.br\/teste\/#website"},"datePublished":"2020-12-18T18:35:37+00:00","dateModified":"2020-12-18T18:36:32+00:00","breadcrumb":{"@id":"https:\/\/museudofutebol.org.br\/teste\/crfb\/pesquisa-e-documentacao\/#breadcrumb"},"inLanguage":"pt-BR","potentialAction":[{"@type":"ReadAction","target":["https:\/\/museudofutebol.org.br\/teste\/crfb\/pesquisa-e-documentacao\/"]}]},{"@type":"BreadcrumbList","@id":"https:\/\/museudofutebol.org.br\/teste\/crfb\/pesquisa-e-documentacao\/#breadcrumb","itemListElement":[{"@type":"ListItem","position":1,"name":"In\u00edcio","item":"https:\/\/museudofutebol.org.br\/teste\/"},{"@type":"ListItem","position":2,"name":"Sobre o CRFB","item":"https:\/\/museudofutebol.org.br\/teste\/crfb\/"},{"@type":"ListItem","position":3,"name":"Pesquisa e documenta\u00e7\u00e3o"}]},{"@type":"WebSite","@id":"https:\/\/museudofutebol.org.br\/teste\/#website","url":"https:\/\/museudofutebol.org.br\/teste\/","name":"Museu do Futebol","description":"","potentialAction":[{"@type":"SearchAction","target":{"@type":"EntryPoint","urlTemplate":"https:\/\/museudofutebol.org.br\/teste\/?s={search_term_string}"},"query-input":"required name=search_term_string"}],"inLanguage":"pt-BR"}]}},"_links":{"self":[{"href":"https:\/\/museudofutebol.org.br\/teste\/wp-json\/wp\/v2\/pages\/2157"}],"collection":[{"href":"https:\/\/museudofutebol.org.br\/teste\/wp-json\/wp\/v2\/pages"}],"about":[{"href":"https:\/\/museudofutebol.org.br\/teste\/wp-json\/wp\/v2\/types\/page"}],"author":[{"embeddable":true,"href":"https:\/\/museudofutebol.org.br\/teste\/wp-json\/wp\/v2\/users\/13"}],"replies":[{"embeddable":true,"href":"https:\/\/museudofutebol.org.br\/teste\/wp-json\/wp\/v2\/comments?post=2157"}],"version-history":[{"count":1,"href":"https:\/\/museudofutebol.org.br\/teste\/wp-json\/wp\/v2\/pages\/2157\/revisions"}],"predecessor-version":[{"id":2186,"href":"https:\/\/museudofutebol.org.br\/teste\/wp-json\/wp\/v2\/pages\/2157\/revisions\/2186"}],"up":[{"embeddable":true,"href":"https:\/\/museudofutebol.org.br\/teste\/wp-json\/wp\/v2\/pages\/57"}],"wp:featuredmedia":[{"embeddable":true,"href":"https:\/\/museudofutebol.org.br\/teste\/wp-json\/wp\/v2\/media\/2109"}],"wp:attachment":[{"href":"https:\/\/museudofutebol.org.br\/teste\/wp-json\/wp\/v2\/media?parent=2157"}],"curies":[{"name":"wp","href":"https:\/\/api.w.org\/{rel}","templated":true}]}}