{"id":4061,"date":"2021-06-17T17:57:57","date_gmt":"2021-06-17T20:57:57","guid":{"rendered":"https:\/\/museudofutebol.org.br\/teste\/?page_id=4061"},"modified":"2021-06-17T17:57:57","modified_gmt":"2021-06-17T20:57:57","slug":"diogo-silva-2","status":"publish","type":"page","link":"https:\/\/museudofutebol.org.br\/teste\/en\/diogo-silva-2\/","title":{"rendered":"Diogo Silva"},"content":{"rendered":"<div class=\"wpb-content-wrapper\"><p>[vc_row][vc_column][vc_column_text]<span style=\"font-weight: 400;\"><img decoding=\"async\" loading=\"lazy\" class=\"alignnone size-medium wp-image-4052\" src=\"https:\/\/museudofutebol.org.br\/teste\/wp-content\/uploads\/2021\/06\/mdf_0004_tdr_imagem_site_1024-x-704_Diogo_ls-640x440.jpg\" alt=\"Diogo Silva, um homem negro com cabelo preso atr\u00e1s da cabe\u00e7a e cavanhaque, fotografado de lado, em preto e branco. Sobre a foto h\u00e1 o desenho de uma grande interroga\u00e7\u00e3o preta e amarela.\" width=\"640\" height=\"440\" srcset=\"https:\/\/museudofutebol.org.br\/teste\/wp-content\/uploads\/2021\/06\/mdf_0004_tdr_imagem_site_1024-x-704_Diogo_ls-640x440.jpg 640w, https:\/\/museudofutebol.org.br\/teste\/wp-content\/uploads\/2021\/06\/mdf_0004_tdr_imagem_site_1024-x-704_Diogo_ls-768x528.jpg 768w, https:\/\/museudofutebol.org.br\/teste\/wp-content\/uploads\/2021\/06\/mdf_0004_tdr_imagem_site_1024-x-704_Diogo_ls-212x146.jpg 212w, https:\/\/museudofutebol.org.br\/teste\/wp-content\/uploads\/2021\/06\/mdf_0004_tdr_imagem_site_1024-x-704_Diogo_ls-50x34.jpg 50w, https:\/\/museudofutebol.org.br\/teste\/wp-content\/uploads\/2021\/06\/mdf_0004_tdr_imagem_site_1024-x-704_Diogo_ls-109x75.jpg 109w, https:\/\/museudofutebol.org.br\/teste\/wp-content\/uploads\/2021\/06\/mdf_0004_tdr_imagem_site_1024-x-704_Diogo_ls.jpg 1024w\" sizes=\"(max-width:767px) 480px, 640px\" \/><\/span><\/p>\n<p>The year 2020 was a milestone in the fight against racism in sports, big stars like the British Lewis Hamilton of Formula 1, the Japanese-Haitian Naomi Osaka of tennis and the NBA star, the American LeBron James rose in one voice and they used their success figures to expose and demand from sports organizations measures to fight racism.<\/p>\n<p>The Black Lives Matter movement, popular pressure and the exposure of athletes achieved an unprecedented feat.\u00a0 The International Olympic Committee (IOC) for the first time, requested an international survey to find the opinion of athletes around the world on rule number 50 of the Olympic Charter. The Olympic Charter is a regulatory framework for the Olympic movement, and rule number 50 prohibits any kind of racial, political and religious expression, as well as any kind of expression of hatred in the sports scope.<\/p>\n<p>The revision and flexibilization of rule number 50, created in the 1940s, comes to put an end, or at least create a zone of dialogue to stop punishing athletes who stand in favor of human rights. The United States Olympic Committee went public to apologize and reverse all punishments that prevented American athletes from pursuing their careers for defending with clenched fists or for kneeling during the anthem for the right to life.<\/p>\n<p>In Brazil, the largest representative of Olympic sport, the Brazilian Olympic Committee (COB) developed an educational program entitled Anti-Racist Sports, which had the mentorship of writer and philosopher Djamila Ribeiro and law professor Tiago Vin\u00edcius Andr\u00e9 dos Santos, to guide athletes, coaches and managers about racism in Brazil. And, also, an ombudsman to receive reports of racism without exposing the victim.<\/p>\n<p>All these initiatives mark this moment and foster a more respectful, safe and anti-racist environment in sports.<\/p>\n<h3>THE 100TH BIRTHDAY OF <strong>GOALKEEPER BARBOSA<\/strong> IS A <strong>REPARATORY MILESTONE<\/strong>, SYMBOLIC IN THE CHRONOLOGY OF A <strong>VICTORIOUS HIGH-PERFORMANCE ATHLETE<\/strong>, WHO DEFENDED THE BRAZILIAN NATIONAL TEAM AS A <strong>FIRST-STRING<\/strong>, THE <strong>NUMBER 1<\/strong>, IN THE TRUSTED POSITION AT THE <strong>GOALPOSTS<\/strong>.<\/h3>\n<p>Even in black and white, we could see his shining smile and the courage of the one who took on the responsibility of defending and protecting an entire team. Even so, Barbosa became helpless under the contemptuous looks toward him. And he did not hear, in the silence of the sadness of the goal allowed, a single voice of motivation, respect or comfort.<\/p>\n<p>The black cat became a symbol of bad luck and suspicion.<\/p>\n<p>Suspicion is the shadow that, in the light of racism, orbited from generation to generation until the breaking of silence.<\/p>\n<p>It took decades to turn the image of failure into success and offer living-color recognition to the story that made a star become invisible.<\/p>\n<p>Even if it wasn&#8217;t the voice from his own mouth that narrated his memories, other sounds that echo through the universe would give it life. The new Barbosas will no longer fear the gloves that imprisoned them and will feel proud of their legacy.<\/p>\n<p><strong>Diogo Silva<\/strong><br \/>\nOlympic medalist in Taekwondo and member of the Athletes Board of the Brazilian Olympic Committee<\/p>\n<p>[\/vc_column_text][\/vc_column][\/vc_row]<\/p>\n<\/div>","protected":false},"excerpt":{"rendered":"<p>[vc_row][vc_column][vc_column_text] The year 2020 was a milestone in the fight against racism in sports, big stars like the British Lewis Hamilton of Formula 1, the Japanese-Haitian<span class=\"excerpt-hellip\"> [\u2026]<\/span><\/p>\n","protected":false},"author":13,"featured_media":4052,"parent":0,"menu_order":0,"comment_status":"closed","ping_status":"closed","template":"","meta":[],"acf":[],"yoast_head":"<!-- This site is optimized with the Yoast SEO plugin v20.8 - https:\/\/yoast.com\/wordpress\/plugins\/seo\/ -->\n<title>Diogo Silva - Museu do Futebol<\/title>\n<meta name=\"robots\" content=\"index, follow, max-snippet:-1, max-image-preview:large, max-video-preview:-1\" \/>\n<link rel=\"canonical\" href=\"https:\/\/museudofutebol.org.br\/teste\/en\/diogo-silva-2\/\" \/>\n<meta property=\"og:locale\" content=\"pt_BR\" \/>\n<meta property=\"og:type\" content=\"article\" \/>\n<meta property=\"og:title\" content=\"Diogo Silva - Museu do Futebol\" \/>\n<meta property=\"og:description\" content=\"[vc_row][vc_column][vc_column_text] The year 2020 was a milestone in the fight against racism in sports, big stars like the British Lewis Hamilton of Formula 1, the Japanese-Haitian [\u2026]\" \/>\n<meta property=\"og:url\" content=\"https:\/\/museudofutebol.org.br\/teste\/en\/diogo-silva-2\/\" \/>\n<meta property=\"og:site_name\" content=\"Museu do Futebol\" \/>\n<meta property=\"article:publisher\" content=\"https:\/\/www.facebook.com\/museudofutebol\" \/>\n<meta property=\"og:image\" content=\"https:\/\/museudofutebol.org.br\/teste\/wp-content\/uploads\/2021\/06\/mdf_0004_tdr_imagem_site_1024-x-704_Diogo_ls.jpg\" \/>\n\t<meta property=\"og:image:width\" content=\"1024\" \/>\n\t<meta property=\"og:image:height\" content=\"704\" \/>\n\t<meta property=\"og:image:type\" content=\"image\/jpeg\" \/>\n<meta name=\"twitter:card\" content=\"summary_large_image\" \/>\n<meta name=\"twitter:site\" content=\"@museudofutebol\" \/>\n<meta name=\"twitter:label1\" content=\"Est. tempo de leitura\" \/>\n\t<meta name=\"twitter:data1\" content=\"3 minutos\" \/>\n<script type=\"application\/ld+json\" class=\"yoast-schema-graph\">{\"@context\":\"https:\/\/schema.org\",\"@graph\":[{\"@type\":\"WebPage\",\"@id\":\"https:\/\/museudofutebol.org.br\/teste\/en\/diogo-silva-2\/\",\"url\":\"https:\/\/museudofutebol.org.br\/teste\/en\/diogo-silva-2\/\",\"name\":\"Diogo Silva - Museu do Futebol\",\"isPartOf\":{\"@id\":\"https:\/\/museudofutebol.org.br\/teste\/#website\"},\"datePublished\":\"2021-06-17T20:57:57+00:00\",\"dateModified\":\"2021-06-17T20:57:57+00:00\",\"breadcrumb\":{\"@id\":\"https:\/\/museudofutebol.org.br\/teste\/en\/diogo-silva-2\/#breadcrumb\"},\"inLanguage\":\"pt-BR\",\"potentialAction\":[{\"@type\":\"ReadAction\",\"target\":[\"https:\/\/museudofutebol.org.br\/teste\/en\/diogo-silva-2\/\"]}]},{\"@type\":\"BreadcrumbList\",\"@id\":\"https:\/\/museudofutebol.org.br\/teste\/en\/diogo-silva-2\/#breadcrumb\",\"itemListElement\":[{\"@type\":\"ListItem\",\"position\":1,\"name\":\"In\u00edcio\",\"item\":\"https:\/\/museudofutebol.org.br\/teste\/\"},{\"@type\":\"ListItem\",\"position\":2,\"name\":\"Diogo Silva\"}]},{\"@type\":\"WebSite\",\"@id\":\"https:\/\/museudofutebol.org.br\/teste\/#website\",\"url\":\"https:\/\/museudofutebol.org.br\/teste\/\",\"name\":\"Museu do Futebol\",\"description\":\"\",\"potentialAction\":[{\"@type\":\"SearchAction\",\"target\":{\"@type\":\"EntryPoint\",\"urlTemplate\":\"https:\/\/museudofutebol.org.br\/teste\/?s={search_term_string}\"},\"query-input\":\"required name=search_term_string\"}],\"inLanguage\":\"pt-BR\"}]}<\/script>\n<!-- \/ Yoast SEO plugin. -->","yoast_head_json":{"title":"Diogo Silva - Museu do Futebol","robots":{"index":"index","follow":"follow","max-snippet":"max-snippet:-1","max-image-preview":"max-image-preview:large","max-video-preview":"max-video-preview:-1"},"canonical":"https:\/\/museudofutebol.org.br\/teste\/en\/diogo-silva-2\/","og_locale":"pt_BR","og_type":"article","og_title":"Diogo Silva - Museu do Futebol","og_description":"[vc_row][vc_column][vc_column_text] The year 2020 was a milestone in the fight against racism in sports, big stars like the British Lewis Hamilton of Formula 1, the Japanese-Haitian [\u2026]","og_url":"https:\/\/museudofutebol.org.br\/teste\/en\/diogo-silva-2\/","og_site_name":"Museu do Futebol","article_publisher":"https:\/\/www.facebook.com\/museudofutebol","og_image":[{"width":1024,"height":704,"url":"https:\/\/museudofutebol.org.br\/teste\/wp-content\/uploads\/2021\/06\/mdf_0004_tdr_imagem_site_1024-x-704_Diogo_ls.jpg","type":"image\/jpeg"}],"twitter_card":"summary_large_image","twitter_site":"@museudofutebol","twitter_misc":{"Est. tempo de leitura":"3 minutos"},"schema":{"@context":"https:\/\/schema.org","@graph":[{"@type":"WebPage","@id":"https:\/\/museudofutebol.org.br\/teste\/en\/diogo-silva-2\/","url":"https:\/\/museudofutebol.org.br\/teste\/en\/diogo-silva-2\/","name":"Diogo Silva - Museu do Futebol","isPartOf":{"@id":"https:\/\/museudofutebol.org.br\/teste\/#website"},"datePublished":"2021-06-17T20:57:57+00:00","dateModified":"2021-06-17T20:57:57+00:00","breadcrumb":{"@id":"https:\/\/museudofutebol.org.br\/teste\/en\/diogo-silva-2\/#breadcrumb"},"inLanguage":"pt-BR","potentialAction":[{"@type":"ReadAction","target":["https:\/\/museudofutebol.org.br\/teste\/en\/diogo-silva-2\/"]}]},{"@type":"BreadcrumbList","@id":"https:\/\/museudofutebol.org.br\/teste\/en\/diogo-silva-2\/#breadcrumb","itemListElement":[{"@type":"ListItem","position":1,"name":"In\u00edcio","item":"https:\/\/museudofutebol.org.br\/teste\/"},{"@type":"ListItem","position":2,"name":"Diogo Silva"}]},{"@type":"WebSite","@id":"https:\/\/museudofutebol.org.br\/teste\/#website","url":"https:\/\/museudofutebol.org.br\/teste\/","name":"Museu do Futebol","description":"","potentialAction":[{"@type":"SearchAction","target":{"@type":"EntryPoint","urlTemplate":"https:\/\/museudofutebol.org.br\/teste\/?s={search_term_string}"},"query-input":"required name=search_term_string"}],"inLanguage":"pt-BR"}]}},"_links":{"self":[{"href":"https:\/\/museudofutebol.org.br\/teste\/wp-json\/wp\/v2\/pages\/4061"}],"collection":[{"href":"https:\/\/museudofutebol.org.br\/teste\/wp-json\/wp\/v2\/pages"}],"about":[{"href":"https:\/\/museudofutebol.org.br\/teste\/wp-json\/wp\/v2\/types\/page"}],"author":[{"embeddable":true,"href":"https:\/\/museudofutebol.org.br\/teste\/wp-json\/wp\/v2\/users\/13"}],"replies":[{"embeddable":true,"href":"https:\/\/museudofutebol.org.br\/teste\/wp-json\/wp\/v2\/comments?post=4061"}],"version-history":[{"count":1,"href":"https:\/\/museudofutebol.org.br\/teste\/wp-json\/wp\/v2\/pages\/4061\/revisions"}],"predecessor-version":[{"id":4063,"href":"https:\/\/museudofutebol.org.br\/teste\/wp-json\/wp\/v2\/pages\/4061\/revisions\/4063"}],"wp:featuredmedia":[{"embeddable":true,"href":"https:\/\/museudofutebol.org.br\/teste\/wp-json\/wp\/v2\/media\/4052"}],"wp:attachment":[{"href":"https:\/\/museudofutebol.org.br\/teste\/wp-json\/wp\/v2\/media?parent=4061"}],"curies":[{"name":"wp","href":"https:\/\/api.w.org\/{rel}","templated":true}]}}