{"id":4062,"date":"2021-06-17T18:23:50","date_gmt":"2021-06-17T21:23:50","guid":{"rendered":"https:\/\/museudofutebol.org.br\/teste\/?page_id=4062"},"modified":"2021-06-17T18:23:50","modified_gmt":"2021-06-17T21:23:50","slug":"diogo-silva-3","status":"publish","type":"page","link":"https:\/\/museudofutebol.org.br\/teste\/es\/diogo-silva-3\/","title":{"rendered":"Diogo Silva"},"content":{"rendered":"<div class=\"wpb-content-wrapper\"><p>[vc_row][vc_column][vc_column_text]<span style=\"font-weight: 400;\"><img decoding=\"async\" loading=\"lazy\" class=\"alignnone size-medium wp-image-4052\" src=\"https:\/\/museudofutebol.org.br\/teste\/wp-content\/uploads\/2021\/06\/mdf_0004_tdr_imagem_site_1024-x-704_Diogo_ls-640x440.jpg\" alt=\"Diogo Silva, um homem negro com cabelo preso atr\u00e1s da cabe\u00e7a e cavanhaque, fotografado de lado, em preto e branco. Sobre a foto h\u00e1 o desenho de uma grande interroga\u00e7\u00e3o preta e amarela.\" width=\"640\" height=\"440\" srcset=\"https:\/\/museudofutebol.org.br\/teste\/wp-content\/uploads\/2021\/06\/mdf_0004_tdr_imagem_site_1024-x-704_Diogo_ls-640x440.jpg 640w, https:\/\/museudofutebol.org.br\/teste\/wp-content\/uploads\/2021\/06\/mdf_0004_tdr_imagem_site_1024-x-704_Diogo_ls-768x528.jpg 768w, https:\/\/museudofutebol.org.br\/teste\/wp-content\/uploads\/2021\/06\/mdf_0004_tdr_imagem_site_1024-x-704_Diogo_ls-212x146.jpg 212w, https:\/\/museudofutebol.org.br\/teste\/wp-content\/uploads\/2021\/06\/mdf_0004_tdr_imagem_site_1024-x-704_Diogo_ls-50x34.jpg 50w, https:\/\/museudofutebol.org.br\/teste\/wp-content\/uploads\/2021\/06\/mdf_0004_tdr_imagem_site_1024-x-704_Diogo_ls-109x75.jpg 109w, https:\/\/museudofutebol.org.br\/teste\/wp-content\/uploads\/2021\/06\/mdf_0004_tdr_imagem_site_1024-x-704_Diogo_ls.jpg 1024w\" sizes=\"(max-width:767px) 480px, 640px\" \/><\/span><\/p>\n<p>El a\u00f1o de 2020 fuel marco del combate al racismo en el deporte, grandes estrellas como el brit\u00e1nico Lewis Hamilton de la F\u00f3rmula 1, la nipo-haitiana Naomi Osaka del tenis y el astro de la NBA, el norteamericano LeBron James se irguieron en una sola voz y utilizaron sus im\u00e1genes de \u00e9xito para exponer y reclamar de las organizaciones deportivas medidas de combate y enfrentamiento al racismo.<\/p>\n<p>El movimiento Vidas Negras Importan, la presi\u00f3n popular y la exposici\u00f3n de los atletas consiguieron un hecho in\u00e9dito.\u00a0\u00a0 El Comit\u00e9 Ol\u00edmpico Internacional (COI) por la primera vez solicit\u00f3 una pesquisa internacional para saber la opini\u00f3n de atletas de todo el mundo sobre la regla 50 de la carta ol\u00edmpica.\u00a0 La Carta Ol\u00edmpica es un marco regulador del movimiento ol\u00edmpico, y la norma 50 proh\u00edbe cualquier tipo de manifestaci\u00f3n racial, pol\u00edtica y religiosa, as\u00ed como cualquier tipo de discurso de odio en el \u00e1mbito deportivo.<\/p>\n<p>La revisi\u00f3n y flexibilizaci\u00f3n de la carta 50, creada en la d\u00e9cada del 40, vino para poner fin o al menos crear una zona de di\u00e1logo para no m\u00e1s punir atletas que se manifiestan a favor de los derechos humanos.\u00a0 El Comit\u00e9 Ol\u00edmpico de los Estados Unidos vino a p\u00fablico a pedir disculpas y revertir todos los castigos que imped\u00edan a atletas norteamericanos de seguir sus carreras por defender con pu\u00f1os en cerrados o arrodillados durante el himno el derecho a la vida.<\/p>\n<p>En Brasil, la mayor representante del deporte ol\u00edmpico, el Comit\u00e9 Ol\u00edmpico de Brasil (COB) desarroll\u00f3 un programa educacional titulado Deporte Antirracista, que cont\u00f3 con la mentor\u00eda de la escritora y fil\u00f3sofa Djamila Ribeiro y del profesor de derecho Tiago Vin\u00edcius Andr\u00e9 dos Santos, para orientar atletas, t\u00e9cnicos y gestores sobre el racismo en Brasil.\u00a0 Y, adem\u00e1s, una defensor\u00eda para recibir denuncias de racismo sin exponer a la v\u00edctima.<\/p>\n<p>Todas estas iniciativas marcan ese momento y proyectan en el deporte un ambiente m\u00e1s respetuoso, seguro y antirracista.<\/p>\n<h3>EL CENTENARIO DEL PORTERO <strong>BARBOSA<\/strong> ES UN <strong>MARCO REPARATORIO<\/strong>, SIMB\u00d3LICO EN LA CRONOLOG\u00cdA DE UN ATLETA DE <strong>ALTO DESEMPE\u00d1O<\/strong>, <strong>VICTORIOSO<\/strong>, QUE DEFENDI\u00d3 LA SELECCI\u00d3N BRASILE\u00d1A COMO TITULAR, <strong>EL N\u00daMERO 1<\/strong> EN LA POSICI\u00d3N DE CONFIANZA, <strong>ENTRE LOS PALOS<\/strong>.<\/h3>\n<p>Aun en blanco y negro, podemos ver el brillo en su sonrisa y el coraje de aquel que asumi\u00f3 la responsabilidad de defender y proteger a todo un equipo. Aun as\u00ed, Barbosa se torn\u00f3 indefenso, entre las miradas que lo juzgaron. Y no oy\u00f3, en el silencio de la tristeza del gol sufrido una sola voz de motivaci\u00f3n, respeto y consuelo.<\/p>\n<p>El negro gato se transform\u00f3 en s\u00edmbolo de mala fortuna, mala suerte y desconfianza.<\/p>\n<p>La desconfianza es la sombra que, en la luz del racismo, orbit\u00f3 de generaci\u00f3n en generaci\u00f3n hasta romper el silencio<\/p>\n<p>Tom\u00f3 d\u00e9cadas para revertir la imagen de fracaso en \u00e9xito y ofrecer el reconocimiento a colores a la historia que lo volvi\u00f3 invisible.<\/p>\n<p>Y a\u00fan que sea la voz de la propia boca que narrara sus memorias, otros sonidos que hacen eco por el universo le dar\u00edan vida. Los nuevos Barbosas que no m\u00e1s temer\u00e1n los guantes que lo aprisionaron y sentir\u00e1n orgullo de su legado<\/p>\n<p>&nbsp;<\/p>\n<p><strong>Diogo Silva<br \/>\n<\/strong>Medallista ol\u00edmpico en Tae-kwon-do y Miembro de la Comisi\u00f3n de los Atletas del Comit\u00e9 Ol\u00edmpico.<\/p>\n<p>[\/vc_column_text][\/vc_column][\/vc_row]<\/p>\n<\/div>","protected":false},"excerpt":{"rendered":"<p>[vc_row][vc_column][vc_column_text] El a\u00f1o de 2020 fuel marco del combate al racismo en el deporte, grandes estrellas como el brit\u00e1nico Lewis Hamilton de la F\u00f3rmula 1, la<span class=\"excerpt-hellip\"> [\u2026]<\/span><\/p>\n","protected":false},"author":13,"featured_media":4052,"parent":0,"menu_order":0,"comment_status":"closed","ping_status":"closed","template":"","meta":[],"acf":[],"yoast_head":"<!-- This site is optimized with the Yoast SEO plugin v20.8 - https:\/\/yoast.com\/wordpress\/plugins\/seo\/ -->\n<title>Diogo Silva - Museu do Futebol<\/title>\n<meta name=\"robots\" content=\"index, follow, max-snippet:-1, max-image-preview:large, max-video-preview:-1\" \/>\n<link rel=\"canonical\" href=\"https:\/\/museudofutebol.org.br\/teste\/es\/diogo-silva-3\/\" \/>\n<meta property=\"og:locale\" content=\"pt_BR\" \/>\n<meta property=\"og:type\" content=\"article\" \/>\n<meta property=\"og:title\" content=\"Diogo Silva - Museu do Futebol\" \/>\n<meta property=\"og:description\" content=\"[vc_row][vc_column][vc_column_text] El a\u00f1o de 2020 fuel marco del combate al racismo en el deporte, grandes estrellas como el brit\u00e1nico Lewis Hamilton de la F\u00f3rmula 1, la [\u2026]\" \/>\n<meta property=\"og:url\" content=\"https:\/\/museudofutebol.org.br\/teste\/es\/diogo-silva-3\/\" \/>\n<meta property=\"og:site_name\" content=\"Museu do Futebol\" \/>\n<meta property=\"article:publisher\" content=\"https:\/\/www.facebook.com\/museudofutebol\" \/>\n<meta property=\"og:image\" content=\"https:\/\/museudofutebol.org.br\/teste\/wp-content\/uploads\/2021\/06\/mdf_0004_tdr_imagem_site_1024-x-704_Diogo_ls.jpg\" \/>\n\t<meta property=\"og:image:width\" content=\"1024\" \/>\n\t<meta property=\"og:image:height\" content=\"704\" \/>\n\t<meta property=\"og:image:type\" content=\"image\/jpeg\" \/>\n<meta name=\"twitter:card\" content=\"summary_large_image\" \/>\n<meta name=\"twitter:site\" content=\"@museudofutebol\" \/>\n<meta name=\"twitter:label1\" content=\"Est. tempo de leitura\" \/>\n\t<meta name=\"twitter:data1\" content=\"3 minutos\" \/>\n<script type=\"application\/ld+json\" class=\"yoast-schema-graph\">{\"@context\":\"https:\/\/schema.org\",\"@graph\":[{\"@type\":\"WebPage\",\"@id\":\"https:\/\/museudofutebol.org.br\/teste\/es\/diogo-silva-3\/\",\"url\":\"https:\/\/museudofutebol.org.br\/teste\/es\/diogo-silva-3\/\",\"name\":\"Diogo Silva - Museu do Futebol\",\"isPartOf\":{\"@id\":\"https:\/\/museudofutebol.org.br\/teste\/#website\"},\"datePublished\":\"2021-06-17T21:23:50+00:00\",\"dateModified\":\"2021-06-17T21:23:50+00:00\",\"breadcrumb\":{\"@id\":\"https:\/\/museudofutebol.org.br\/teste\/es\/diogo-silva-3\/#breadcrumb\"},\"inLanguage\":\"pt-BR\",\"potentialAction\":[{\"@type\":\"ReadAction\",\"target\":[\"https:\/\/museudofutebol.org.br\/teste\/es\/diogo-silva-3\/\"]}]},{\"@type\":\"BreadcrumbList\",\"@id\":\"https:\/\/museudofutebol.org.br\/teste\/es\/diogo-silva-3\/#breadcrumb\",\"itemListElement\":[{\"@type\":\"ListItem\",\"position\":1,\"name\":\"In\u00edcio\",\"item\":\"https:\/\/museudofutebol.org.br\/teste\/\"},{\"@type\":\"ListItem\",\"position\":2,\"name\":\"Diogo Silva\"}]},{\"@type\":\"WebSite\",\"@id\":\"https:\/\/museudofutebol.org.br\/teste\/#website\",\"url\":\"https:\/\/museudofutebol.org.br\/teste\/\",\"name\":\"Museu do Futebol\",\"description\":\"\",\"potentialAction\":[{\"@type\":\"SearchAction\",\"target\":{\"@type\":\"EntryPoint\",\"urlTemplate\":\"https:\/\/museudofutebol.org.br\/teste\/?s={search_term_string}\"},\"query-input\":\"required name=search_term_string\"}],\"inLanguage\":\"pt-BR\"}]}<\/script>\n<!-- \/ Yoast SEO plugin. -->","yoast_head_json":{"title":"Diogo Silva - Museu do Futebol","robots":{"index":"index","follow":"follow","max-snippet":"max-snippet:-1","max-image-preview":"max-image-preview:large","max-video-preview":"max-video-preview:-1"},"canonical":"https:\/\/museudofutebol.org.br\/teste\/es\/diogo-silva-3\/","og_locale":"pt_BR","og_type":"article","og_title":"Diogo Silva - Museu do Futebol","og_description":"[vc_row][vc_column][vc_column_text] El a\u00f1o de 2020 fuel marco del combate al racismo en el deporte, grandes estrellas como el brit\u00e1nico Lewis Hamilton de la F\u00f3rmula 1, la [\u2026]","og_url":"https:\/\/museudofutebol.org.br\/teste\/es\/diogo-silva-3\/","og_site_name":"Museu do Futebol","article_publisher":"https:\/\/www.facebook.com\/museudofutebol","og_image":[{"width":1024,"height":704,"url":"https:\/\/museudofutebol.org.br\/teste\/wp-content\/uploads\/2021\/06\/mdf_0004_tdr_imagem_site_1024-x-704_Diogo_ls.jpg","type":"image\/jpeg"}],"twitter_card":"summary_large_image","twitter_site":"@museudofutebol","twitter_misc":{"Est. tempo de leitura":"3 minutos"},"schema":{"@context":"https:\/\/schema.org","@graph":[{"@type":"WebPage","@id":"https:\/\/museudofutebol.org.br\/teste\/es\/diogo-silva-3\/","url":"https:\/\/museudofutebol.org.br\/teste\/es\/diogo-silva-3\/","name":"Diogo Silva - Museu do Futebol","isPartOf":{"@id":"https:\/\/museudofutebol.org.br\/teste\/#website"},"datePublished":"2021-06-17T21:23:50+00:00","dateModified":"2021-06-17T21:23:50+00:00","breadcrumb":{"@id":"https:\/\/museudofutebol.org.br\/teste\/es\/diogo-silva-3\/#breadcrumb"},"inLanguage":"pt-BR","potentialAction":[{"@type":"ReadAction","target":["https:\/\/museudofutebol.org.br\/teste\/es\/diogo-silva-3\/"]}]},{"@type":"BreadcrumbList","@id":"https:\/\/museudofutebol.org.br\/teste\/es\/diogo-silva-3\/#breadcrumb","itemListElement":[{"@type":"ListItem","position":1,"name":"In\u00edcio","item":"https:\/\/museudofutebol.org.br\/teste\/"},{"@type":"ListItem","position":2,"name":"Diogo Silva"}]},{"@type":"WebSite","@id":"https:\/\/museudofutebol.org.br\/teste\/#website","url":"https:\/\/museudofutebol.org.br\/teste\/","name":"Museu do Futebol","description":"","potentialAction":[{"@type":"SearchAction","target":{"@type":"EntryPoint","urlTemplate":"https:\/\/museudofutebol.org.br\/teste\/?s={search_term_string}"},"query-input":"required name=search_term_string"}],"inLanguage":"pt-BR"}]}},"_links":{"self":[{"href":"https:\/\/museudofutebol.org.br\/teste\/wp-json\/wp\/v2\/pages\/4062"}],"collection":[{"href":"https:\/\/museudofutebol.org.br\/teste\/wp-json\/wp\/v2\/pages"}],"about":[{"href":"https:\/\/museudofutebol.org.br\/teste\/wp-json\/wp\/v2\/types\/page"}],"author":[{"embeddable":true,"href":"https:\/\/museudofutebol.org.br\/teste\/wp-json\/wp\/v2\/users\/13"}],"replies":[{"embeddable":true,"href":"https:\/\/museudofutebol.org.br\/teste\/wp-json\/wp\/v2\/comments?post=4062"}],"version-history":[{"count":1,"href":"https:\/\/museudofutebol.org.br\/teste\/wp-json\/wp\/v2\/pages\/4062\/revisions"}],"predecessor-version":[{"id":4065,"href":"https:\/\/museudofutebol.org.br\/teste\/wp-json\/wp\/v2\/pages\/4062\/revisions\/4065"}],"wp:featuredmedia":[{"embeddable":true,"href":"https:\/\/museudofutebol.org.br\/teste\/wp-json\/wp\/v2\/media\/4052"}],"wp:attachment":[{"href":"https:\/\/museudofutebol.org.br\/teste\/wp-json\/wp\/v2\/media?parent=4062"}],"curies":[{"name":"wp","href":"https:\/\/api.w.org\/{rel}","templated":true}]}}