{"id":65,"date":"2020-03-24T02:28:11","date_gmt":"2020-03-24T05:28:11","guid":{"rendered":"https:\/\/museudofutebol.org.br\/teste\/?page_id=65"},"modified":"2025-01-21T16:53:50","modified_gmt":"2025-01-21T19:53:50","slug":"horarios-e-ingressos","status":"publish","type":"page","link":"https:\/\/museudofutebol.org.br\/teste\/horarios-e-ingressos\/","title":{"rendered":"Hor\u00e1rios e ingressos"},"content":{"rendered":"<div class=\"wpb-content-wrapper\"><p>[vc_row][vc_column width=&#8221;2\/3&#8243;][vc_single_image image=&#8221;1289&#8243; img_size=&#8221;full&#8221;][vc_column_text][\/vc_column_text][\/vc_column][vc_column width=&#8221;1\/3&#8243;][\/vc_column][\/vc_row][vc_row][vc_column width=&#8221;2\/3&#8243;][vc_toggle title=&#8221;Hor\u00e1rios&#8221; style=&#8221;simple&#8221; color=&#8221;black&#8221; size=&#8221;lg&#8221; custom_font_container=&#8221;tag:h3|text_align:left&#8221; custom_use_theme_fonts=&#8221;yes&#8221; css=&#8221;&#8221; use_custom_heading=&#8221;true&#8221;]De ter\u00e7a a domingo, das 9h \u00e0s 18h<br \/>\n(entrada permitida at\u00e9 as 17h).<br \/>\nFechado \u00e0s segundas-feiras<\/p>\n<p><strong>Abertura noturna<\/strong><br \/>\nA cada primeira ter\u00e7a-feira do m\u00eas, das 9h \u00e0s 21h<br \/>\n(entrada permitida at\u00e9 as 20h)<\/p>\n<p><strong>Atendimento administrativo<\/strong><br \/>\nSegunda a sexta, das 9h \u00e0s 18h<\/p>\n<p><strong>Natal e Ano Novo<\/strong><br \/>\nFechamos nos dias 24, 25 e 31\/12 e 1\/1[\/vc_toggle][vc_toggle title=&#8221;Ingressos&#8221; style=&#8221;simple&#8221; color=&#8221;black&#8221; size=&#8221;lg&#8221; custom_font_container=&#8221;tag:h3|text_align:left&#8221; custom_use_theme_fonts=&#8221;yes&#8221; use_custom_heading=&#8221;true&#8221;]Compre seus ingressos diretamente na bilheteria.<\/p>\n<p><strong>Pre\u00e7os<\/strong><br \/>\nInteira\u00a0 \u00a0 R$ 24,00<br \/>\nMeia\u00a0 \u00a0 \u00a0 \u00a0R$ 12,00<br \/>\nGr\u00e1tis para crian\u00e7as at\u00e9 7 anos<br \/>\nGr\u00e1tis para todos \u00e0s ter\u00e7as-feiras<\/p>\n<p><strong><br \/>\nFormas de pagamento na bilheteria<br \/>\n<\/strong>Dinheiro<br \/>\nCr\u00e9dito<br \/>\nD\u00e9bito<br \/>\nPIX<\/p>\n<p><strong>Ingressos on-line<br \/>\n<a href=\"https:\/\/bileto.sympla.com.br\/event\/96110\"><img decoding=\"async\" loading=\"lazy\" class=\"alignnone wp-image-12625\" src=\"https:\/\/museudofutebol.org.br\/teste\/wp-content\/uploads\/2024\/07\/Logo_Sympla_Azul_Digital-640x344.png\" alt=\"\" width=\"180\" height=\"97\" srcset=\"https:\/\/museudofutebol.org.br\/teste\/wp-content\/uploads\/2024\/07\/Logo_Sympla_Azul_Digital-640x344.png 640w, https:\/\/museudofutebol.org.br\/teste\/wp-content\/uploads\/2024\/07\/Logo_Sympla_Azul_Digital-768x413.png 768w, https:\/\/museudofutebol.org.br\/teste\/wp-content\/uploads\/2024\/07\/Logo_Sympla_Azul_Digital-260x140.png 260w, https:\/\/museudofutebol.org.br\/teste\/wp-content\/uploads\/2024\/07\/Logo_Sympla_Azul_Digital-50x27.png 50w, https:\/\/museudofutebol.org.br\/teste\/wp-content\/uploads\/2024\/07\/Logo_Sympla_Azul_Digital-140x75.png 140w, https:\/\/museudofutebol.org.br\/teste\/wp-content\/uploads\/2024\/07\/Logo_Sympla_Azul_Digital.png 930w\" sizes=\"(max-width:767px) 180px, 180px\" \/><\/a><\/strong>[\/vc_toggle][vc_toggle title=&#8221;Pol\u00edtica de meia entrada&#8221; style=&#8221;simple&#8221; color=&#8221;black&#8221; size=&#8221;lg&#8221; custom_font_container=&#8221;tag:h3|text_align:left&#8221; custom_use_theme_fonts=&#8221;yes&#8221; use_custom_heading=&#8221;true&#8221;]Veja quem tem direito \u00e0 meia entrada gratuita e como comprovar:<\/p>\n<ul>\n<li><span class=\"style-scope event-page\">Estudantes \u2013 carteirinha v\u00e1lida, comprovante de matr\u00edcula (do ano corrente, impressa ou digitalizada) ou boleto banc\u00e1rio (com data de vencimento no m\u00eas corrente, impresso ou digitalizado). <\/span><\/li>\n<li><span class=\"style-scope event-page\">Jovens de baixa renda, com idade de 15 a 29 anos &#8211;\u00a0 Apresenta\u00e7\u00e3o do ID Jovem.<\/span><\/li>\n<li><span class=\"style-scope event-page\">Aposentados \u2013 comprovante da concess\u00e3o do benef\u00edcio (cart\u00e3o do INSS ou holerite de aposentado). <\/span><\/li>\n<li><span class=\"style-scope event-page\">Maiores de 60 anos \u2013 documento de identidade.\u00a0\u00a0<\/span><\/li>\n<\/ul>\n<p>[\/vc_toggle][vc_toggle title=&#8221;Pol\u00edtica de gratuidades&#8221; style=&#8221;simple&#8221; color=&#8221;black&#8221; size=&#8221;lg&#8221; custom_font_container=&#8221;tag:h3|text_align:left&#8221; custom_use_theme_fonts=&#8221;yes&#8221; css=&#8221;&#8221; use_custom_heading=&#8221;true&#8221;]Veja quem tem direito \u00e0 entrada gratuita e como comprovar:<\/p>\n<ul>\n<li>Todos os visitantes, \u00e0s ter\u00e7as-feiras.<\/li>\n<li><span data-contrast=\"none\" data-raofz=\"21\">Crian\u00e7as at\u00e9 7\u00a0anos.\u00a0<\/span><\/li>\n<li><span data-contrast=\"none\" data-raofz=\"21\">Grupos provenientes de escolas p\u00fablicas, mediante <a href=\"https:\/\/museudofutebol.org.br\/teste\/visitas-educativas-2\/\">agendamento<\/a> e\/ou apresenta\u00e7\u00e3o de of\u00edcio. <a href=\"https:\/\/museudofutebol.org.br\/teste\/wp-content\/uploads\/2022\/05\/modelo-de-oficio.docx\">Clique aqui e baixe o modelo de of\u00edcio<\/a>.\u00a0<\/span><\/li>\n<li><span data-contrast=\"none\" data-raofz=\"21\">Grupos provenientes de institui\u00e7\u00f5es sociais sem finalidades lucrativas que trabalham com pessoas com defici\u00eancia e\/ou em situa\u00e7\u00e3o de vulnerabilidade social, mediante apresenta\u00e7\u00e3o de of\u00edcio da entidade. Mediante <a href=\"https:\/\/museudofutebol.org.br\/teste\/visitas-educativas-2\/\">agendamento<\/a> e\/ou apresenta\u00e7\u00e3o de of\u00edcio. <a href=\"https:\/\/museudofutebol.org.br\/teste\/wp-content\/uploads\/2022\/05\/modelo-de-oficio.docx\">Clique aqui e baixe o modelo de of\u00edcio<\/a>.\u00a0<\/span><\/li>\n<li>Pessoas com defici\u00eancia. Gratuidade estendida a 1 acompanhante.<\/li>\n<li><span data-contrast=\"auto\">Professores, coordenadores e diretores, supervisores, quadro de apoio de escolas p\u00fablicas (federais, estaduais ou municipais) e quadro da Secretaria da Educa\u00e7\u00e3o do Estado de S\u00e3o Paulo, ativos ou aposentados, com apresenta\u00e7\u00e3o do holerite do m\u00eas corrente ou anterior (impresso ou digital). Gratuidade estendida ao c\u00f4njuge ou companheiro(a), filhos e menores tutelados ou sob guarda que acompanharem a visita.<\/span><span data-ccp-props=\"{&quot;201341983&quot;:0,&quot;335559739&quot;:0,&quot;335559740&quot;:360}\">\u00a0<\/span><\/li>\n<li><span data-contrast=\"auto\">Policiais militares, civis e da Pol\u00edcia T\u00e9cnico-Cient\u00edfica da Secretaria de Seguran\u00e7a P\u00fablica do Estado de S\u00e3o Paulo, com apresenta\u00e7\u00e3o do holerite do m\u00eas corrente ou anterior (impresso ou digital). A gratuidade \u00e9 estendida ao c\u00f4njuge ou companheiro (a), filhos e menores tutelados ou sob guarda que os acompanharem na visita.\u00a0<\/span><span data-ccp-props=\"{&quot;201341983&quot;:0,&quot;335559739&quot;:0,&quot;335559740&quot;:360}\">\u00a0<\/span><\/li>\n<li><span data-contrast=\"auto\">Taxistas, mediante a apresenta\u00e7\u00e3o do Condutax. A gratuidade \u00e9 estendida a 1 acompanhante.<\/span><span data-ccp-props=\"{&quot;201341983&quot;:0,&quot;335559739&quot;:0,&quot;335559740&quot;:360}\">\u00a0<\/span><\/li>\n<li><span data-contrast=\"auto\">Motorista ativo do aplicativo Uber, mediante apresenta\u00e7\u00e3o da tela do cadastro (status).<\/span><span data-ccp-props=\"{&quot;201341983&quot;:0,&quot;335559739&quot;:0,&quot;335559740&quot;:360}\">\u00a0<\/span><\/li>\n<li><span data-contrast=\"auto\">Profissionais da Secretaria da Cultura, Economia e Ind\u00fastria Criativas do Governo de S\u00e3o Paulo, mediante apresenta\u00e7\u00e3o do crach\u00e1. A gratuidade \u00e9 estendida ao c\u00f4njuge ou companheiro(a), filhos e menores tutelados ou sob guarda que os acompanharem na visita.<\/span><span data-ccp-props=\"{&quot;201341983&quot;:0,&quot;335559739&quot;:0,&quot;335559740&quot;:360}\">\u00a0<\/span><\/li>\n<li><span data-contrast=\"auto\">Funcion\u00e1rios das Organiza\u00e7\u00f5es Sociais da Secretaria da Cultura, Economia e Ind\u00fastria Criativas do\u202fGoverno de S\u00e3o Paulo, mediante apresenta\u00e7\u00e3o do crach\u00e1.<\/span><span data-ccp-props=\"{&quot;201341983&quot;:0,&quot;335559739&quot;:0,&quot;335559740&quot;:360}\">\u00a0<\/span><\/li>\n<li><span data-contrast=\"auto\">Profissionais de museus filiados ao ICOM, mediante apresenta\u00e7\u00e3o de\u202fcarteirinha de filia\u00e7\u00e3o.\u202f\u00a0<\/span><span data-ccp-props=\"{&quot;201341983&quot;:0,&quot;335559739&quot;:0,&quot;335559740&quot;:360}\">\u00a0<\/span><\/li>\n<li><span data-contrast=\"auto\">Agentes\/Guias de Turismo com apresenta\u00e7\u00e3o da Carteirinha da CADASTUR (Minist\u00e9rio do Turismo) dentro do prazo de validade.<\/span><span data-ccp-props=\"{&quot;201341983&quot;:0,&quot;335559739&quot;:0,&quot;335559740&quot;:360}\">\u00a0<\/span><\/li>\n<li><span data-contrast=\"auto\">Jornalistas, mediante apresenta\u00e7\u00e3o do crach\u00e1 do ve\u00edculo no qual trabalha ou da carteira v\u00e1lida do sindicato.<\/span><span data-ccp-props=\"{&quot;201341983&quot;:0,&quot;335559739&quot;:0,&quot;335559740&quot;:360}\">\u00a0<\/span><\/li>\n<li><span data-contrast=\"auto\">Atletas ativos ou aposentados ligados a federa\u00e7\u00f5es e\/ou a sindicatos do setor de desporto mediante apresenta\u00e7\u00e3o da carteira v\u00e1lida da entidade.<\/span><span data-ccp-props=\"{&quot;201341983&quot;:0,&quot;335559739&quot;:0,&quot;335559740&quot;:360}\">\u00a0<\/span><\/li>\n<li><span data-contrast=\"auto\">Doador de sangue, mediante apresenta\u00e7\u00e3o do comprovante de doa\u00e7\u00e3o da Funda\u00e7\u00e3o Pr\u00f3-Sangue do ano corrente.<\/span><span data-ccp-props=\"{&quot;201341983&quot;:0,&quot;335559739&quot;:0,&quot;335559740&quot;:360}\">\u00a0<\/span><\/li>\n<\/ul>\n<p>[\/vc_toggle][vc_toggle title=&#8221;Visitas educativas para escolas e entidades sociais&#8221; style=&#8221;simple&#8221; color=&#8221;black&#8221; size=&#8221;lg&#8221; custom_font_container=&#8221;tag:h3|text_align:left&#8221; custom_use_theme_fonts=&#8221;yes&#8221; use_custom_heading=&#8221;true&#8221;]S\u00e3o visitas especiais ao Museu do Futebol acompanhadas por nosso time de educadores e educadoras.<\/p>\n<p><strong>Hor\u00e1rios:<br \/>\n<\/strong>De ter\u00e7a a sexta<br \/>\n10h30 \u2013 grupos com at\u00e9 40 pessoas<br \/>\n14h \u2013 grupos com at\u00e9 40 pessoas<\/p>\n<p><strong>Obrigat\u00f3rio agendamento pr\u00e9vio:<\/strong> <a href=\"https:\/\/museudofutebol.org.br\/teste\/agendamento-de-visitas\/\">clique aqui<\/a><\/p>\n<p><strong>T\u00eam direito a entrada gratuita:<br \/>\n<\/strong><\/p>\n<p>&#8211; Grupos de escolas p\u00fablicas<br \/>\n&#8211; Institui\u00e7\u00f5es sociais sem finalidades lucrativas que atuam com pessoas com defici\u00eancia e\/ou em situa\u00e7\u00e3o de vulnerabilidade social.<br \/>\n&#8211; Professores, coordenadores e diretores, supervisores, quadro de apoio de escolas p\u00fablicas (federais, estaduais ou municipais) e quadro da Secretaria da Educa\u00e7\u00e3o do Estado de S\u00e3o Paulo, ativos ou aposentados, com apresenta\u00e7\u00e3o do holerite do m\u00eas corrente ou anterior (impresso ou digital). Gratuidade estendida ao c\u00f4njuge ou companheiro(a), filhos e menores tutelados ou sob guarda que acompanharem a visita.<\/p>\n<p>Durante o processo de agendamento, ser\u00e1 solicitada a documenta\u00e7\u00e3o comprobat\u00f3ria para concess\u00e3o da gratuidade.[\/vc_toggle][vc_toggle title=&#8221;Visitas em grupo sem acompanhamento educativo&#8221; style=&#8221;simple&#8221; color=&#8221;black&#8221; size=&#8221;lg&#8221; custom_font_container=&#8221;tag:h3|text_align:left&#8221; custom_use_theme_fonts=&#8221;yes&#8221; use_custom_heading=&#8221;true&#8221;]Caso queira vir em grupo para o Museu do Futebol sem a necessidade do acompanhamento do nosso N\u00facleo Educativo, basta adquirir os ingressos de todos os participantes na bilheteria do Museu ou antecipadamente pelo <a href=\"https:\/\/bileto.sympla.com.br\/event\/78348\/\">Sympla<\/a>. N\u00e3o \u00e9 necess\u00e1rio agendamento espec\u00edfico.<\/p>\n<p><b>T\u00eam direito a entrada gratuita:\u00a0<br aria-hidden=\"true\" \/><\/b>\u2013 Grupos de escolas p\u00fablicas<br aria-hidden=\"true\" \/>\u2013 Institui\u00e7\u00f5es sociais sem finalidades lucrativas que atuam com pessoas com defici\u00eancia e\/ou em situa\u00e7\u00e3o de vulnerabilidade social.<\/p>\n<p>Para garantir a entrada gratuita do grupo, \u00e9 necess\u00e1rio fazer a solicita\u00e7\u00e3o antes da visita e aguardar a aprova\u00e7\u00e3o do pedido. Encaminhe um of\u00edcio da escola ou entidade com uma breve descri\u00e7\u00e3o de sua finalidade, telefone, e-mail e site (se houver) para o endere\u00e7o administrativo@museudofutebol.org.br\/teste.<\/p>\n<p><a href=\"https:\/\/museudofutebol.org.br\/teste\/wp-content\/uploads\/2022\/05\/modelo-de-oficio.docx\">Clique aqui e baixe o modelo de of\u00edcio<\/a><\/p>\n<p><a href=\"https:\/\/museudofutebol.org.br\/teste\/wp-content\/uploads\/2024\/01\/Regras-visita-livre.pdf\">Normas e procedimentos para visitas livres<\/a>[\/vc_toggle][vc_toggle title=&#8221;Acessibilidade&#8221; style=&#8221;simple&#8221; color=&#8221;black&#8221; size=&#8221;lg&#8221; custom_font_container=&#8221;tag:h3|text_align:left&#8221; custom_use_theme_fonts=&#8221;yes&#8221; use_custom_heading=&#8221;true&#8221;]O Museu do Futebol recebe bem todos os seus visitantes. Em seu passeio, voc\u00ea encontrar\u00e1:<\/p>\n<ul>\n<li>Gratuidade para pessoas com defici\u00eancia e um acompanhante<\/li>\n<li>Vagas para pessoas com defici\u00eancia na Pra\u00e7a Charles Miller<\/li>\n<li>Piso podot\u00e1til<\/li>\n<li>Acesso a todos os andares por levadores e escadas rolantes<\/li>\n<li>Maquetes e pain\u00e9is t\u00e1teis<\/li>\n<li>Totens com informa\u00e7\u00f5es em Braille<\/li>\n<li>Audioguia para pessoas cegas ou com baixa vis\u00e3o<\/li>\n<li>Audioguia em portugu\u00eas, ingl\u00eas e espanhol<\/li>\n<li>Videoguia em Libras<\/li>\n<li>Jogos e materiais acess\u00edveis<\/li>\n<li>Telefone para surdos (no t\u00e9rreo)<\/li>\n<li>Banheiros acess\u00edveis e frald\u00e1rios nos banheiros unissex<\/li>\n<\/ul>\n<p>Desenvolvemos v\u00e1rias outras iniciativas para melhor continuamente o servi\u00e7o prestado pelo Museu do Futebol a todos os p\u00fablicos. Conhe\u00e7a nosso Programa de Acessibilidade.[\/vc_toggle][vc_toggle title=&#8221;Estacionamento&#8221; style=&#8221;simple&#8221; color=&#8221;black&#8221; size=&#8221;lg&#8221; custom_font_container=&#8221;tag:h3|text_align:left&#8221; custom_use_theme_fonts=&#8221;yes&#8221; css=&#8221;&#8221; use_custom_heading=&#8221;true&#8221;]<strong>ENDERE\u00c7O<\/strong><br \/>\nPra\u00e7a Charles Miller, s\/n \u2013 S\u00e3o Paulo\/ SP \u2013 Brasil<br \/>\nEst\u00e1dio Paulo Machado de Carvalho \u2013 Pacaembu<br \/>\nS\u00e3o Paulo, SP &#8211; Brasil<br \/>\n<a href=\"https:\/\/www.google.com\/maps\/place\/Museu+do+Futebol\/@-23.547692,-46.6651364,15z\/data=!4m5!3m4!1s0x0:0xcfdec9e87c999ece!8m2!3d-23.547692!4d-46.6651364\">Abra no Google Maps<\/a><\/p>\n<p><strong>ESTACIONAMENTO<br \/>\n<\/strong>A Pra\u00e7a Charles Miller tem centenas de vagas de Zona Azul, bem na frente do Museu.<br \/>\n\u00c9 uma zona especial: um cart\u00e3o de R$ 6,67 d\u00e1 direito a tr\u00eas horas de estacionamento.<br \/>\nBaixe o <a href=\"https:\/\/novazonaazulsp.estapar.com.br\/?gclid=Cj0KCQiA_c-OBhDFARIsAIFg3ezhg7ijiv4T1ctah5eJTNr8wuzD4pNVHojFjO39y24axbriQYSQXuoaAidOEALw_wcB&amp;_gl=1*18t07v2*_ga*MTQ2MzQ4NDQyOC4xNjQxMzEwMTU2*_ga_1W00VJ0BXT*MTY0MTMxMDE1Ni4xLjAuMTY0MTMxMDE1Ni4w#baixe-o-app\">app oficial da Zona Azul S\u00e3o Paulo<\/a> e n\u00e3o esque\u00e7a de selecionar a pra\u00e7a antes de pagar.[\/vc_toggle][vc_toggle title=&#8221;Transporte p\u00fablico&#8221; style=&#8221;simple&#8221; color=&#8221;black&#8221; size=&#8221;lg&#8221; custom_font_container=&#8221;tag:h3|text_align:left&#8221; custom_use_theme_fonts=&#8221;yes&#8221; use_custom_heading=&#8221;true&#8221;]<\/p>\n<h3>\u00d4NIBUS MUNICIPAIS<\/h3>\n<p><strong>Linhas que param na Pra\u00e7a Charles Miller:<\/strong><\/p>\n<p><strong>208M-10<\/strong> &#8211; Metr\u00f4 Santana\/Terminal Pinheiros<br \/>\nSantana, Barra Funda (CPTM, Metr\u00f4 e Terminal Rodovi\u00e1rio), Pacaembu, Sumar\u00e9, Vila Madalena, Pinheiros.<\/p>\n<p><strong>408A-10<\/strong> &#8211; Cardoso de Almeida\/Machado de Assis<br \/>\nPerdizes, Consola\u00e7\u00e3o, Rep\u00fablica, S\u00e9, Liberdade, Para\u00edso.<\/p>\n<p><strong>6232-10<\/strong> &#8211; Pinheiros-Vila Ida\/Metr\u00f4 Barra Funda<br \/>\nBarra Funda (CPTM, Metr\u00f4 e Terminal Rodovi\u00e1rio), Pacaembu, Perdizes, Pinheiros, Vila Madalena, Alto de Pinheiros.<\/p>\n<p><strong><br \/>\nLinhas que param na Avenida Ang\u00e9lica (10 minutos de caminhada at\u00e9 o Museu):<\/strong><\/p>\n<p><strong>177H-10<\/strong> &#8211; Metr\u00f4 Santana\/Cidade Universit\u00e1ria<br \/>\nSantana, Jardim S\u00e3o Bento, Casa Verde, Barra Funda, Santa Cec\u00edlia (Metr\u00f4 Marechal Deodoro), Higien\u00f3polis, Consola\u00e7\u00e3o, Pinheiros, Vila Madalena, Butant\u00e3.<\/p>\n<p><strong>508L-10<\/strong> &#8211; Terminal Princesa Isabel\/Aclima\u00e7\u00e3o<br \/>\nCampos El\u00edseos, Santa Ifig\u00eania, Rep\u00fablica, S\u00e9, Liberdade, Para\u00edso, Avenida Paulista.<\/p>\n<p><strong>719P-10<\/strong> &#8211; Terminal Pinheiros\/Terminal Princesa Isabel<br \/>\nPinheiros, Vila Madalena, Higien\u00f3polis, Santa Cec\u00edlia, Campos El\u00edsesos<\/p>\n<p><strong>719R-10<\/strong> &#8211; Rio Pequeno\/Metr\u00f4 Barra Funda<br \/>\nBarra Funda, Campos El\u00edseos, Santa Cec\u00edlia (Metr\u00f4 Marechal Deodoro), Higien\u00f3polis, Pinheiros, Vila Madalena, Butant\u00e3, Rio Pequeno<\/p>\n<p><strong>874T-10<\/strong> &#8211; Ipiranga\/Lapa<br \/>\nIpiranga, Vila Monumento, Cambuci, Aclima\u00e7\u00e3o, Jardim da Gl\u00f3ria, Para\u00edso, Avenida Paulista, Consola\u00e7\u00e3o, Higien\u00f3polis, Santa Cec\u00edlia (Metr\u00f4 Marechal Deodoro), Barra Funda, \u00c1gua Branca, Pomp\u00e9ia, Lapa.<\/p>\n<p><strong>877T-10<\/strong> &#8211; Vila Anast\u00e1cio\/Metr\u00f4 Para\u00edso<br \/>\nVila Anast\u00e1cio, Lapa, Pomp\u00e9ia, Barra Funda, \u00c1gua Branca, Santa Cec\u00edlia (Metr\u00f4 Marechal Deodoro), Higien\u00f3polis, Consola\u00e7\u00e3o, Avenida Paulista, Para\u00edso.<\/p>\n<p><strong>N840-11<\/strong> &#8211; Terminal Vila Mariana\/Santa Cec\u00edlia<br \/>\nVila Mariana, Para\u00edso, regi\u00e3o da Avenida Paulista (pela Alameda Santos), Consola\u00e7\u00e3o, Higien\u00f3polis, Santa Cec\u00edlia, Vila Buarque, Bixiga (Bela Vista).<\/p>\n<p>&nbsp;<\/p>\n<h4>\u00d4NIBUS INTERMUNICIPAL<\/h4>\n<p><strong>308<\/strong> &#8211; Cotia (Atalaia)\/S\u00e3o Paulo (Terminal Rodovi\u00e1rio Barra Funda)<\/p>\n<p>&nbsp;<\/p>\n<h4>\u00d4NIBUS TUR\u00cdSTICO<\/h4>\n<p><strong>CT01-1<\/strong> &#8211; Circular\/Turismo<br \/>\nIbirapuera, Avenida Paulista, Liberdade, Centro, Consola\u00e7\u00e3o, Pacaembu<\/p>\n<p>&nbsp;<\/p>\n<h4>METR\u00d4 &#8211; Esta\u00e7\u00f5es pr\u00f3ximas<\/h4>\n<p><strong>Paulista<\/strong> (Linha 4-Amarela)<br \/>\n900 metros da caminhada em descida por ruas arborizadas, pelo bairro do Pacaembu. Mais ou menos 12 minutos.<\/p>\n<p><strong>Cl\u00ednicas<\/strong> (Linha 2-Verde)<br \/>\nS\u00e3o 1.000 metros de caminhada da Esta\u00e7\u00e3o ao Museu, em percurso com descida acentuada. Mais ou menos 10 minutos de percurso.[\/vc_toggle][\/vc_column][vc_column width=&#8221;1\/3&#8243;][\/vc_column][\/vc_row]<\/p>\n<\/div>","protected":false},"excerpt":{"rendered":"<p>[vc_row][vc_column width=&#8221;2\/3&#8243;][vc_single_image image=&#8221;1289&#8243; img_size=&#8221;full&#8221;][vc_column_text][\/vc_column_text][\/vc_column][vc_column width=&#8221;1\/3&#8243;][\/vc_column][\/vc_row][vc_row][vc_column width=&#8221;2\/3&#8243;][vc_toggle title=&#8221;Hor\u00e1rios&#8221; style=&#8221;simple&#8221; color=&#8221;black&#8221; size=&#8221;lg&#8221; custom_font_container=&#8221;tag:h3|text_align:left&#8221; custom_use_theme_fonts=&#8221;yes&#8221; css=&#8221;&#8221; use_custom_heading=&#8221;true&#8221;]De ter\u00e7a a domingo, das 9h \u00e0s 18h (entrada permitida at\u00e9 as 17h).<span class=\"excerpt-hellip\"> [\u2026]<\/span><\/p>\n","protected":false},"author":2,"featured_media":0,"parent":0,"menu_order":0,"comment_status":"closed","ping_status":"closed","template":"","meta":[],"acf":[],"yoast_head":"<!-- This site is optimized with the Yoast SEO plugin v20.8 - https:\/\/yoast.com\/wordpress\/plugins\/seo\/ -->\n<title>Hor\u00e1rios e ingressos - Museu do Futebol<\/title>\n<meta name=\"description\" content=\"Confira todas as informa\u00e7\u00f5es e planeje com anteced\u00eancia sua visita o Museu do Futebol. Estamos em opera\u00e7\u00e3o especial em virtude da Covid-19.\" \/>\n<meta name=\"robots\" content=\"index, follow, max-snippet:-1, max-image-preview:large, max-video-preview:-1\" \/>\n<link rel=\"canonical\" href=\"https:\/\/museudofutebol.org.br\/teste\/horarios-e-ingressos\/\" \/>\n<meta property=\"og:locale\" content=\"pt_BR\" \/>\n<meta property=\"og:type\" content=\"article\" \/>\n<meta property=\"og:title\" content=\"Hor\u00e1rios e ingressos - Museu do Futebol\" \/>\n<meta property=\"og:description\" content=\"Confira todas as informa\u00e7\u00f5es e planeje com anteced\u00eancia sua visita o Museu do Futebol. Estamos em opera\u00e7\u00e3o especial em virtude da Covid-19.\" \/>\n<meta property=\"og:url\" content=\"https:\/\/museudofutebol.org.br\/teste\/horarios-e-ingressos\/\" \/>\n<meta property=\"og:site_name\" content=\"Museu do Futebol\" \/>\n<meta property=\"article:publisher\" content=\"https:\/\/www.facebook.com\/museudofutebol\" \/>\n<meta property=\"article:modified_time\" content=\"2025-01-21T19:53:50+00:00\" \/>\n<meta property=\"og:image\" content=\"https:\/\/museudofutebol.org.br\/teste\/wp-content\/uploads\/2024\/07\/Logo_Sympla_Azul_Digital-640x344.png\" \/>\n<meta name=\"twitter:card\" content=\"summary_large_image\" \/>\n<meta name=\"twitter:site\" content=\"@museudofutebol\" \/>\n<meta name=\"twitter:label1\" content=\"Est. tempo de leitura\" \/>\n\t<meta name=\"twitter:data1\" content=\"8 minutos\" \/>\n<script type=\"application\/ld+json\" class=\"yoast-schema-graph\">{\"@context\":\"https:\/\/schema.org\",\"@graph\":[{\"@type\":\"WebPage\",\"@id\":\"https:\/\/museudofutebol.org.br\/teste\/horarios-e-ingressos\/\",\"url\":\"https:\/\/museudofutebol.org.br\/teste\/horarios-e-ingressos\/\",\"name\":\"Hor\u00e1rios e ingressos - Museu do Futebol\",\"isPartOf\":{\"@id\":\"https:\/\/museudofutebol.org.br\/teste\/#website\"},\"datePublished\":\"2020-03-24T05:28:11+00:00\",\"dateModified\":\"2025-01-21T19:53:50+00:00\",\"description\":\"Confira todas as informa\u00e7\u00f5es e planeje com anteced\u00eancia sua visita o Museu do Futebol. Estamos em opera\u00e7\u00e3o especial em virtude da Covid-19.\",\"breadcrumb\":{\"@id\":\"https:\/\/museudofutebol.org.br\/teste\/horarios-e-ingressos\/#breadcrumb\"},\"inLanguage\":\"pt-BR\",\"potentialAction\":[{\"@type\":\"ReadAction\",\"target\":[\"https:\/\/museudofutebol.org.br\/teste\/horarios-e-ingressos\/\"]}]},{\"@type\":\"BreadcrumbList\",\"@id\":\"https:\/\/museudofutebol.org.br\/teste\/horarios-e-ingressos\/#breadcrumb\",\"itemListElement\":[{\"@type\":\"ListItem\",\"position\":1,\"name\":\"In\u00edcio\",\"item\":\"https:\/\/museudofutebol.org.br\/teste\/\"},{\"@type\":\"ListItem\",\"position\":2,\"name\":\"Hor\u00e1rios e ingressos\"}]},{\"@type\":\"WebSite\",\"@id\":\"https:\/\/museudofutebol.org.br\/teste\/#website\",\"url\":\"https:\/\/museudofutebol.org.br\/teste\/\",\"name\":\"Museu do Futebol\",\"description\":\"\",\"potentialAction\":[{\"@type\":\"SearchAction\",\"target\":{\"@type\":\"EntryPoint\",\"urlTemplate\":\"https:\/\/museudofutebol.org.br\/teste\/?s={search_term_string}\"},\"query-input\":\"required name=search_term_string\"}],\"inLanguage\":\"pt-BR\"}]}<\/script>\n<!-- \/ Yoast SEO plugin. -->","yoast_head_json":{"title":"Hor\u00e1rios e ingressos - Museu do Futebol","description":"Confira todas as informa\u00e7\u00f5es e planeje com anteced\u00eancia sua visita o Museu do Futebol. Estamos em opera\u00e7\u00e3o especial em virtude da Covid-19.","robots":{"index":"index","follow":"follow","max-snippet":"max-snippet:-1","max-image-preview":"max-image-preview:large","max-video-preview":"max-video-preview:-1"},"canonical":"https:\/\/museudofutebol.org.br\/teste\/horarios-e-ingressos\/","og_locale":"pt_BR","og_type":"article","og_title":"Hor\u00e1rios e ingressos - Museu do Futebol","og_description":"Confira todas as informa\u00e7\u00f5es e planeje com anteced\u00eancia sua visita o Museu do Futebol. Estamos em opera\u00e7\u00e3o especial em virtude da Covid-19.","og_url":"https:\/\/museudofutebol.org.br\/teste\/horarios-e-ingressos\/","og_site_name":"Museu do Futebol","article_publisher":"https:\/\/www.facebook.com\/museudofutebol","article_modified_time":"2025-01-21T19:53:50+00:00","og_image":[{"url":"https:\/\/museudofutebol.org.br\/teste\/wp-content\/uploads\/2024\/07\/Logo_Sympla_Azul_Digital-640x344.png"}],"twitter_card":"summary_large_image","twitter_site":"@museudofutebol","twitter_misc":{"Est. tempo de leitura":"8 minutos"},"schema":{"@context":"https:\/\/schema.org","@graph":[{"@type":"WebPage","@id":"https:\/\/museudofutebol.org.br\/teste\/horarios-e-ingressos\/","url":"https:\/\/museudofutebol.org.br\/teste\/horarios-e-ingressos\/","name":"Hor\u00e1rios e ingressos - Museu do Futebol","isPartOf":{"@id":"https:\/\/museudofutebol.org.br\/teste\/#website"},"datePublished":"2020-03-24T05:28:11+00:00","dateModified":"2025-01-21T19:53:50+00:00","description":"Confira todas as informa\u00e7\u00f5es e planeje com anteced\u00eancia sua visita o Museu do Futebol. Estamos em opera\u00e7\u00e3o especial em virtude da Covid-19.","breadcrumb":{"@id":"https:\/\/museudofutebol.org.br\/teste\/horarios-e-ingressos\/#breadcrumb"},"inLanguage":"pt-BR","potentialAction":[{"@type":"ReadAction","target":["https:\/\/museudofutebol.org.br\/teste\/horarios-e-ingressos\/"]}]},{"@type":"BreadcrumbList","@id":"https:\/\/museudofutebol.org.br\/teste\/horarios-e-ingressos\/#breadcrumb","itemListElement":[{"@type":"ListItem","position":1,"name":"In\u00edcio","item":"https:\/\/museudofutebol.org.br\/teste\/"},{"@type":"ListItem","position":2,"name":"Hor\u00e1rios e ingressos"}]},{"@type":"WebSite","@id":"https:\/\/museudofutebol.org.br\/teste\/#website","url":"https:\/\/museudofutebol.org.br\/teste\/","name":"Museu do Futebol","description":"","potentialAction":[{"@type":"SearchAction","target":{"@type":"EntryPoint","urlTemplate":"https:\/\/museudofutebol.org.br\/teste\/?s={search_term_string}"},"query-input":"required name=search_term_string"}],"inLanguage":"pt-BR"}]}},"_links":{"self":[{"href":"https:\/\/museudofutebol.org.br\/teste\/wp-json\/wp\/v2\/pages\/65"}],"collection":[{"href":"https:\/\/museudofutebol.org.br\/teste\/wp-json\/wp\/v2\/pages"}],"about":[{"href":"https:\/\/museudofutebol.org.br\/teste\/wp-json\/wp\/v2\/types\/page"}],"author":[{"embeddable":true,"href":"https:\/\/museudofutebol.org.br\/teste\/wp-json\/wp\/v2\/users\/2"}],"replies":[{"embeddable":true,"href":"https:\/\/museudofutebol.org.br\/teste\/wp-json\/wp\/v2\/comments?post=65"}],"version-history":[{"count":131,"href":"https:\/\/museudofutebol.org.br\/teste\/wp-json\/wp\/v2\/pages\/65\/revisions"}],"predecessor-version":[{"id":14812,"href":"https:\/\/museudofutebol.org.br\/teste\/wp-json\/wp\/v2\/pages\/65\/revisions\/14812"}],"wp:attachment":[{"href":"https:\/\/museudofutebol.org.br\/teste\/wp-json\/wp\/v2\/media?parent=65"}],"curies":[{"name":"wp","href":"https:\/\/api.w.org\/{rel}","templated":true}]}}