{"id":6859,"date":"2022-08-12T18:54:28","date_gmt":"2022-08-12T21:54:28","guid":{"rendered":"https:\/\/museudofutebol.org.br\/teste\/?page_id=6859"},"modified":"2022-08-15T12:05:37","modified_gmt":"2022-08-15T15:05:37","slug":"um-time-para-cada-eu","status":"publish","type":"page","link":"https:\/\/museudofutebol.org.br\/teste\/um-time-para-cada-eu\/","title":{"rendered":"Um time para cada eu"},"content":{"rendered":"<div class=\"wpb-content-wrapper\"><p>[vc_row][vc_column][vc_single_image image=&#8221;6872&#8243; img_size=&#8221;full&#8221;][vc_column_text]Por <strong>K\u00edssila Muzy<\/strong><\/p>\n<p>&nbsp;<\/p>\n<p>Minha vida de torcedora \u00e9 marcada por decis\u00f5es de ordem emocional. N\u00e3o que me seja uma exclusividade. O que relato \u00e9 bem comum, ao menos no Brasil.<\/p>\n<p>\u00c9 compreens\u00edvel que filhos herdem o time dos pais. O que mais se v\u00ea s\u00e3o fam\u00edlias inteiras entoando o mesmo hino e meu percurso n\u00e3o fugiu \u00e0 regra. Mas n\u00e3o dura para sempre.<\/p>\n<p>Quando me dei por gente, por volta de tr\u00eas anos de idade, j\u00e1 torcia pelo Vasco. T\u00edpico de uma boa filha \u00fanica de um vasca\u00edno doente, desses que secam o Flamengo em todos os jogos que passam na tev\u00ea.<\/p>\n<p>Por falar em Flamengo, na adolesc\u00eancia percebi que as pessoas mais legais eram flamenguistas. Eu, menina do sub\u00farbio do Rio de Janeiro, ia at\u00e9 a Zona Sul da cidade para visitar minhas tias rubro-negras, muito mais descoladas e divertidas que o meu problem\u00e1tico velho. Minha fase antipai n\u00e3o me permitira continuar vasca\u00edna e eu vesti a alma de vermelho e preto. Adulta, andei dizendo em alto e bom tom que meu sonho era ter uma camisa oficial do clube. Fosse por desconfian\u00e7a ou pobreza dos que me cercavam, de nada adiantou o an\u00fancio, nunca fui agraciada com o presente.<\/p>\n<p>Aos quase trinta anos, subi a serra e troquei o Flamengo por dois times de futebol \u2014 e n\u00e3o \u00e9 porque valesse por dois: tamanho de torcida e monte de t\u00edtulos n\u00e3o me impressionam. J\u00e1 deve estar claro que minhas escolhas d\u00e3o-se menos por conquistas coletivas que revolu\u00e7\u00f5es pr\u00f3prias.<\/p>\n<p>Primeiramente, vim morar em Nova Friburgo. Cidade bonita, segura, natureza mais preservada que a m\u00e9dia e povo agrad\u00e1vel. Logo fiz dois filhos e aloquei o Friburguense no meu cora\u00e7\u00e3o. N\u00e3o d\u00e1 para viver aqui sem torcer pelo Friz\u00e3o. Ainda por cima, o est\u00e1dio fica no caminho de casa. N\u00e3o teve jeito, adotei o Tricolor da Serra.<\/p>\n<p>Mas nada se compara \u00e0 derradeira virada de casaca: al\u00e9m de torcer pelo Friburguense porque a cidade \u00e9 minha p\u00e1tria, a paix\u00e3o que encerrou os treinos do passado sem deixar espa\u00e7o para reviravoltas s\u00f3 poderia ser o&#8230;<\/p>\n<p>Antes da revela\u00e7\u00e3o, devo antecipar minha defesa contra quem me acusar de me prender a tudo menos ao clube em si. Pode at\u00e9 ser a primeira impress\u00e3o de quem l\u00ea esta cr\u00f4nica, afinal, peguei o time do meu marido e o chamei de meu.<\/p>\n<p>Fui apresentada a um clube grande, tradicional e campe\u00e3o, que busca a inova\u00e7\u00e3o enquanto padece de uma sede de t\u00edtulos ap\u00f3s um passado glorioso. Vibrar por ele me inspira a ser e agir como os seus simp\u00e1ticos torcedores que persistem na luta com leveza. Zoam e s\u00e3o zoados sem que se torne motivo para viol\u00eancia. Mesmo perdendo (e como!), seguem com seus \u00eddolos, sem perder de vista que a culpa \u00e9 sempre dos cartolas. As d\u00edvidas astron\u00f4micas n\u00e3o apagam sua hist\u00f3ria nem mancham o passado estelar de clube que mais jogadores enviou para a sele\u00e7\u00e3o brasileira. E \u00e9 um dos mais prof\u00edcuos em produ\u00e7\u00e3o de memes, importante crit\u00e9rio na atualidade.<\/p>\n<p>Sim, leitores, sou Botafogo de Futebol e Regatas. Ao ponto de me emocionar com os cantos e ser tomada pela energia que emana da massa alvinegra pronta para dar aquela moral \u00e0 equipe.<\/p>\n<p>Espero que este relato me poupe em definitivo dos meus amigos: \u201cVoc\u00ea n\u00e3o era Vasco que nem teu pai? N\u00e3o era flamenguista? E aquela camisa do Friburguense, fez o que com ela?\u201d<\/p>\n<p>A escolha do time n\u00e3o tem a ver com estat\u00edsticas de desempenho. H\u00e1 muito de identifica\u00e7\u00e3o pessoal, partilha de valores e at\u00e9 qu\u00edmica. \u00c9 quase uma quest\u00e3o de pele.<\/p>\n<p>&nbsp;<\/p>\n<p><em>1\u00ba lugar no Concurso de Cr\u00f4nicas do Museu do Futebol &#8211; 2022\u00a0<\/em>[\/vc_column_text][\/vc_column][\/vc_row]<\/p>\n<\/div>","protected":false},"excerpt":{"rendered":"<p>[vc_row][vc_column][vc_single_image image=&#8221;6872&#8243; img_size=&#8221;full&#8221;][vc_column_text]Por K\u00edssila Muzy &nbsp; Minha vida de torcedora \u00e9 marcada por decis\u00f5es de ordem emocional. N\u00e3o que me seja uma exclusividade. O que relato<span class=\"excerpt-hellip\"> [\u2026]<\/span><\/p>\n","protected":false},"author":13,"featured_media":6872,"parent":0,"menu_order":0,"comment_status":"closed","ping_status":"closed","template":"","meta":[],"acf":[],"yoast_head":"<!-- This site is optimized with the Yoast SEO plugin v20.8 - https:\/\/yoast.com\/wordpress\/plugins\/seo\/ -->\n<title>Um time para cada eu - Museu do Futebol<\/title>\n<meta name=\"robots\" content=\"index, follow, max-snippet:-1, max-image-preview:large, max-video-preview:-1\" \/>\n<link rel=\"canonical\" href=\"https:\/\/museudofutebol.org.br\/teste\/um-time-para-cada-eu\/\" \/>\n<meta property=\"og:locale\" content=\"pt_BR\" \/>\n<meta property=\"og:type\" content=\"article\" \/>\n<meta property=\"og:title\" content=\"Um time para cada eu - Museu do Futebol\" \/>\n<meta property=\"og:description\" content=\"[vc_row][vc_column][vc_single_image image=&#8221;6872&#8243; img_size=&#8221;full&#8221;][vc_column_text]Por K\u00edssila Muzy &nbsp; Minha vida de torcedora \u00e9 marcada por decis\u00f5es de ordem emocional. N\u00e3o que me seja uma exclusividade. O que relato [\u2026]\" \/>\n<meta property=\"og:url\" content=\"https:\/\/museudofutebol.org.br\/teste\/um-time-para-cada-eu\/\" \/>\n<meta property=\"og:site_name\" content=\"Museu do Futebol\" \/>\n<meta property=\"article:publisher\" content=\"https:\/\/www.facebook.com\/museudofutebol\" \/>\n<meta property=\"article:modified_time\" content=\"2022-08-15T15:05:37+00:00\" \/>\n<meta property=\"og:image\" content=\"https:\/\/museudofutebol.org.br\/teste\/wp-content\/uploads\/2022\/08\/Kissila_Muzy.png\" \/>\n\t<meta property=\"og:image:width\" content=\"481\" \/>\n\t<meta property=\"og:image:height\" content=\"331\" \/>\n\t<meta property=\"og:image:type\" content=\"image\/png\" \/>\n<meta name=\"twitter:card\" content=\"summary_large_image\" \/>\n<meta name=\"twitter:site\" content=\"@museudofutebol\" \/>\n<meta name=\"twitter:label1\" content=\"Est. tempo de leitura\" \/>\n\t<meta name=\"twitter:data1\" content=\"4 minutos\" \/>\n<script type=\"application\/ld+json\" class=\"yoast-schema-graph\">{\"@context\":\"https:\/\/schema.org\",\"@graph\":[{\"@type\":\"WebPage\",\"@id\":\"https:\/\/museudofutebol.org.br\/teste\/um-time-para-cada-eu\/\",\"url\":\"https:\/\/museudofutebol.org.br\/teste\/um-time-para-cada-eu\/\",\"name\":\"Um time para cada eu - Museu do Futebol\",\"isPartOf\":{\"@id\":\"https:\/\/museudofutebol.org.br\/teste\/#website\"},\"datePublished\":\"2022-08-12T21:54:28+00:00\",\"dateModified\":\"2022-08-15T15:05:37+00:00\",\"breadcrumb\":{\"@id\":\"https:\/\/museudofutebol.org.br\/teste\/um-time-para-cada-eu\/#breadcrumb\"},\"inLanguage\":\"pt-BR\",\"potentialAction\":[{\"@type\":\"ReadAction\",\"target\":[\"https:\/\/museudofutebol.org.br\/teste\/um-time-para-cada-eu\/\"]}]},{\"@type\":\"BreadcrumbList\",\"@id\":\"https:\/\/museudofutebol.org.br\/teste\/um-time-para-cada-eu\/#breadcrumb\",\"itemListElement\":[{\"@type\":\"ListItem\",\"position\":1,\"name\":\"In\u00edcio\",\"item\":\"https:\/\/museudofutebol.org.br\/teste\/\"},{\"@type\":\"ListItem\",\"position\":2,\"name\":\"Um time para cada eu\"}]},{\"@type\":\"WebSite\",\"@id\":\"https:\/\/museudofutebol.org.br\/teste\/#website\",\"url\":\"https:\/\/museudofutebol.org.br\/teste\/\",\"name\":\"Museu do Futebol\",\"description\":\"\",\"potentialAction\":[{\"@type\":\"SearchAction\",\"target\":{\"@type\":\"EntryPoint\",\"urlTemplate\":\"https:\/\/museudofutebol.org.br\/teste\/?s={search_term_string}\"},\"query-input\":\"required name=search_term_string\"}],\"inLanguage\":\"pt-BR\"}]}<\/script>\n<!-- \/ Yoast SEO plugin. -->","yoast_head_json":{"title":"Um time para cada eu - Museu do Futebol","robots":{"index":"index","follow":"follow","max-snippet":"max-snippet:-1","max-image-preview":"max-image-preview:large","max-video-preview":"max-video-preview:-1"},"canonical":"https:\/\/museudofutebol.org.br\/teste\/um-time-para-cada-eu\/","og_locale":"pt_BR","og_type":"article","og_title":"Um time para cada eu - Museu do Futebol","og_description":"[vc_row][vc_column][vc_single_image image=&#8221;6872&#8243; img_size=&#8221;full&#8221;][vc_column_text]Por K\u00edssila Muzy &nbsp; Minha vida de torcedora \u00e9 marcada por decis\u00f5es de ordem emocional. N\u00e3o que me seja uma exclusividade. O que relato [\u2026]","og_url":"https:\/\/museudofutebol.org.br\/teste\/um-time-para-cada-eu\/","og_site_name":"Museu do Futebol","article_publisher":"https:\/\/www.facebook.com\/museudofutebol","article_modified_time":"2022-08-15T15:05:37+00:00","og_image":[{"width":481,"height":331,"url":"https:\/\/museudofutebol.org.br\/teste\/wp-content\/uploads\/2022\/08\/Kissila_Muzy.png","type":"image\/png"}],"twitter_card":"summary_large_image","twitter_site":"@museudofutebol","twitter_misc":{"Est. tempo de leitura":"4 minutos"},"schema":{"@context":"https:\/\/schema.org","@graph":[{"@type":"WebPage","@id":"https:\/\/museudofutebol.org.br\/teste\/um-time-para-cada-eu\/","url":"https:\/\/museudofutebol.org.br\/teste\/um-time-para-cada-eu\/","name":"Um time para cada eu - Museu do Futebol","isPartOf":{"@id":"https:\/\/museudofutebol.org.br\/teste\/#website"},"datePublished":"2022-08-12T21:54:28+00:00","dateModified":"2022-08-15T15:05:37+00:00","breadcrumb":{"@id":"https:\/\/museudofutebol.org.br\/teste\/um-time-para-cada-eu\/#breadcrumb"},"inLanguage":"pt-BR","potentialAction":[{"@type":"ReadAction","target":["https:\/\/museudofutebol.org.br\/teste\/um-time-para-cada-eu\/"]}]},{"@type":"BreadcrumbList","@id":"https:\/\/museudofutebol.org.br\/teste\/um-time-para-cada-eu\/#breadcrumb","itemListElement":[{"@type":"ListItem","position":1,"name":"In\u00edcio","item":"https:\/\/museudofutebol.org.br\/teste\/"},{"@type":"ListItem","position":2,"name":"Um time para cada eu"}]},{"@type":"WebSite","@id":"https:\/\/museudofutebol.org.br\/teste\/#website","url":"https:\/\/museudofutebol.org.br\/teste\/","name":"Museu do Futebol","description":"","potentialAction":[{"@type":"SearchAction","target":{"@type":"EntryPoint","urlTemplate":"https:\/\/museudofutebol.org.br\/teste\/?s={search_term_string}"},"query-input":"required name=search_term_string"}],"inLanguage":"pt-BR"}]}},"_links":{"self":[{"href":"https:\/\/museudofutebol.org.br\/teste\/wp-json\/wp\/v2\/pages\/6859"}],"collection":[{"href":"https:\/\/museudofutebol.org.br\/teste\/wp-json\/wp\/v2\/pages"}],"about":[{"href":"https:\/\/museudofutebol.org.br\/teste\/wp-json\/wp\/v2\/types\/page"}],"author":[{"embeddable":true,"href":"https:\/\/museudofutebol.org.br\/teste\/wp-json\/wp\/v2\/users\/13"}],"replies":[{"embeddable":true,"href":"https:\/\/museudofutebol.org.br\/teste\/wp-json\/wp\/v2\/comments?post=6859"}],"version-history":[{"count":3,"href":"https:\/\/museudofutebol.org.br\/teste\/wp-json\/wp\/v2\/pages\/6859\/revisions"}],"predecessor-version":[{"id":6877,"href":"https:\/\/museudofutebol.org.br\/teste\/wp-json\/wp\/v2\/pages\/6859\/revisions\/6877"}],"wp:featuredmedia":[{"embeddable":true,"href":"https:\/\/museudofutebol.org.br\/teste\/wp-json\/wp\/v2\/media\/6872"}],"wp:attachment":[{"href":"https:\/\/museudofutebol.org.br\/teste\/wp-json\/wp\/v2\/media?parent=6859"}],"curies":[{"name":"wp","href":"https:\/\/api.w.org\/{rel}","templated":true}]}}