{"id":696,"date":"2020-07-16T13:51:23","date_gmt":"2020-07-16T16:51:23","guid":{"rendered":"https:\/\/museudofutebol.org.br\/teste\/?page_id=696"},"modified":"2024-07-10T07:58:53","modified_gmt":"2024-07-10T10:58:53","slug":"acessibilidade","status":"publish","type":"page","link":"https:\/\/museudofutebol.org.br\/teste\/acessibilidade\/","title":{"rendered":"Acessibilidade"},"content":{"rendered":"<div class=\"wpb-content-wrapper\"><p>[vc_row][vc_column width=&#8221;2\/3&#8243;][vc_column_text]<img decoding=\"async\" loading=\"lazy\" class=\"alignnone wp-image-824 size-full\" src=\"https:\/\/museudofutebol.org.br\/teste\/wp-content\/uploads\/2020\/09\/Avaliacao_AudioGuia_Ze_Vicente.jpg\" alt=\"Um homem anda sobre o piso podot\u00e1til de uma das salas do Museu do Futebol usando um bast\u00e3o para orientar o percurso.\" width=\"800\" height=\"531\" srcset=\"https:\/\/museudofutebol.org.br\/teste\/wp-content\/uploads\/2020\/09\/Avaliacao_AudioGuia_Ze_Vicente.jpg 800w, https:\/\/museudofutebol.org.br\/teste\/wp-content\/uploads\/2020\/09\/Avaliacao_AudioGuia_Ze_Vicente-300x199.jpg 300w, https:\/\/museudofutebol.org.br\/teste\/wp-content\/uploads\/2020\/09\/Avaliacao_AudioGuia_Ze_Vicente-768x510.jpg 768w, https:\/\/museudofutebol.org.br\/teste\/wp-content\/uploads\/2020\/09\/Avaliacao_AudioGuia_Ze_Vicente-220x146.jpg 220w, https:\/\/museudofutebol.org.br\/teste\/wp-content\/uploads\/2020\/09\/Avaliacao_AudioGuia_Ze_Vicente-50x33.jpg 50w, https:\/\/museudofutebol.org.br\/teste\/wp-content\/uploads\/2020\/09\/Avaliacao_AudioGuia_Ze_Vicente-113x75.jpg 113w\" sizes=\"(max-width:767px) 480px, (max-width:800px) 100vw, 800px\" \/><\/p>\n<p>Somos o primeiro museu do Estado de S\u00e3o Paulo planejado para ser totalmente acess\u00edvel. Para n\u00f3s, ser acess\u00edvel significa propiciar que o maior n\u00famero de pessoas, independente de suas condi\u00e7\u00f5es f\u00edsicas, sociais e intelectuais, possam viver experi\u00eancias inesquec\u00edveis durante sua visita.<\/p>\n<div>\n<p>Para isso, o Museu do Futebol oferece diversos recursos f\u00edsicos e comunicacionais, al\u00e9m de profissionais qualificados para atender aos mais diferentes p\u00fablicos: brasileiros e estrangeiros; de diversas origens sociais; pessoas com defici\u00eancia f\u00edsica, intelectual e mobilidade reduzida; crian\u00e7as, jovens, adultos e idosos.<\/p>\n<p class=\"selectable-text copyable-text x15bjb6t x1n2onr6\" dir=\"ltr\"><span class=\"selectable-text copyable-text\">O Museu disponibiliza cadeira de rodas e carrinhos de beb\u00ea para empr\u00e9stimo durante a visita. Basta solicitar na entrada e aproveitar todas as instala\u00e7\u00f5es sem preocupa\u00e7\u00f5es. O Museu do Futebol se compromete em garantir que todos os visitantes tenham uma estadia agrad\u00e1vel e acess\u00edvel. Buscamos <\/span>o constante aprimoramento e adapta\u00e7\u00e3o de nossa expografia, conte\u00fados, linguagens e, principalmente, o atendimento humanizado e atento \u00e0s diferen\u00e7as.<\/p>\n<p dir=\"ltr\">\n<p class=\"selectable-text copyable-text x15bjb6t x1n2onr6\" dir=\"ltr\"><strong>Navegue pelo menu ao lado para conhecer as iniciativas do Programa de Acessibilidade do Museu do Futebol.<\/strong><\/p>\n<\/div>\n<div><\/div>\n<h3>Pr\u00eamios recebidos<\/h3>\n<div>\n<div><strong>2009<\/strong>\u00a0 \u00a0Certificado 5 estrelas em Acessibilidade, concedido pela Secretaria Municipal de Pessoa com Defici\u00eancia e Mobilidade Reduzida de S\u00e3o Paulo<\/div>\n<div><strong>2012<\/strong>\u00a0 \u00a0Pr\u00eamio Darcy Ribeiro, conferido pelo IBRAM, pelo projeto educativo Deficiente Residente<\/div>\n<div><strong>2013<\/strong>\u00a0 \u00a03\u00ba lugar no Pr\u00eamio Iberoamericano de Educa\u00e7\u00e3o em Museus, pelo Projeto Educativo Deficiente Residente<\/div>\n<div><strong>2022<\/strong> Pr\u00eamio do F@IMP 2021-2022 Festival, promovido pelo AVICOM-ICOM, para o <a href=\"https:\/\/www.youtube.com\/watch?v=wC0N04OGp10\">document\u00e1rio Revivendo Mem\u00f3rias<\/a><\/div>\n<\/div>\n<p>[\/vc_column_text][\/vc_column][vc_column width=&#8221;1\/3&#8243;][vc_wp_custommenu nav_menu=&#8221;18&#8243;][\/vc_column][\/vc_row]<\/p>\n<\/div>","protected":false},"excerpt":{"rendered":"<p>[vc_row][vc_column width=&#8221;2\/3&#8243;][vc_column_text] Somos o primeiro museu do Estado de S\u00e3o Paulo planejado para ser totalmente acess\u00edvel. Para n\u00f3s, ser acess\u00edvel significa propiciar que o maior n\u00famero<span class=\"excerpt-hellip\"> [\u2026]<\/span><\/p>\n","protected":false},"author":2,"featured_media":0,"parent":0,"menu_order":0,"comment_status":"closed","ping_status":"closed","template":"","meta":[],"acf":[],"yoast_head":"<!-- This site is optimized with the Yoast SEO plugin v20.8 - https:\/\/yoast.com\/wordpress\/plugins\/seo\/ -->\n<title>Acessibilidade - Museu do Futebol<\/title>\n<meta name=\"robots\" content=\"index, follow, max-snippet:-1, max-image-preview:large, max-video-preview:-1\" \/>\n<link rel=\"canonical\" href=\"https:\/\/museudofutebol.org.br\/teste\/acessibilidade\/\" \/>\n<meta property=\"og:locale\" content=\"pt_BR\" \/>\n<meta property=\"og:type\" content=\"article\" \/>\n<meta property=\"og:title\" content=\"Acessibilidade - Museu do Futebol\" \/>\n<meta property=\"og:description\" content=\"[vc_row][vc_column width=&#8221;2\/3&#8243;][vc_column_text] Somos o primeiro museu do Estado de S\u00e3o Paulo planejado para ser totalmente acess\u00edvel. Para n\u00f3s, ser acess\u00edvel significa propiciar que o maior n\u00famero [\u2026]\" \/>\n<meta property=\"og:url\" content=\"https:\/\/museudofutebol.org.br\/teste\/acessibilidade\/\" \/>\n<meta property=\"og:site_name\" content=\"Museu do Futebol\" \/>\n<meta property=\"article:publisher\" content=\"https:\/\/www.facebook.com\/museudofutebol\" \/>\n<meta property=\"article:modified_time\" content=\"2024-07-10T10:58:53+00:00\" \/>\n<meta property=\"og:image\" content=\"https:\/\/museudofutebol.org.br\/teste\/wp-content\/uploads\/2020\/09\/Avaliacao_AudioGuia_Ze_Vicente.jpg\" \/>\n<meta name=\"twitter:card\" content=\"summary_large_image\" \/>\n<meta name=\"twitter:site\" content=\"@museudofutebol\" \/>\n<meta name=\"twitter:label1\" content=\"Est. tempo de leitura\" \/>\n\t<meta name=\"twitter:data1\" content=\"2 minutos\" \/>\n<script type=\"application\/ld+json\" class=\"yoast-schema-graph\">{\"@context\":\"https:\/\/schema.org\",\"@graph\":[{\"@type\":\"WebPage\",\"@id\":\"https:\/\/museudofutebol.org.br\/teste\/acessibilidade\/\",\"url\":\"https:\/\/museudofutebol.org.br\/teste\/acessibilidade\/\",\"name\":\"Acessibilidade - Museu do Futebol\",\"isPartOf\":{\"@id\":\"https:\/\/museudofutebol.org.br\/teste\/#website\"},\"datePublished\":\"2020-07-16T16:51:23+00:00\",\"dateModified\":\"2024-07-10T10:58:53+00:00\",\"breadcrumb\":{\"@id\":\"https:\/\/museudofutebol.org.br\/teste\/acessibilidade\/#breadcrumb\"},\"inLanguage\":\"pt-BR\",\"potentialAction\":[{\"@type\":\"ReadAction\",\"target\":[\"https:\/\/museudofutebol.org.br\/teste\/acessibilidade\/\"]}]},{\"@type\":\"BreadcrumbList\",\"@id\":\"https:\/\/museudofutebol.org.br\/teste\/acessibilidade\/#breadcrumb\",\"itemListElement\":[{\"@type\":\"ListItem\",\"position\":1,\"name\":\"In\u00edcio\",\"item\":\"https:\/\/museudofutebol.org.br\/teste\/\"},{\"@type\":\"ListItem\",\"position\":2,\"name\":\"Acessibilidade\"}]},{\"@type\":\"WebSite\",\"@id\":\"https:\/\/museudofutebol.org.br\/teste\/#website\",\"url\":\"https:\/\/museudofutebol.org.br\/teste\/\",\"name\":\"Museu do Futebol\",\"description\":\"\",\"potentialAction\":[{\"@type\":\"SearchAction\",\"target\":{\"@type\":\"EntryPoint\",\"urlTemplate\":\"https:\/\/museudofutebol.org.br\/teste\/?s={search_term_string}\"},\"query-input\":\"required name=search_term_string\"}],\"inLanguage\":\"pt-BR\"}]}<\/script>\n<!-- \/ Yoast SEO plugin. -->","yoast_head_json":{"title":"Acessibilidade - Museu do Futebol","robots":{"index":"index","follow":"follow","max-snippet":"max-snippet:-1","max-image-preview":"max-image-preview:large","max-video-preview":"max-video-preview:-1"},"canonical":"https:\/\/museudofutebol.org.br\/teste\/acessibilidade\/","og_locale":"pt_BR","og_type":"article","og_title":"Acessibilidade - Museu do Futebol","og_description":"[vc_row][vc_column width=&#8221;2\/3&#8243;][vc_column_text] Somos o primeiro museu do Estado de S\u00e3o Paulo planejado para ser totalmente acess\u00edvel. Para n\u00f3s, ser acess\u00edvel significa propiciar que o maior n\u00famero [\u2026]","og_url":"https:\/\/museudofutebol.org.br\/teste\/acessibilidade\/","og_site_name":"Museu do Futebol","article_publisher":"https:\/\/www.facebook.com\/museudofutebol","article_modified_time":"2024-07-10T10:58:53+00:00","og_image":[{"url":"https:\/\/museudofutebol.org.br\/teste\/wp-content\/uploads\/2020\/09\/Avaliacao_AudioGuia_Ze_Vicente.jpg"}],"twitter_card":"summary_large_image","twitter_site":"@museudofutebol","twitter_misc":{"Est. tempo de leitura":"2 minutos"},"schema":{"@context":"https:\/\/schema.org","@graph":[{"@type":"WebPage","@id":"https:\/\/museudofutebol.org.br\/teste\/acessibilidade\/","url":"https:\/\/museudofutebol.org.br\/teste\/acessibilidade\/","name":"Acessibilidade - Museu do Futebol","isPartOf":{"@id":"https:\/\/museudofutebol.org.br\/teste\/#website"},"datePublished":"2020-07-16T16:51:23+00:00","dateModified":"2024-07-10T10:58:53+00:00","breadcrumb":{"@id":"https:\/\/museudofutebol.org.br\/teste\/acessibilidade\/#breadcrumb"},"inLanguage":"pt-BR","potentialAction":[{"@type":"ReadAction","target":["https:\/\/museudofutebol.org.br\/teste\/acessibilidade\/"]}]},{"@type":"BreadcrumbList","@id":"https:\/\/museudofutebol.org.br\/teste\/acessibilidade\/#breadcrumb","itemListElement":[{"@type":"ListItem","position":1,"name":"In\u00edcio","item":"https:\/\/museudofutebol.org.br\/teste\/"},{"@type":"ListItem","position":2,"name":"Acessibilidade"}]},{"@type":"WebSite","@id":"https:\/\/museudofutebol.org.br\/teste\/#website","url":"https:\/\/museudofutebol.org.br\/teste\/","name":"Museu do Futebol","description":"","potentialAction":[{"@type":"SearchAction","target":{"@type":"EntryPoint","urlTemplate":"https:\/\/museudofutebol.org.br\/teste\/?s={search_term_string}"},"query-input":"required name=search_term_string"}],"inLanguage":"pt-BR"}]}},"_links":{"self":[{"href":"https:\/\/museudofutebol.org.br\/teste\/wp-json\/wp\/v2\/pages\/696"}],"collection":[{"href":"https:\/\/museudofutebol.org.br\/teste\/wp-json\/wp\/v2\/pages"}],"about":[{"href":"https:\/\/museudofutebol.org.br\/teste\/wp-json\/wp\/v2\/types\/page"}],"author":[{"embeddable":true,"href":"https:\/\/museudofutebol.org.br\/teste\/wp-json\/wp\/v2\/users\/2"}],"replies":[{"embeddable":true,"href":"https:\/\/museudofutebol.org.br\/teste\/wp-json\/wp\/v2\/comments?post=696"}],"version-history":[{"count":13,"href":"https:\/\/museudofutebol.org.br\/teste\/wp-json\/wp\/v2\/pages\/696\/revisions"}],"predecessor-version":[{"id":12647,"href":"https:\/\/museudofutebol.org.br\/teste\/wp-json\/wp\/v2\/pages\/696\/revisions\/12647"}],"wp:attachment":[{"href":"https:\/\/museudofutebol.org.br\/teste\/wp-json\/wp\/v2\/media?parent=696"}],"curies":[{"name":"wp","href":"https:\/\/api.w.org\/{rel}","templated":true}]}}