{"id":7023,"date":"2022-09-05T19:44:49","date_gmt":"2022-09-05T22:44:49","guid":{"rendered":"https:\/\/museudofutebol.org.br\/teste\/?page_id=7023"},"modified":"2023-11-01T18:39:18","modified_gmt":"2023-11-01T21:39:18","slug":"politica-de-privacidade","status":"publish","type":"page","link":"https:\/\/museudofutebol.org.br\/teste\/politica-de-privacidade\/","title":{"rendered":"Pol\u00edtica de privacidade"},"content":{"rendered":"<div class=\"wpb-content-wrapper\"><p>[vc_row][vc_column][vc_column_text]O IDBrasil Cultura, Educa\u00e7\u00e3o e Esporte, Organiza\u00e7\u00e3o Social de Cultura, \u00a0gestora do <strong>Museu do Futebol, inscrita no CNPJ\/MF sob o n\u00ba 10.233.223\/0001-52, <\/strong>\u00a0com sede na Pra\u00e7a Charles Miller, s\/n, respeita sua privacidade e quer explicar a voc\u00ea, por meio desta Pol\u00edtica de Privacidade, como utiliza seus dados pessoais no site <a href=\"https:\/\/www.museudofutebol.org.br\/teste\">https:\/\/www.museudofutebol.org.br\/teste<\/a>, em conformidade com as legisla\u00e7\u00f5es de prote\u00e7\u00e3o de dados, em especial a Lei Geral de Prote\u00e7\u00e3o de Dados Pessoais (LGPD) \u2013 13.709\/2018.<\/p>\n<p>Leia esta Pol\u00edtica com aten\u00e7\u00e3o para entender nossas pr\u00e1ticas em rela\u00e7\u00e3o \u00e0s suas informa\u00e7\u00f5es e como iremos trat\u00e1-las.<\/p>\n<p>&nbsp;<\/p>\n<ol>\n<li><strong> O QUE COLETAMOS<\/strong><strong>\u00a0<\/strong><\/li>\n<\/ol>\n<p>Tratamos as informa\u00e7\u00f5es que coletamos para a\u00e7\u00f5es institucionais do Museu do Futebol \u00a0e para \u00a0fornecer-lhe nossos servi\u00e7os. Nunca coletamos dados pessoais desnecess\u00e1rios e n\u00e3o trataremos suas informa\u00e7\u00f5es de quaisquer outras formas que n\u00e3o as especificadas nesta Pol\u00edtica.<\/p>\n<p>A maior parte dos dados coletados s\u00e3o pseudonimizados. Isso significa que um ID \u00e9 vinculado a cada usu\u00e1rio, e os dados coletados durante a navega\u00e7\u00e3o, ficam associado a esse ID, e n\u00e3o a um dado que o identifique, dados esses que s\u00e3o coletados de acordo como o estabelecido no consentimento dos cookies. Outros dados pessoais s\u00e3o coletados quando o usu\u00e1rio voluntariamente os disponibiliza.<\/p>\n<p>&nbsp;<\/p>\n<p><strong>MANEIRAS DE COLETA:<\/strong><\/p>\n<ul>\n<li>A coleta de dados se d\u00e1 por meio de formul\u00e1rios, registro de newsletters, comunica\u00e7\u00e3o de um problema com o nosso site ou servi\u00e7os. Nesses casos, o usu\u00e1rio pode fornecer nome, e-mail, nome da empresa, endere\u00e7o, n\u00famero de telefone etc.<\/li>\n<li>Registros e c\u00f3pias de mensagens (incluindo endere\u00e7os de e-mail) quando voc\u00ea nos contatar.<\/li>\n<li>Informa\u00e7\u00f5es t\u00e9cnicas e anal\u00edticas, como tipos de navegador, detalhes de uso, tempo de solicita\u00e7\u00f5es, sistema operacional, endere\u00e7os IP, informa\u00e7\u00f5es do Google Analytics e ferramentas semelhantes, e informa\u00e7\u00f5es coletadas por meio de cookies e outras tecnologias de rastreamento.<\/li>\n<li>Dados estat\u00edsticos agregados.<\/li>\n<\/ul>\n<p>&nbsp;<\/p>\n<p><strong>INFORMA\u00c7\u00d5ES E TERCEIROS<\/strong><strong>\u00a0<\/strong><\/p>\n<p>Trabalhamos em estreita colabora\u00e7\u00e3o com terceiros e tamb\u00e9m recebemos deles informa\u00e7\u00f5es sobre voc\u00ea. Isso pode incluir servi\u00e7os como Google Analytics e outros terceiros confi\u00e1veis.<\/p>\n<p>&nbsp;<\/p>\n<p><strong>COOKIES<\/strong><strong>\u00a0<\/strong><\/p>\n<p>Um cookie \u00e9 um arquivo de texto que \u00e9 baixado para o seu dispositivo quando voc\u00ea visita um site. Isso pode ajudar a identificar seu dispositivo sempre que voc\u00ea visitar esse site. Para fazer o melhor uso do nosso site ou do aplicativo, recomendamos que voc\u00ea configure seu dispositivo ou navegador da web para aceitar cookies. No entanto, voc\u00ea sempre pode optar por recusar nossos cookies. Se voc\u00ea fizer isso, talvez n\u00e3o consiga usar algumas partes do nosso site ou do aplicativo. Podemos usar cookies para:<\/p>\n<ul>\n<li>Analisar como sites e aplicativos funcionam e s\u00e3o usados.<\/li>\n<li>Disponibilizara voc\u00ea conte\u00fado que corresponda \u00e0s suas prefer\u00eancias.<\/li>\n<li>Alguns cookies podem nos ajudar a garantir que suas informa\u00e7\u00f5es estejam seguras ao usar nossos servi\u00e7os.<\/li>\n<li>Certificar-nos de que as p\u00e1ginas do site tenham uma apar\u00eancia consistente.<\/li>\n<\/ul>\n<p>&nbsp;<\/p>\n<p><strong>INFORMA\u00c7\u00d5ES QUE COLETAMOS E TECNOLOGIAS DE RASTREAMENTO<\/strong><strong>\u00a0<\/strong><\/p>\n<p>Coletamos informa\u00e7\u00f5es que n\u00e3o revelam diretamente sua identidade espec\u00edfica ou n\u00e3o se relacionam diretamente a voc\u00ea como indiv\u00edduo. Podemos coletar automaticamente as seguintes informa\u00e7\u00f5es quando voc\u00ea usa nosso servi\u00e7o:<\/p>\n<ul>\n<li>Seu dispositivo, a\u00e7\u00f5es de navega\u00e7\u00e3o e padr\u00f5es coletados automaticamente enquanto voc\u00ea navega em nossos sites.<\/li>\n<li>Detalhes de uso, hora das solicita\u00e7\u00f5es, tipos de navegador, sistema operacional, endere\u00e7os IP e informa\u00e7\u00f5es coletadas por meio de cookies, web beacons e outras tecnologias de rastreamento.<\/li>\n<li>Detalhes de suas visitas ao nosso site, incluindo dados de tr\u00e1fego, dados de localiza\u00e7\u00e3o, registros e outros dados de comunica\u00e7\u00e3o e os recursos que voc\u00ea acessa e usa no site.<\/li>\n<li>Informa\u00e7\u00f5es sobre seu computador e conex\u00e3o com a Internet, sistema operacional e tipo de navegador.<\/li>\n<li>Endere\u00e7o de e-mail para envio de newsletter, quando o usu\u00e1rio preencher o formul\u00e1rio para esse fim.<\/li>\n<\/ul>\n<p>&nbsp;<\/p>\n<p><strong>DADOS PESSOAIS E SUA UTILIZA\u00c7\u00c3O<\/strong><strong>\u00a0<\/strong><\/p>\n<p>N\u00f3s levamos sua privacidade muito a s\u00e9rio e nunca divulgaremos, venderemos ou compartilharemos seus dados sem o seu consentimento, a menos que seja necess\u00e1rio faz\u00ea-lo por lei.<\/p>\n<p>Mantemos seus dados pelo per\u00edodo necess\u00e1rio para que possamos atingir a finalidade especificada neste Aviso.<\/p>\n<ul>\n<li>Coletamos seus dados pessoais para fornecimento do servi\u00e7o de newsletter.<\/li>\n<li>Ocasionalmente, enviaremos informa\u00e7\u00f5es de marketing em que avaliamos o que pode ser ben\u00e9fico para voc\u00ea como nosso consumidor. Tais informa\u00e7\u00f5es n\u00e3o s\u00e3o intrusivas e s\u00e3o tratadas com base em nossos interesses leg\u00edtimos. Voc\u00ea pode optar a qualquer momento por n\u00e3o receber estas informa\u00e7\u00f5es.<\/li>\n<\/ul>\n<p>Qualquer uma das informa\u00e7\u00f5es que coletamos de voc\u00ea pode ser usada para uma ou mais das seguintes finalidades:<\/p>\n<ul>\n<li>Para melhorar nosso site.;<\/li>\n<li>Para permitir o tratamento automatizado das assinaturas.<\/li>\n<li>De outras formas para que sejamos capazes de fornecer os Servi\u00e7os a voc\u00ea de acordo com esta pol\u00edtica.<\/li>\n<\/ul>\n<p>&nbsp;<\/p>\n<ol start=\"2\">\n<li><strong> DIREITOS<\/strong><strong>\u00a0<\/strong><\/li>\n<\/ol>\n<p>Voc\u00ea tem o direito de acessar qualquer informa\u00e7\u00e3o pessoal que n\u00f3s tratamos a seu respeito, e pode tamb\u00e9m solicitar informa\u00e7\u00f5es sobre:<\/p>\n<ul>\n<li>Quais dados pessoais temos sobre voc\u00ea.<\/li>\n<li>As finalidades do tratamento.<\/li>\n<li>As categorias de dados pessoais em causa.<\/li>\n<li>Os destinat\u00e1rios a quem os dados pessoais foram\/ser\u00e3o divulgados.<\/li>\n<li>Quanto tempo pretendemos armazenar seus dados pessoais.<\/li>\n<li>Se n\u00e3o coletamos os dados diretamente de voc\u00ea, informa\u00e7\u00f5es sobre a fonte.<\/li>\n<\/ul>\n<p>Se voc\u00ea acredita que temos quaisquer dados incompletos ou imprecisos, voc\u00ea tem o direito de nos pedir para corrigir e\/ou completar as informa\u00e7\u00f5es e nos esfor\u00e7amos para faz\u00ea-lo o mais rapidamente poss\u00edvel, a menos que haja uma raz\u00e3o v\u00e1lida para n\u00e3o o fazer. Caso ocorra esta \u00faltima situa\u00e7\u00e3o, voc\u00ea ser\u00e1 devidamente notificado.<\/p>\n<p>Voc\u00ea tamb\u00e9m tem o direito de solicitar o apagamento de seus dados pessoais ou de restringir o tratamento (quando aplic\u00e1vel) de acordo com a legisla\u00e7\u00e3o de prote\u00e7\u00e3o de dados, bem como o direito de se opor a qualquer marketing direto. Quando aplic\u00e1vel, voc\u00ea tem o direito \u00e0 portabilidade de dados de suas informa\u00e7\u00f5es e o direito de ser informado sobre qualquer tomada de decis\u00e3o automatizada que possamos usar.<\/p>\n<p>Todas estas solicita\u00e7\u00f5es, podem ser realizadas atrav\u00e9s do endere\u00e7o <strong>contato@museudofutebol.org,br<\/strong><\/p>\n<p>Se recebermos uma solicita\u00e7\u00e3o sua para exercer qualquer um dos direitos acima, podemos pedir que voc\u00ea confirme sua identidade antes de agirmos com base em sua solicita\u00e7\u00e3o. Esta confirma\u00e7\u00e3o \u00e9 necess\u00e1ria para garantirmos que seus dados est\u00e3o protegidos e s\u00e3o mantidos em seguran\u00e7a.<\/p>\n<p>&nbsp;<\/p>\n<p><strong>INFORMA\u00c7\u00d5ES PESSOAIS E DIVULGA\u00c7\u00c3O.<\/strong><strong>\u00a0<\/strong><\/p>\n<p>N\u00e3o compartilhamos ou divulgamos nenhum dado pessoal seu sem o seu consentimento, exceto para os fins especificados nesta Pol\u00edtica ou quando houver uma exig\u00eancia legal.<\/p>\n<p>&nbsp;<\/p>\n<ol start=\"3\">\n<li><strong> MEDIDAS DE SEGURAN\u00c7A<\/strong><strong>\u00a0<\/strong><\/li>\n<\/ol>\n<p>N\u00f3s levamos sua privacidade a s\u00e9rio e tomamos todas as medidas e precau\u00e7\u00f5es razo\u00e1veis para proteger seus dados pessoais. Trabalhamos duro para proteg\u00ea-lo, e aos seus dados pessoais, contra acesso n\u00e3o autorizado, altera\u00e7\u00e3o acidental ou il\u00edcita, divulga\u00e7\u00e3o ou destrui\u00e7\u00e3o de seus dados pessoais, e temos v\u00e1rias camadas de medidas de seguran\u00e7a em vigor, <strong>incluindo: criptografia, pseudonimiza\u00e7\u00e3o, restri\u00e7\u00e3o de acesso, firewalls etc.<\/strong><\/p>\n<p>.<\/p>\n<p>&nbsp;<\/p>\n<p><strong>RETEN\u00c7\u00c3O DOS DADOS<\/strong><strong>\u00a0<\/strong><\/p>\n<p>Retemos os seus registros de acordo com as orienta\u00e7\u00f5es de melhores pr\u00e1ticas nacionais e apenas processamos os seus dados pessoais enquanto for necess\u00e1rio para os fins para os quais as informa\u00e7\u00f5es em quest\u00e3o s\u00e3o processadas, conforme descrito no item 1 . Temos rigorosas pol\u00edticas de revis\u00e3o e reten\u00e7\u00e3o em vigor para cumprir essas obriga\u00e7\u00f5es.<\/p>\n<p>Quando voc\u00ea nos der seu consentimento para que utilizemos seus dados para marketing direto, manteremos esses dados at\u00e9 que voc\u00ea exer\u00e7a seu direito de oposi\u00e7\u00e3o e\/ou retirar seu consentimento, tamb\u00e9m conhecido como \u201copt-out\u201d.<\/p>\n<p>&nbsp;<\/p>\n<ol start=\"4\">\n<li><strong> FALE CONOSCO<\/strong><strong>\u00a0<\/strong><\/li>\n<\/ol>\n<p>Para qualquer d\u00favida ou preocupa\u00e7\u00e3o, voc\u00ea pode nos contatar pelos canais abaixo.<\/p>\n<ul>\n<li>Email: contato@museudofutebol.org.br\/teste<\/li>\n<li>Fone: +55 11 3664-3848<\/li>\n<\/ul>\n<p>[\/vc_column_text][\/vc_column][\/vc_row]<\/p>\n<\/div>","protected":false},"excerpt":{"rendered":"<p>[vc_row][vc_column][vc_column_text]O IDBrasil Cultura, Educa\u00e7\u00e3o e Esporte, Organiza\u00e7\u00e3o Social de Cultura, \u00a0gestora do Museu do Futebol, inscrita no CNPJ\/MF sob o n\u00ba 10.233.223\/0001-52, \u00a0com sede na Pra\u00e7a<span class=\"excerpt-hellip\"> [\u2026]<\/span><\/p>\n","protected":false},"author":11,"featured_media":0,"parent":0,"menu_order":0,"comment_status":"closed","ping_status":"closed","template":"","meta":[],"acf":[],"yoast_head":"<!-- This site is optimized with the Yoast SEO plugin v20.8 - https:\/\/yoast.com\/wordpress\/plugins\/seo\/ -->\n<title>Pol\u00edtica de privacidade - Museu do Futebol<\/title>\n<meta name=\"robots\" content=\"index, follow, max-snippet:-1, max-image-preview:large, max-video-preview:-1\" \/>\n<link rel=\"canonical\" href=\"https:\/\/museudofutebol.org.br\/teste\/politica-de-privacidade\/\" \/>\n<meta property=\"og:locale\" content=\"pt_BR\" \/>\n<meta property=\"og:type\" content=\"article\" \/>\n<meta property=\"og:title\" content=\"Pol\u00edtica de privacidade - Museu do Futebol\" \/>\n<meta property=\"og:description\" content=\"[vc_row][vc_column][vc_column_text]O IDBrasil Cultura, Educa\u00e7\u00e3o e Esporte, Organiza\u00e7\u00e3o Social de Cultura, \u00a0gestora do Museu do Futebol, inscrita no CNPJ\/MF sob o n\u00ba 10.233.223\/0001-52, \u00a0com sede na Pra\u00e7a [\u2026]\" \/>\n<meta property=\"og:url\" content=\"https:\/\/museudofutebol.org.br\/teste\/politica-de-privacidade\/\" \/>\n<meta property=\"og:site_name\" content=\"Museu do Futebol\" \/>\n<meta property=\"article:publisher\" content=\"https:\/\/www.facebook.com\/museudofutebol\" \/>\n<meta property=\"article:modified_time\" content=\"2023-11-01T21:39:18+00:00\" \/>\n<meta name=\"twitter:card\" content=\"summary_large_image\" \/>\n<meta name=\"twitter:site\" content=\"@museudofutebol\" \/>\n<meta name=\"twitter:label1\" content=\"Est. tempo de leitura\" \/>\n\t<meta name=\"twitter:data1\" content=\"7 minutos\" \/>\n<script type=\"application\/ld+json\" class=\"yoast-schema-graph\">{\"@context\":\"https:\/\/schema.org\",\"@graph\":[{\"@type\":\"WebPage\",\"@id\":\"https:\/\/museudofutebol.org.br\/teste\/politica-de-privacidade\/\",\"url\":\"https:\/\/museudofutebol.org.br\/teste\/politica-de-privacidade\/\",\"name\":\"Pol\u00edtica de privacidade - Museu do Futebol\",\"isPartOf\":{\"@id\":\"https:\/\/museudofutebol.org.br\/teste\/#website\"},\"datePublished\":\"2022-09-05T22:44:49+00:00\",\"dateModified\":\"2023-11-01T21:39:18+00:00\",\"breadcrumb\":{\"@id\":\"https:\/\/museudofutebol.org.br\/teste\/politica-de-privacidade\/#breadcrumb\"},\"inLanguage\":\"pt-BR\",\"potentialAction\":[{\"@type\":\"ReadAction\",\"target\":[\"https:\/\/museudofutebol.org.br\/teste\/politica-de-privacidade\/\"]}]},{\"@type\":\"BreadcrumbList\",\"@id\":\"https:\/\/museudofutebol.org.br\/teste\/politica-de-privacidade\/#breadcrumb\",\"itemListElement\":[{\"@type\":\"ListItem\",\"position\":1,\"name\":\"In\u00edcio\",\"item\":\"https:\/\/museudofutebol.org.br\/teste\/\"},{\"@type\":\"ListItem\",\"position\":2,\"name\":\"Pol\u00edtica de privacidade\"}]},{\"@type\":\"WebSite\",\"@id\":\"https:\/\/museudofutebol.org.br\/teste\/#website\",\"url\":\"https:\/\/museudofutebol.org.br\/teste\/\",\"name\":\"Museu do Futebol\",\"description\":\"\",\"potentialAction\":[{\"@type\":\"SearchAction\",\"target\":{\"@type\":\"EntryPoint\",\"urlTemplate\":\"https:\/\/museudofutebol.org.br\/teste\/?s={search_term_string}\"},\"query-input\":\"required name=search_term_string\"}],\"inLanguage\":\"pt-BR\"}]}<\/script>\n<!-- \/ Yoast SEO plugin. -->","yoast_head_json":{"title":"Pol\u00edtica de privacidade - Museu do Futebol","robots":{"index":"index","follow":"follow","max-snippet":"max-snippet:-1","max-image-preview":"max-image-preview:large","max-video-preview":"max-video-preview:-1"},"canonical":"https:\/\/museudofutebol.org.br\/teste\/politica-de-privacidade\/","og_locale":"pt_BR","og_type":"article","og_title":"Pol\u00edtica de privacidade - Museu do Futebol","og_description":"[vc_row][vc_column][vc_column_text]O IDBrasil Cultura, Educa\u00e7\u00e3o e Esporte, Organiza\u00e7\u00e3o Social de Cultura, \u00a0gestora do Museu do Futebol, inscrita no CNPJ\/MF sob o n\u00ba 10.233.223\/0001-52, \u00a0com sede na Pra\u00e7a [\u2026]","og_url":"https:\/\/museudofutebol.org.br\/teste\/politica-de-privacidade\/","og_site_name":"Museu do Futebol","article_publisher":"https:\/\/www.facebook.com\/museudofutebol","article_modified_time":"2023-11-01T21:39:18+00:00","twitter_card":"summary_large_image","twitter_site":"@museudofutebol","twitter_misc":{"Est. tempo de leitura":"7 minutos"},"schema":{"@context":"https:\/\/schema.org","@graph":[{"@type":"WebPage","@id":"https:\/\/museudofutebol.org.br\/teste\/politica-de-privacidade\/","url":"https:\/\/museudofutebol.org.br\/teste\/politica-de-privacidade\/","name":"Pol\u00edtica de privacidade - Museu do Futebol","isPartOf":{"@id":"https:\/\/museudofutebol.org.br\/teste\/#website"},"datePublished":"2022-09-05T22:44:49+00:00","dateModified":"2023-11-01T21:39:18+00:00","breadcrumb":{"@id":"https:\/\/museudofutebol.org.br\/teste\/politica-de-privacidade\/#breadcrumb"},"inLanguage":"pt-BR","potentialAction":[{"@type":"ReadAction","target":["https:\/\/museudofutebol.org.br\/teste\/politica-de-privacidade\/"]}]},{"@type":"BreadcrumbList","@id":"https:\/\/museudofutebol.org.br\/teste\/politica-de-privacidade\/#breadcrumb","itemListElement":[{"@type":"ListItem","position":1,"name":"In\u00edcio","item":"https:\/\/museudofutebol.org.br\/teste\/"},{"@type":"ListItem","position":2,"name":"Pol\u00edtica de privacidade"}]},{"@type":"WebSite","@id":"https:\/\/museudofutebol.org.br\/teste\/#website","url":"https:\/\/museudofutebol.org.br\/teste\/","name":"Museu do Futebol","description":"","potentialAction":[{"@type":"SearchAction","target":{"@type":"EntryPoint","urlTemplate":"https:\/\/museudofutebol.org.br\/teste\/?s={search_term_string}"},"query-input":"required name=search_term_string"}],"inLanguage":"pt-BR"}]}},"_links":{"self":[{"href":"https:\/\/museudofutebol.org.br\/teste\/wp-json\/wp\/v2\/pages\/7023"}],"collection":[{"href":"https:\/\/museudofutebol.org.br\/teste\/wp-json\/wp\/v2\/pages"}],"about":[{"href":"https:\/\/museudofutebol.org.br\/teste\/wp-json\/wp\/v2\/types\/page"}],"author":[{"embeddable":true,"href":"https:\/\/museudofutebol.org.br\/teste\/wp-json\/wp\/v2\/users\/11"}],"replies":[{"embeddable":true,"href":"https:\/\/museudofutebol.org.br\/teste\/wp-json\/wp\/v2\/comments?post=7023"}],"version-history":[{"count":5,"href":"https:\/\/museudofutebol.org.br\/teste\/wp-json\/wp\/v2\/pages\/7023\/revisions"}],"predecessor-version":[{"id":10328,"href":"https:\/\/museudofutebol.org.br\/teste\/wp-json\/wp\/v2\/pages\/7023\/revisions\/10328"}],"wp:attachment":[{"href":"https:\/\/museudofutebol.org.br\/teste\/wp-json\/wp\/v2\/media?parent=7023"}],"curies":[{"name":"wp","href":"https:\/\/api.w.org\/{rel}","templated":true}]}}