{"id":86,"date":"2020-03-24T02:32:47","date_gmt":"2020-03-24T05:32:47","guid":{"rendered":"https:\/\/museudofutebol.org.br\/teste\/?page_id=86"},"modified":"2024-07-31T14:04:15","modified_gmt":"2024-07-31T17:04:15","slug":"programa-educativo-2","status":"publish","type":"page","link":"https:\/\/museudofutebol.org.br\/teste\/programa-educativo-2\/","title":{"rendered":"Programa educativo"},"content":{"rendered":"<div class=\"wpb-content-wrapper\"><p>[vc_row][vc_column width=&#8221;2\/3&#8243;][vc_column_text]<\/p>\n<p><img decoding=\"async\" loading=\"lazy\" class=\"size-medium wp-image-12999\" src=\"https:\/\/museudofutebol.org.br\/teste\/wp-content\/uploads\/2024\/07\/MG_1930-1-640x427.jpg\" alt=\"\" width=\"640\" height=\"427\" srcset=\"https:\/\/museudofutebol.org.br\/teste\/wp-content\/uploads\/2024\/07\/MG_1930-1-640x427.jpg 640w, https:\/\/museudofutebol.org.br\/teste\/wp-content\/uploads\/2024\/07\/MG_1930-1-1024x683.jpg 1024w, https:\/\/museudofutebol.org.br\/teste\/wp-content\/uploads\/2024\/07\/MG_1930-1-768x512.jpg 768w, https:\/\/museudofutebol.org.br\/teste\/wp-content\/uploads\/2024\/07\/MG_1930-1-1536x1024.jpg 1536w, https:\/\/museudofutebol.org.br\/teste\/wp-content\/uploads\/2024\/07\/MG_1930-1-2048x1365.jpg 2048w, https:\/\/museudofutebol.org.br\/teste\/wp-content\/uploads\/2024\/07\/MG_1930-1-219x146.jpg 219w, https:\/\/museudofutebol.org.br\/teste\/wp-content\/uploads\/2024\/07\/MG_1930-1-50x33.jpg 50w, https:\/\/museudofutebol.org.br\/teste\/wp-content\/uploads\/2024\/07\/MG_1930-1-113x75.jpg 113w\" sizes=\"(max-width:767px) 480px, 640px\" \/><\/p>\n<p>O Programa Educativo do Museu do Futebol tem como objetivo acolher e orientar os visitantes, contribuindo para a constru\u00e7\u00e3o de conhecimentos, o despertar de sensibilidades e a inclus\u00e3o de todos os p\u00fablicos.<\/p>\n<p>A equipe tem profissionais com forma\u00e7\u00e3o multidisciplinar que s\u00e3o respons\u00e1veis pela cria\u00e7\u00e3o e desenvolvimento de recursos l\u00fadico-pedag\u00f3gicos que visam ao di\u00e1logo com o p\u00fablico e a media\u00e7\u00e3o com o acervo do Museu do Futebol. As atividades prop\u00f5em reflex\u00f5es, despertando curiosidades, de modo a tornar a experi\u00eancia do visitante \u00fanica e agrad\u00e1vel.<\/p>\n<p>O N\u00facleo tamb\u00e9m \u00e9 respons\u00e1vel por a\u00e7\u00f5es de consci\u00eancia funcional e por projetos de inclus\u00e3o social.<\/p>\n<p>&nbsp;<\/p>\n<h4><strong>Visitas educativas\u00a0<\/strong><\/h4>\n<div>\n<p>O Programa Educativo realiza visitas agendadas com grupos escolares e de institui\u00e7\u00f5es, de ter\u00e7a a sexta, e visitas espont\u00e2neas com p\u00fablico aos s\u00e1bados e domingos.<\/p>\n<\/div>\n<h4><strong>Conte\u00fado educativo\u00a0<\/strong><\/h4>\n<div>\n<p>Um dos trabalhos do N\u00facleo Educativo \u00e9 o desenvolvimento de jogos e brincadeiras exclusivas, para uso tanto no espa\u00e7o do Museu do Futebol quanto na internet. Os conte\u00fados est\u00e3o dispon\u00edveis <a href=\"https:\/\/museudofutebol.org.br\/teste\/educativo\/\">aqui<\/a>.<\/p>\n<\/div>\n<div>\n<h4><strong>\u00a0<\/strong><\/h4>\n<\/div>\n<p>[\/vc_column_text][\/vc_column][vc_column width=&#8221;1\/3&#8243;][vc_wp_custommenu nav_menu=&#8221;17&#8243;][\/vc_column][\/vc_row]<\/p>\n<\/div>","protected":false},"excerpt":{"rendered":"<p>[vc_row][vc_column width=&#8221;2\/3&#8243;][vc_column_text] O Programa Educativo do Museu do Futebol tem como objetivo acolher e orientar os visitantes, contribuindo para a constru\u00e7\u00e3o de conhecimentos, o despertar de<span class=\"excerpt-hellip\"> [\u2026]<\/span><\/p>\n","protected":false},"author":2,"featured_media":13005,"parent":0,"menu_order":0,"comment_status":"closed","ping_status":"closed","template":"","meta":[],"acf":[],"yoast_head":"<!-- This site is optimized with the Yoast SEO plugin v20.8 - https:\/\/yoast.com\/wordpress\/plugins\/seo\/ -->\n<title>Programa educativo - Museu do Futebol<\/title>\n<meta name=\"robots\" content=\"index, follow, max-snippet:-1, max-image-preview:large, max-video-preview:-1\" \/>\n<link rel=\"canonical\" href=\"https:\/\/museudofutebol.org.br\/teste\/programa-educativo-2\/\" \/>\n<meta property=\"og:locale\" content=\"pt_BR\" \/>\n<meta property=\"og:type\" content=\"article\" \/>\n<meta property=\"og:title\" content=\"Programa educativo - Museu do Futebol\" \/>\n<meta property=\"og:description\" content=\"[vc_row][vc_column width=&#8221;2\/3&#8243;][vc_column_text] O Programa Educativo do Museu do Futebol tem como objetivo acolher e orientar os visitantes, contribuindo para a constru\u00e7\u00e3o de conhecimentos, o despertar de [\u2026]\" \/>\n<meta property=\"og:url\" content=\"https:\/\/museudofutebol.org.br\/teste\/programa-educativo-2\/\" \/>\n<meta property=\"og:site_name\" content=\"Museu do Futebol\" \/>\n<meta property=\"article:publisher\" content=\"https:\/\/www.facebook.com\/museudofutebol\" \/>\n<meta property=\"article:modified_time\" content=\"2024-07-31T17:04:15+00:00\" \/>\n<meta property=\"og:image\" content=\"https:\/\/museudofutebol.org.br\/teste\/wp-content\/uploads\/2024\/07\/MG_1930-2-scaled.jpg\" \/>\n\t<meta property=\"og:image:width\" content=\"2560\" \/>\n\t<meta property=\"og:image:height\" content=\"1441\" \/>\n\t<meta property=\"og:image:type\" content=\"image\/jpeg\" \/>\n<meta name=\"twitter:card\" content=\"summary_large_image\" \/>\n<meta name=\"twitter:site\" content=\"@museudofutebol\" \/>\n<meta name=\"twitter:label1\" content=\"Est. tempo de leitura\" \/>\n\t<meta name=\"twitter:data1\" content=\"2 minutos\" \/>\n<script type=\"application\/ld+json\" class=\"yoast-schema-graph\">{\"@context\":\"https:\/\/schema.org\",\"@graph\":[{\"@type\":\"WebPage\",\"@id\":\"https:\/\/museudofutebol.org.br\/teste\/programa-educativo-2\/\",\"url\":\"https:\/\/museudofutebol.org.br\/teste\/programa-educativo-2\/\",\"name\":\"Programa educativo - Museu do Futebol\",\"isPartOf\":{\"@id\":\"https:\/\/museudofutebol.org.br\/teste\/#website\"},\"datePublished\":\"2020-03-24T05:32:47+00:00\",\"dateModified\":\"2024-07-31T17:04:15+00:00\",\"breadcrumb\":{\"@id\":\"https:\/\/museudofutebol.org.br\/teste\/programa-educativo-2\/#breadcrumb\"},\"inLanguage\":\"pt-BR\",\"potentialAction\":[{\"@type\":\"ReadAction\",\"target\":[\"https:\/\/museudofutebol.org.br\/teste\/programa-educativo-2\/\"]}]},{\"@type\":\"BreadcrumbList\",\"@id\":\"https:\/\/museudofutebol.org.br\/teste\/programa-educativo-2\/#breadcrumb\",\"itemListElement\":[{\"@type\":\"ListItem\",\"position\":1,\"name\":\"In\u00edcio\",\"item\":\"https:\/\/museudofutebol.org.br\/teste\/\"},{\"@type\":\"ListItem\",\"position\":2,\"name\":\"Programa educativo\"}]},{\"@type\":\"WebSite\",\"@id\":\"https:\/\/museudofutebol.org.br\/teste\/#website\",\"url\":\"https:\/\/museudofutebol.org.br\/teste\/\",\"name\":\"Museu do Futebol\",\"description\":\"\",\"potentialAction\":[{\"@type\":\"SearchAction\",\"target\":{\"@type\":\"EntryPoint\",\"urlTemplate\":\"https:\/\/museudofutebol.org.br\/teste\/?s={search_term_string}\"},\"query-input\":\"required name=search_term_string\"}],\"inLanguage\":\"pt-BR\"}]}<\/script>\n<!-- \/ Yoast SEO plugin. -->","yoast_head_json":{"title":"Programa educativo - Museu do Futebol","robots":{"index":"index","follow":"follow","max-snippet":"max-snippet:-1","max-image-preview":"max-image-preview:large","max-video-preview":"max-video-preview:-1"},"canonical":"https:\/\/museudofutebol.org.br\/teste\/programa-educativo-2\/","og_locale":"pt_BR","og_type":"article","og_title":"Programa educativo - Museu do Futebol","og_description":"[vc_row][vc_column width=&#8221;2\/3&#8243;][vc_column_text] O Programa Educativo do Museu do Futebol tem como objetivo acolher e orientar os visitantes, contribuindo para a constru\u00e7\u00e3o de conhecimentos, o despertar de [\u2026]","og_url":"https:\/\/museudofutebol.org.br\/teste\/programa-educativo-2\/","og_site_name":"Museu do Futebol","article_publisher":"https:\/\/www.facebook.com\/museudofutebol","article_modified_time":"2024-07-31T17:04:15+00:00","og_image":[{"width":2560,"height":1441,"url":"https:\/\/museudofutebol.org.br\/teste\/wp-content\/uploads\/2024\/07\/MG_1930-2-scaled.jpg","type":"image\/jpeg"}],"twitter_card":"summary_large_image","twitter_site":"@museudofutebol","twitter_misc":{"Est. tempo de leitura":"2 minutos"},"schema":{"@context":"https:\/\/schema.org","@graph":[{"@type":"WebPage","@id":"https:\/\/museudofutebol.org.br\/teste\/programa-educativo-2\/","url":"https:\/\/museudofutebol.org.br\/teste\/programa-educativo-2\/","name":"Programa educativo - Museu do Futebol","isPartOf":{"@id":"https:\/\/museudofutebol.org.br\/teste\/#website"},"datePublished":"2020-03-24T05:32:47+00:00","dateModified":"2024-07-31T17:04:15+00:00","breadcrumb":{"@id":"https:\/\/museudofutebol.org.br\/teste\/programa-educativo-2\/#breadcrumb"},"inLanguage":"pt-BR","potentialAction":[{"@type":"ReadAction","target":["https:\/\/museudofutebol.org.br\/teste\/programa-educativo-2\/"]}]},{"@type":"BreadcrumbList","@id":"https:\/\/museudofutebol.org.br\/teste\/programa-educativo-2\/#breadcrumb","itemListElement":[{"@type":"ListItem","position":1,"name":"In\u00edcio","item":"https:\/\/museudofutebol.org.br\/teste\/"},{"@type":"ListItem","position":2,"name":"Programa educativo"}]},{"@type":"WebSite","@id":"https:\/\/museudofutebol.org.br\/teste\/#website","url":"https:\/\/museudofutebol.org.br\/teste\/","name":"Museu do Futebol","description":"","potentialAction":[{"@type":"SearchAction","target":{"@type":"EntryPoint","urlTemplate":"https:\/\/museudofutebol.org.br\/teste\/?s={search_term_string}"},"query-input":"required name=search_term_string"}],"inLanguage":"pt-BR"}]}},"_links":{"self":[{"href":"https:\/\/museudofutebol.org.br\/teste\/wp-json\/wp\/v2\/pages\/86"}],"collection":[{"href":"https:\/\/museudofutebol.org.br\/teste\/wp-json\/wp\/v2\/pages"}],"about":[{"href":"https:\/\/museudofutebol.org.br\/teste\/wp-json\/wp\/v2\/types\/page"}],"author":[{"embeddable":true,"href":"https:\/\/museudofutebol.org.br\/teste\/wp-json\/wp\/v2\/users\/2"}],"replies":[{"embeddable":true,"href":"https:\/\/museudofutebol.org.br\/teste\/wp-json\/wp\/v2\/comments?post=86"}],"version-history":[{"count":20,"href":"https:\/\/museudofutebol.org.br\/teste\/wp-json\/wp\/v2\/pages\/86\/revisions"}],"predecessor-version":[{"id":13001,"href":"https:\/\/museudofutebol.org.br\/teste\/wp-json\/wp\/v2\/pages\/86\/revisions\/13001"}],"wp:featuredmedia":[{"embeddable":true,"href":"https:\/\/museudofutebol.org.br\/teste\/wp-json\/wp\/v2\/media\/13005"}],"wp:attachment":[{"href":"https:\/\/museudofutebol.org.br\/teste\/wp-json\/wp\/v2\/media?parent=86"}],"curies":[{"name":"wp","href":"https:\/\/api.w.org\/{rel}","templated":true}]}}