{"id":88,"date":"2020-03-24T02:33:06","date_gmt":"2020-03-24T05:33:06","guid":{"rendered":"https:\/\/museudofutebol.org.br\/teste\/?page_id=88"},"modified":"2024-09-09T15:27:22","modified_gmt":"2024-09-09T18:27:22","slug":"gestao","status":"publish","type":"page","link":"https:\/\/museudofutebol.org.br\/teste\/institucional-pt\/gestao\/","title":{"rendered":"Gest\u00e3o"},"content":{"rendered":"<div class=\"wpb-content-wrapper\"><p>[vc_row][vc_column width=&#8221;2\/3&#8243;][vc_column_text]O\u00a0<a href=\"http:\/\/www.idbrasil.org.br\/\" target=\"_blank\" rel=\"noopener noreferrer\">IDBrasil Cultura, Educa\u00e7\u00e3o e Esporte<\/a> \u00e9 a Organiza\u00e7\u00e3o Social de Cultura que faz a gest\u00e3o do Museu do Futebol desde sua inaugura\u00e7\u00e3o, em setembro de 2008 e do Museu da L\u00edngua Portuguesa desde julho de 2012. Antigo Instituto da Arte do Futebol Brasileiro &#8211; IFB, \u00e9 uma entidade privada sem fins lucrativos que presta servi\u00e7o p\u00fablico de interesse da comunidade. A gest\u00e3o dos museus \u00e9 realizada por meio de um Contrato de Gest\u00e3o firmado junto \u00e0 Secretaria da Cultura, Economia e Ind\u00fastria Criativas do Estado de S\u00e3o Paulo, com Planos de Trabalho aditados anualmente. Trata-se de um modelo de gest\u00e3o de equipamentos culturais vigente no Estado de S\u00e3o Paulo desde 2005 e que tem mostrado resultados positivos. Al\u00e9m de garantir a qualidade no atendimento ao p\u00fablico, as organiza\u00e7\u00f5es sociais de cultura v\u00eam oxigenando as a\u00e7\u00f5es do Estado na \u00e1rea cultural e garantindo uma bem-sucedida parceria entre poder p\u00fablico e sociedade civil organizada.<\/p>\n<p>O\u00a0<a href=\"http:\/\/www.idbrasil.org.br\/\" target=\"_blank\" rel=\"noopener noreferrer\">IDBrasil<\/a> administra o Museu do Futebol seguindo as diretrizes estabelecidas pela Secretaria da Cultura, Economia e Ind\u00fastria Criativas. Para tanto, submete ao \u00f3rg\u00e3o estadual as a\u00e7\u00f5es referentes \u00e0 programa\u00e7\u00e3o, acervo, atividades de pesquisa e educa\u00e7\u00e3o, gest\u00e3o de despesas, bens e excedentes financeiros gerados ao longo de sua execu\u00e7\u00e3o.. A OS tem a fun\u00e7\u00e3o de manter os equipamentos e os instrumentos necess\u00e1rios para a realiza\u00e7\u00e3o dos servi\u00e7os contratados, bem como a integridade f\u00edsica da edifica\u00e7\u00e3o ocupada pelo Museu. Tamb\u00e9m compromete-se em gerar a\u00e7\u00f5es e conte\u00fados coerentes com as especifica\u00e7\u00f5es da institui\u00e7\u00e3o que administra, divulgando-os, buscando alcan\u00e7ar o maior n\u00famero poss\u00edvel de pessoas.<\/p>\n<p>O or\u00e7amento anual do Museu do Futebol \u00e9 composto por recursos da Secretaria da Cultura, Economia e Ind\u00fastria Criativas e receitas captadas pelo IDBrasil, como venda de ingressos, loca\u00e7\u00f5es de espa\u00e7os, patroc\u00ednios e permutas, essenciais para a sustentabilidade financeira da institui\u00e7\u00e3o e para a diversifica\u00e7\u00e3o da programa\u00e7\u00e3o cultural do Museu.<\/p>\n<p>O IDBrasil \u00e9 gerido por uma Assembleia de Associados Fundadores, um Conselho de Administra\u00e7\u00e3o, Conselho Fiscal e Conselho Consultivo, al\u00e9m de uma Diretoria Executiva e uma Diretoria Administrativa e Financeira.[\/vc_column_text][\/vc_column][vc_column width=&#8221;1\/3&#8243;][vc_wp_custommenu nav_menu=&#8221;16&#8243;][\/vc_column][\/vc_row]<\/p>\n<\/div>","protected":false},"excerpt":{"rendered":"<p>[vc_row][vc_column width=&#8221;2\/3&#8243;][vc_column_text]O\u00a0IDBrasil Cultura, Educa\u00e7\u00e3o e Esporte \u00e9 a Organiza\u00e7\u00e3o Social de Cultura que faz a gest\u00e3o do Museu do Futebol desde sua inaugura\u00e7\u00e3o, em setembro de<span class=\"excerpt-hellip\"> [\u2026]<\/span><\/p>\n","protected":false},"author":2,"featured_media":0,"parent":79,"menu_order":0,"comment_status":"closed","ping_status":"closed","template":"","meta":[],"acf":[],"yoast_head":"<!-- This site is optimized with the Yoast SEO plugin v20.8 - https:\/\/yoast.com\/wordpress\/plugins\/seo\/ -->\n<title>Gest\u00e3o - Museu do Futebol<\/title>\n<meta name=\"robots\" content=\"index, follow, max-snippet:-1, max-image-preview:large, max-video-preview:-1\" \/>\n<link rel=\"canonical\" href=\"https:\/\/museudofutebol.org.br\/teste\/institucional-pt\/gestao\/\" \/>\n<meta property=\"og:locale\" content=\"pt_BR\" \/>\n<meta property=\"og:type\" content=\"article\" \/>\n<meta property=\"og:title\" content=\"Gest\u00e3o - Museu do Futebol\" \/>\n<meta property=\"og:description\" content=\"[vc_row][vc_column width=&#8221;2\/3&#8243;][vc_column_text]O\u00a0IDBrasil Cultura, Educa\u00e7\u00e3o e Esporte \u00e9 a Organiza\u00e7\u00e3o Social de Cultura que faz a gest\u00e3o do Museu do Futebol desde sua inaugura\u00e7\u00e3o, em setembro de [\u2026]\" \/>\n<meta property=\"og:url\" content=\"https:\/\/museudofutebol.org.br\/teste\/institucional-pt\/gestao\/\" \/>\n<meta property=\"og:site_name\" content=\"Museu do Futebol\" \/>\n<meta property=\"article:publisher\" content=\"https:\/\/www.facebook.com\/museudofutebol\" \/>\n<meta property=\"article:modified_time\" content=\"2024-09-09T18:27:22+00:00\" \/>\n<meta name=\"twitter:card\" content=\"summary_large_image\" \/>\n<meta name=\"twitter:site\" content=\"@museudofutebol\" \/>\n<meta name=\"twitter:label1\" content=\"Est. tempo de leitura\" \/>\n\t<meta name=\"twitter:data1\" content=\"2 minutos\" \/>\n<script type=\"application\/ld+json\" class=\"yoast-schema-graph\">{\"@context\":\"https:\/\/schema.org\",\"@graph\":[{\"@type\":\"WebPage\",\"@id\":\"https:\/\/museudofutebol.org.br\/teste\/institucional-pt\/gestao\/\",\"url\":\"https:\/\/museudofutebol.org.br\/teste\/institucional-pt\/gestao\/\",\"name\":\"Gest\u00e3o - Museu do Futebol\",\"isPartOf\":{\"@id\":\"https:\/\/museudofutebol.org.br\/teste\/#website\"},\"datePublished\":\"2020-03-24T05:33:06+00:00\",\"dateModified\":\"2024-09-09T18:27:22+00:00\",\"breadcrumb\":{\"@id\":\"https:\/\/museudofutebol.org.br\/teste\/institucional-pt\/gestao\/#breadcrumb\"},\"inLanguage\":\"pt-BR\",\"potentialAction\":[{\"@type\":\"ReadAction\",\"target\":[\"https:\/\/museudofutebol.org.br\/teste\/institucional-pt\/gestao\/\"]}]},{\"@type\":\"BreadcrumbList\",\"@id\":\"https:\/\/museudofutebol.org.br\/teste\/institucional-pt\/gestao\/#breadcrumb\",\"itemListElement\":[{\"@type\":\"ListItem\",\"position\":1,\"name\":\"In\u00edcio\",\"item\":\"https:\/\/museudofutebol.org.br\/teste\/\"},{\"@type\":\"ListItem\",\"position\":2,\"name\":\"Institucional\",\"item\":\"https:\/\/museudofutebol.org.br\/teste\/institucional-pt\/\"},{\"@type\":\"ListItem\",\"position\":3,\"name\":\"Gest\u00e3o\"}]},{\"@type\":\"WebSite\",\"@id\":\"https:\/\/museudofutebol.org.br\/teste\/#website\",\"url\":\"https:\/\/museudofutebol.org.br\/teste\/\",\"name\":\"Museu do Futebol\",\"description\":\"\",\"potentialAction\":[{\"@type\":\"SearchAction\",\"target\":{\"@type\":\"EntryPoint\",\"urlTemplate\":\"https:\/\/museudofutebol.org.br\/teste\/?s={search_term_string}\"},\"query-input\":\"required name=search_term_string\"}],\"inLanguage\":\"pt-BR\"}]}<\/script>\n<!-- \/ Yoast SEO plugin. -->","yoast_head_json":{"title":"Gest\u00e3o - Museu do Futebol","robots":{"index":"index","follow":"follow","max-snippet":"max-snippet:-1","max-image-preview":"max-image-preview:large","max-video-preview":"max-video-preview:-1"},"canonical":"https:\/\/museudofutebol.org.br\/teste\/institucional-pt\/gestao\/","og_locale":"pt_BR","og_type":"article","og_title":"Gest\u00e3o - Museu do Futebol","og_description":"[vc_row][vc_column width=&#8221;2\/3&#8243;][vc_column_text]O\u00a0IDBrasil Cultura, Educa\u00e7\u00e3o e Esporte \u00e9 a Organiza\u00e7\u00e3o Social de Cultura que faz a gest\u00e3o do Museu do Futebol desde sua inaugura\u00e7\u00e3o, em setembro de [\u2026]","og_url":"https:\/\/museudofutebol.org.br\/teste\/institucional-pt\/gestao\/","og_site_name":"Museu do Futebol","article_publisher":"https:\/\/www.facebook.com\/museudofutebol","article_modified_time":"2024-09-09T18:27:22+00:00","twitter_card":"summary_large_image","twitter_site":"@museudofutebol","twitter_misc":{"Est. tempo de leitura":"2 minutos"},"schema":{"@context":"https:\/\/schema.org","@graph":[{"@type":"WebPage","@id":"https:\/\/museudofutebol.org.br\/teste\/institucional-pt\/gestao\/","url":"https:\/\/museudofutebol.org.br\/teste\/institucional-pt\/gestao\/","name":"Gest\u00e3o - Museu do Futebol","isPartOf":{"@id":"https:\/\/museudofutebol.org.br\/teste\/#website"},"datePublished":"2020-03-24T05:33:06+00:00","dateModified":"2024-09-09T18:27:22+00:00","breadcrumb":{"@id":"https:\/\/museudofutebol.org.br\/teste\/institucional-pt\/gestao\/#breadcrumb"},"inLanguage":"pt-BR","potentialAction":[{"@type":"ReadAction","target":["https:\/\/museudofutebol.org.br\/teste\/institucional-pt\/gestao\/"]}]},{"@type":"BreadcrumbList","@id":"https:\/\/museudofutebol.org.br\/teste\/institucional-pt\/gestao\/#breadcrumb","itemListElement":[{"@type":"ListItem","position":1,"name":"In\u00edcio","item":"https:\/\/museudofutebol.org.br\/teste\/"},{"@type":"ListItem","position":2,"name":"Institucional","item":"https:\/\/museudofutebol.org.br\/teste\/institucional-pt\/"},{"@type":"ListItem","position":3,"name":"Gest\u00e3o"}]},{"@type":"WebSite","@id":"https:\/\/museudofutebol.org.br\/teste\/#website","url":"https:\/\/museudofutebol.org.br\/teste\/","name":"Museu do Futebol","description":"","potentialAction":[{"@type":"SearchAction","target":{"@type":"EntryPoint","urlTemplate":"https:\/\/museudofutebol.org.br\/teste\/?s={search_term_string}"},"query-input":"required name=search_term_string"}],"inLanguage":"pt-BR"}]}},"_links":{"self":[{"href":"https:\/\/museudofutebol.org.br\/teste\/wp-json\/wp\/v2\/pages\/88"}],"collection":[{"href":"https:\/\/museudofutebol.org.br\/teste\/wp-json\/wp\/v2\/pages"}],"about":[{"href":"https:\/\/museudofutebol.org.br\/teste\/wp-json\/wp\/v2\/types\/page"}],"author":[{"embeddable":true,"href":"https:\/\/museudofutebol.org.br\/teste\/wp-json\/wp\/v2\/users\/2"}],"replies":[{"embeddable":true,"href":"https:\/\/museudofutebol.org.br\/teste\/wp-json\/wp\/v2\/comments?post=88"}],"version-history":[{"count":7,"href":"https:\/\/museudofutebol.org.br\/teste\/wp-json\/wp\/v2\/pages\/88\/revisions"}],"predecessor-version":[{"id":9482,"href":"https:\/\/museudofutebol.org.br\/teste\/wp-json\/wp\/v2\/pages\/88\/revisions\/9482"}],"up":[{"embeddable":true,"href":"https:\/\/museudofutebol.org.br\/teste\/wp-json\/wp\/v2\/pages\/79"}],"wp:attachment":[{"href":"https:\/\/museudofutebol.org.br\/teste\/wp-json\/wp\/v2\/media?parent=88"}],"curies":[{"name":"wp","href":"https:\/\/api.w.org\/{rel}","templated":true}]}}