{"id":10679,"date":"2023-11-29T16:10:29","date_gmt":"2023-11-29T19:10:29","guid":{"rendered":"https:\/\/museudofutebol.org.br\/teste\/?post_type=tribe_events&#038;p=10679"},"modified":"2023-11-29T16:10:29","modified_gmt":"2023-11-29T19:10:29","slug":"participe-do-debate-virtual-existe-democracia-racial-no-futebol","status":"publish","type":"tribe_events","link":"https:\/\/museudofutebol.org.br\/teste\/evento\/participe-do-debate-virtual-existe-democracia-racial-no-futebol\/","title":{"rendered":"Participe do debate virtual \u201cExiste Democracia Racial no Futebol?\u201d"},"content":{"rendered":"<p><span data-contrast=\"auto\">O futebol \u00e9 realmente um espa\u00e7o para todos? <\/span><span data-contrast=\"none\">A democratiza\u00e7\u00e3o do futebol assume um car\u00e1ter universal e o transforma em um dos mais importantes s\u00edmbolos culturais brasileiros. Mas, <\/span><b><span data-contrast=\"none\">podemos afirmar que existe democracia racial no futebol? <\/span><\/b><span data-contrast=\"none\">Como podemos observar as rela\u00e7\u00f5es raciais dentro de campo?<\/span><span data-ccp-props=\"{&quot;201341983&quot;:0,&quot;335551550&quot;:6,&quot;335551620&quot;:6,&quot;335559739&quot;:160,&quot;335559740&quot;:259}\">\u00a0<\/span><\/p>\n<p>Participe do debate virtual <strong>\u201cExiste Democracia Racial no Futebol<\/strong>?\u201d com Ang\u00e9lica \u00c2ngelo e Shirley Espejo, do N\u00facleo Educativo, neste domingo. Essa a\u00e7\u00e3o faz parte da Campanha <a class=\"x1i10hfl xjbqb8w x6umtig x1b1mbwd xaqea5y xav7gou x9f619 x1ypdohk xt0psk2 xe8uvvx xdj266r x11i5rnm xat24cr x1mh8g0r xexx8yu x4uap5 x18d9i69 xkhd6sd x16tdsg8 x1hl2dhg xggy1nq x1a2a7pz  _aa9_ _a6hd\" tabindex=\"0\" role=\"link\" href=\"https:\/\/www.instagram.com\/explore\/tags\/sonharomundo\/\">#SonharOMundo<\/a>, que busca articular e mobilizar os museus para quest\u00f5es relacionadas aos Direitos Humanos, partindo do pressuposto de que eles devem atuar como instrumentos de transforma\u00e7\u00e3o social. Fa\u00e7a sua inscri\u00e7\u00e3o gratuita clicando <a href=\"https:\/\/www.sympla.com.br\/evento-online\/existe-democracia-racial-no-futebol\/2243326?referrer=brc-word-view.officeapps.live.com&amp;share_id=copiarlink&amp;referrer=trello.com&amp;referrer=linktr.ee\"><strong>aqui<\/strong><\/a>.<\/p>\n","protected":false},"excerpt":{"rendered":"<p>O futebol \u00e9 realmente um espa\u00e7o para todos? A democratiza\u00e7\u00e3o do futebol assume um car\u00e1ter universal e o transforma em um dos mais importantes s\u00edmbolos culturais<span class=\"excerpt-hellip\"> [\u2026]<\/span><\/p>\n","protected":false},"author":25,"featured_media":10680,"comment_status":"closed","ping_status":"closed","template":"","meta":{"_tribe_events_status":"","_tribe_events_status_reason":""},"tags":[],"tribe_events_cat":[],"acf":[],"yoast_head":"<!-- This site is optimized with the Yoast SEO plugin v20.8 - https:\/\/yoast.com\/wordpress\/plugins\/seo\/ -->\n<title>Participe do debate virtual \u201cExiste Democracia Racial no Futebol?\u201d - Museu do Futebol<\/title>\n<meta name=\"robots\" content=\"index, follow, max-snippet:-1, max-image-preview:large, max-video-preview:-1\" \/>\n<link rel=\"canonical\" href=\"https:\/\/museudofutebol.org.br\/teste\/evento\/participe-do-debate-virtual-existe-democracia-racial-no-futebol\/\" \/>\n<meta property=\"og:locale\" content=\"pt_BR\" \/>\n<meta property=\"og:type\" content=\"article\" \/>\n<meta property=\"og:title\" content=\"Participe do debate virtual \u201cExiste Democracia Racial no Futebol?\u201d - Museu do Futebol\" \/>\n<meta property=\"og:description\" content=\"O futebol \u00e9 realmente um espa\u00e7o para todos? A democratiza\u00e7\u00e3o do futebol assume um car\u00e1ter universal e o transforma em um dos mais importantes s\u00edmbolos culturais [\u2026]\" \/>\n<meta property=\"og:url\" content=\"https:\/\/museudofutebol.org.br\/teste\/evento\/participe-do-debate-virtual-existe-democracia-racial-no-futebol\/\" \/>\n<meta property=\"og:site_name\" content=\"Museu do Futebol\" \/>\n<meta property=\"article:publisher\" content=\"https:\/\/www.facebook.com\/museudofutebol\" \/>\n<meta property=\"og:image\" content=\"https:\/\/museudofutebol.org.br\/teste\/wp-content\/uploads\/2023\/11\/racial.jpg\" \/>\n\t<meta property=\"og:image:width\" content=\"668\" \/>\n\t<meta property=\"og:image:height\" content=\"397\" \/>\n\t<meta property=\"og:image:type\" content=\"image\/jpeg\" \/>\n<meta name=\"twitter:card\" content=\"summary_large_image\" \/>\n<meta name=\"twitter:site\" content=\"@museudofutebol\" \/>\n<meta name=\"twitter:label1\" content=\"Est. tempo de leitura\" \/>\n\t<meta name=\"twitter:data1\" content=\"1 minuto\" \/>\n<script type=\"application\/ld+json\" class=\"yoast-schema-graph\">{\"@context\":\"https:\/\/schema.org\",\"@graph\":[{\"@type\":\"WebPage\",\"@id\":\"https:\/\/museudofutebol.org.br\/teste\/evento\/participe-do-debate-virtual-existe-democracia-racial-no-futebol\/\",\"url\":\"https:\/\/museudofutebol.org.br\/teste\/evento\/participe-do-debate-virtual-existe-democracia-racial-no-futebol\/\",\"name\":\"Participe do debate virtual \u201cExiste Democracia Racial no Futebol?\u201d - Museu do Futebol\",\"isPartOf\":{\"@id\":\"https:\/\/museudofutebol.org.br\/teste\/#website\"},\"datePublished\":\"2023-11-29T19:10:29+00:00\",\"dateModified\":\"2023-11-29T19:10:29+00:00\",\"breadcrumb\":{\"@id\":\"https:\/\/museudofutebol.org.br\/teste\/evento\/participe-do-debate-virtual-existe-democracia-racial-no-futebol\/#breadcrumb\"},\"inLanguage\":\"pt-BR\",\"potentialAction\":[{\"@type\":\"ReadAction\",\"target\":[\"https:\/\/museudofutebol.org.br\/teste\/evento\/participe-do-debate-virtual-existe-democracia-racial-no-futebol\/\"]}]},{\"@type\":\"BreadcrumbList\",\"@id\":\"https:\/\/museudofutebol.org.br\/teste\/evento\/participe-do-debate-virtual-existe-democracia-racial-no-futebol\/#breadcrumb\",\"itemListElement\":[{\"@type\":\"ListItem\",\"position\":1,\"name\":\"In\u00edcio\",\"item\":\"https:\/\/museudofutebol.org.br\/teste\/\"},{\"@type\":\"ListItem\",\"position\":2,\"name\":\"Eventos\",\"item\":\"https:\/\/museudofutebol.org.br\/teste\/programacao\/\"},{\"@type\":\"ListItem\",\"position\":3,\"name\":\"Participe do debate virtual \u201cExiste Democracia Racial no Futebol?\u201d\"}]},{\"@type\":\"WebSite\",\"@id\":\"https:\/\/museudofutebol.org.br\/teste\/#website\",\"url\":\"https:\/\/museudofutebol.org.br\/teste\/\",\"name\":\"Museu do Futebol\",\"description\":\"\",\"potentialAction\":[{\"@type\":\"SearchAction\",\"target\":{\"@type\":\"EntryPoint\",\"urlTemplate\":\"https:\/\/museudofutebol.org.br\/teste\/?s={search_term_string}\"},\"query-input\":\"required name=search_term_string\"}],\"inLanguage\":\"pt-BR\"}]}<\/script>\n<!-- \/ Yoast SEO plugin. -->","yoast_head_json":{"title":"Participe do debate virtual \u201cExiste Democracia Racial no Futebol?\u201d - Museu do Futebol","robots":{"index":"index","follow":"follow","max-snippet":"max-snippet:-1","max-image-preview":"max-image-preview:large","max-video-preview":"max-video-preview:-1"},"canonical":"https:\/\/museudofutebol.org.br\/teste\/evento\/participe-do-debate-virtual-existe-democracia-racial-no-futebol\/","og_locale":"pt_BR","og_type":"article","og_title":"Participe do debate virtual \u201cExiste Democracia Racial no Futebol?\u201d - Museu do Futebol","og_description":"O futebol \u00e9 realmente um espa\u00e7o para todos? A democratiza\u00e7\u00e3o do futebol assume um car\u00e1ter universal e o transforma em um dos mais importantes s\u00edmbolos culturais [\u2026]","og_url":"https:\/\/museudofutebol.org.br\/teste\/evento\/participe-do-debate-virtual-existe-democracia-racial-no-futebol\/","og_site_name":"Museu do Futebol","article_publisher":"https:\/\/www.facebook.com\/museudofutebol","og_image":[{"width":668,"height":397,"url":"https:\/\/museudofutebol.org.br\/teste\/wp-content\/uploads\/2023\/11\/racial.jpg","type":"image\/jpeg"}],"twitter_card":"summary_large_image","twitter_site":"@museudofutebol","twitter_misc":{"Est. tempo de leitura":"1 minuto"},"schema":{"@context":"https:\/\/schema.org","@graph":[{"@type":"WebPage","@id":"https:\/\/museudofutebol.org.br\/teste\/evento\/participe-do-debate-virtual-existe-democracia-racial-no-futebol\/","url":"https:\/\/museudofutebol.org.br\/teste\/evento\/participe-do-debate-virtual-existe-democracia-racial-no-futebol\/","name":"Participe do debate virtual \u201cExiste Democracia Racial no Futebol?\u201d - Museu do Futebol","isPartOf":{"@id":"https:\/\/museudofutebol.org.br\/teste\/#website"},"datePublished":"2023-11-29T19:10:29+00:00","dateModified":"2023-11-29T19:10:29+00:00","breadcrumb":{"@id":"https:\/\/museudofutebol.org.br\/teste\/evento\/participe-do-debate-virtual-existe-democracia-racial-no-futebol\/#breadcrumb"},"inLanguage":"pt-BR","potentialAction":[{"@type":"ReadAction","target":["https:\/\/museudofutebol.org.br\/teste\/evento\/participe-do-debate-virtual-existe-democracia-racial-no-futebol\/"]}]},{"@type":"BreadcrumbList","@id":"https:\/\/museudofutebol.org.br\/teste\/evento\/participe-do-debate-virtual-existe-democracia-racial-no-futebol\/#breadcrumb","itemListElement":[{"@type":"ListItem","position":1,"name":"In\u00edcio","item":"https:\/\/museudofutebol.org.br\/teste\/"},{"@type":"ListItem","position":2,"name":"Eventos","item":"https:\/\/museudofutebol.org.br\/teste\/programacao\/"},{"@type":"ListItem","position":3,"name":"Participe do debate virtual \u201cExiste Democracia Racial no Futebol?\u201d"}]},{"@type":"WebSite","@id":"https:\/\/museudofutebol.org.br\/teste\/#website","url":"https:\/\/museudofutebol.org.br\/teste\/","name":"Museu do Futebol","description":"","potentialAction":[{"@type":"SearchAction","target":{"@type":"EntryPoint","urlTemplate":"https:\/\/museudofutebol.org.br\/teste\/?s={search_term_string}"},"query-input":"required name=search_term_string"}],"inLanguage":"pt-BR"}]}},"_links":{"self":[{"href":"https:\/\/museudofutebol.org.br\/teste\/wp-json\/wp\/v2\/tribe_events\/10679"}],"collection":[{"href":"https:\/\/museudofutebol.org.br\/teste\/wp-json\/wp\/v2\/tribe_events"}],"about":[{"href":"https:\/\/museudofutebol.org.br\/teste\/wp-json\/wp\/v2\/types\/tribe_events"}],"author":[{"embeddable":true,"href":"https:\/\/museudofutebol.org.br\/teste\/wp-json\/wp\/v2\/users\/25"}],"replies":[{"embeddable":true,"href":"https:\/\/museudofutebol.org.br\/teste\/wp-json\/wp\/v2\/comments?post=10679"}],"version-history":[{"count":1,"href":"https:\/\/museudofutebol.org.br\/teste\/wp-json\/wp\/v2\/tribe_events\/10679\/revisions"}],"predecessor-version":[{"id":10681,"href":"https:\/\/museudofutebol.org.br\/teste\/wp-json\/wp\/v2\/tribe_events\/10679\/revisions\/10681"}],"wp:featuredmedia":[{"embeddable":true,"href":"https:\/\/museudofutebol.org.br\/teste\/wp-json\/wp\/v2\/media\/10680"}],"wp:attachment":[{"href":"https:\/\/museudofutebol.org.br\/teste\/wp-json\/wp\/v2\/media?parent=10679"}],"wp:term":[{"taxonomy":"post_tag","embeddable":true,"href":"https:\/\/museudofutebol.org.br\/teste\/wp-json\/wp\/v2\/tags?post=10679"},{"taxonomy":"tribe_events_cat","embeddable":true,"href":"https:\/\/museudofutebol.org.br\/teste\/wp-json\/wp\/v2\/tribe_events_cat?post=10679"}],"curies":[{"name":"wp","href":"https:\/\/api.w.org\/{rel}","templated":true}]}}

<p><span data-contrast="auto">O futebol é realmente um espaço para todos? </span><span data-contrast="none">A democratização do futebol assume um caráter universal e o transforma em um dos mais importantes símbolos culturais brasileiros. Mas, </span><b><span data-contrast="none">podemos afirmar que existe democracia racial no futebol? </span></b><span data-contrast="none">Como podemos observar as relações raciais dentro de campo?</span><span data-ccp-props="{&quot;201341983&quot;:0,&quot;335551550&quot;:6,&quot;335551620&quot;:6,&quot;335559739&quot;:160,&quot;335559740&quot;:259}"> </span></p>
<p>Participe do debate virtual <strong>“Existe Democracia Racial no Futebol</strong>?” com Angélica Ângelo e Shirley Espejo, do Núcleo Educativo, neste domingo. Essa ação faz parte da Campanha <a class="x1i10hfl xjbqb8w x6umtig x1b1mbwd xaqea5y xav7gou x9f619 x1ypdohk xt0psk2 xe8uvvx xdj266r x11i5rnm xat24cr x1mh8g0r xexx8yu x4uap5 x18d9i69 xkhd6sd x16tdsg8 x1hl2dhg xggy1nq x1a2a7pz  _aa9_ _a6hd" tabindex="0" role="link" href="https://www.instagram.com/explore/tags/sonharomundo/">#SonharOMundo</a>, que busca articular e mobilizar os museus para questões relacionadas aos Direitos Humanos, partindo do pressuposto de que eles devem atuar como instrumentos de transformação social. Faça sua inscrição gratuita clicando <a href="https://www.sympla.com.br/evento-online/existe-democracia-racial-no-futebol/2243326?referrer=brc-word-view.officeapps.live.com&amp;share_id=copiarlink&amp;referrer=trello.com&amp;referrer=linktr.ee"><strong>aqui</strong></a>.</p>

<p>O futebol é realmente um espaço para todos? A democratização do futebol assume um caráter universal e o transforma em um dos mais importantes símbolos culturais<span class="excerpt-hellip"> […]</span></p>

<!-- This site is optimized with the Yoast SEO plugin v20.8 - https://yoast.com/wordpress/plugins/seo/ -->
<title>Participe do debate virtual “Existe Democracia Racial no Futebol?” - Museu do Futebol</title>
<meta name="robots" content="index, follow, max-snippet:-1, max-image-preview:large, max-video-preview:-1" />
<link rel="canonical" href="https://museudofutebol.org.br/teste/evento/participe-do-debate-virtual-existe-democracia-racial-no-futebol/" />
<meta property="og:locale" content="pt_BR" />
<meta property="og:type" content="article" />
<meta property="og:title" content="Participe do debate virtual “Existe Democracia Racial no Futebol?” - Museu do Futebol" />
<meta property="og:description" content="O futebol é realmente um espaço para todos? A democratização do futebol assume um caráter universal e o transforma em um dos mais importantes símbolos culturais […]" />
<meta property="og:url" content="https://museudofutebol.org.br/teste/evento/participe-do-debate-virtual-existe-democracia-racial-no-futebol/" />
<meta property="og:site_name" content="Museu do Futebol" />
<meta property="article:publisher" content="https://www.facebook.com/museudofutebol" />
<meta property="og:image" content="https://museudofutebol.org.br/teste/wp-content/uploads/2023/11/racial.jpg" />
	<meta property="og:image:width" content="668" />
	<meta property="og:image:height" content="397" />
	<meta property="og:image:type" content="image/jpeg" />
<meta name="twitter:card" content="summary_large_image" />
<meta name="twitter:site" content="@museudofutebol" />
<meta name="twitter:label1" content="Est. tempo de leitura" />
	<meta name="twitter:data1" content="1 minuto" />
<script type="application/ld+json" class="yoast-schema-graph">{"@context":"https://schema.org","@graph":[{"@type":"WebPage","@id":"https://museudofutebol.org.br/teste/evento/participe-do-debate-virtual-existe-democracia-racial-no-futebol/","url":"https://museudofutebol.org.br/teste/evento/participe-do-debate-virtual-existe-democracia-racial-no-futebol/","name":"Participe do debate virtual “Existe Democracia Racial no Futebol?” - Museu do Futebol","isPartOf":{"@id":"https://museudofutebol.org.br/teste/#website"},"datePublished":"2023-11-29T19:10:29+00:00","dateModified":"2023-11-29T19:10:29+00:00","breadcrumb":{"@id":"https://museudofutebol.org.br/teste/evento/participe-do-debate-virtual-existe-democracia-racial-no-futebol/#breadcrumb"},"inLanguage":"pt-BR","potentialAction":[{"@type":"ReadAction","target":["https://museudofutebol.org.br/teste/evento/participe-do-debate-virtual-existe-democracia-racial-no-futebol/"]}]},{"@type":"BreadcrumbList","@id":"https://museudofutebol.org.br/teste/evento/participe-do-debate-virtual-existe-democracia-racial-no-futebol/#breadcrumb","itemListElement":[{"@type":"ListItem","position":1,"name":"Início","item":"https://museudofutebol.org.br/teste/"},{"@type":"ListItem","position":2,"name":"Eventos","item":"https://museudofutebol.org.br/teste/programacao/"},{"@type":"ListItem","position":3,"name":"Participe do debate virtual “Existe Democracia Racial no Futebol?”"}]},{"@type":"WebSite","@id":"https://museudofutebol.org.br/teste/#website","url":"https://museudofutebol.org.br/teste/","name":"Museu do Futebol","description":"","potentialAction":[{"@type":"SearchAction","target":{"@type":"EntryPoint","urlTemplate":"https://museudofutebol.org.br/teste/?s={search_term_string}"},"query-input":"required name=search_term_string"}],"inLanguage":"pt-BR"}]}</script>
<!-- / Yoast SEO plugin. -->

O futebol é realmente um espaço para todos? A democratização do futebol assume um caráter universal e o transforma em um dos mais importantes símbolos culturais […]

Início
