{"id":7031,"date":"2022-09-12T12:36:04","date_gmt":"2022-09-12T15:36:04","guid":{"rendered":"https:\/\/museudofutebol.org.br\/teste\/?post_type=tribe_events&#038;p=7031"},"modified":"2022-09-13T16:59:45","modified_gmt":"2022-09-13T19:59:45","slug":"lancamento-do-livro-desculpas-meu-idolo-barbosa","status":"publish","type":"tribe_events","link":"https:\/\/museudofutebol.org.br\/teste\/evento\/lancamento-do-livro-desculpas-meu-idolo-barbosa\/","title":{"rendered":"Lan\u00e7amento do livro &#8220;Desculpas, Meu \u00cddolo Barbosa&#8221;"},"content":{"rendered":"<div class=\"wpb-content-wrapper\"><p>[vc_row][vc_column][vc_column_text]O audit\u00f3rio Armando Nogueira sedia o lan\u00e7amento do livro <strong>&#8220;Desculpas, Meu \u00cddolo Barbosa&#8221;<\/strong>. No evento, haver\u00e1 um bate-papo sobre a tem\u00e1tica que envolve a obra entre o autor, <strong>Jorge Santana<\/strong>, e os convidados: <strong>Tereza Borba<\/strong> (filha do Goleiro Barbosa) e o jornalista e historiador, <strong>F\u00e1bio Tubino<\/strong>. Ap\u00f3s o bate-papo, ser\u00e1 realizada uma sess\u00e3o de aut\u00f3grafos com o autor, al\u00e9m da venda do livro no local.[\/vc_column_text][\/vc_column][\/vc_row]<\/p>\n<\/div>","protected":false},"excerpt":{"rendered":"<p>[vc_row][vc_column][vc_column_text]O audit\u00f3rio Armando Nogueira sedia o lan\u00e7amento do livro &#8220;Desculpas, Meu \u00cddolo Barbosa&#8221;. No evento, haver\u00e1 um bate-papo sobre a tem\u00e1tica que envolve a obra entre<span class=\"excerpt-hellip\"> [\u2026]<\/span><\/p>\n","protected":false},"author":13,"featured_media":7050,"comment_status":"closed","ping_status":"closed","template":"","meta":{"_tribe_events_status":"","_tribe_events_status_reason":""},"tags":[],"tribe_events_cat":[],"acf":[],"yoast_head":"<!-- This site is optimized with the Yoast SEO plugin v20.8 - https:\/\/yoast.com\/wordpress\/plugins\/seo\/ -->\n<title>Lan\u00e7amento do livro &quot;Desculpas, Meu \u00cddolo Barbosa&quot;<\/title>\n<meta name=\"description\" content=\"Venha participar do lan\u00e7amento do livro &quot;Desculpas, Meu \u00cddolo Barbosa&quot;, com um bate-papo no Museu do Futebol\" \/>\n<meta name=\"robots\" content=\"index, follow, max-snippet:-1, max-image-preview:large, max-video-preview:-1\" \/>\n<link rel=\"canonical\" href=\"https:\/\/museudofutebol.org.br\/teste\/evento\/lancamento-do-livro-desculpas-meu-idolo-barbosa\/\" \/>\n<meta property=\"og:locale\" content=\"pt_BR\" \/>\n<meta property=\"og:type\" content=\"article\" \/>\n<meta property=\"og:title\" content=\"Lan\u00e7amento do livro &quot;Desculpas, Meu \u00cddolo Barbosa&quot;\" \/>\n<meta property=\"og:description\" content=\"Venha participar do lan\u00e7amento do livro &quot;Desculpas, Meu \u00cddolo Barbosa&quot;, com um bate-papo no Museu do Futebol\" \/>\n<meta property=\"og:url\" content=\"https:\/\/museudofutebol.org.br\/teste\/evento\/lancamento-do-livro-desculpas-meu-idolo-barbosa\/\" \/>\n<meta property=\"og:site_name\" content=\"Museu do Futebol\" \/>\n<meta property=\"article:publisher\" content=\"https:\/\/www.facebook.com\/museudofutebol\" \/>\n<meta property=\"article:modified_time\" content=\"2022-09-13T19:59:45+00:00\" \/>\n<meta property=\"og:image\" content=\"https:\/\/museudofutebol.org.br\/teste\/wp-content\/uploads\/2022\/09\/site-2.png\" \/>\n\t<meta property=\"og:image:width\" content=\"681\" \/>\n\t<meta property=\"og:image:height\" content=\"321\" \/>\n\t<meta property=\"og:image:type\" content=\"image\/png\" \/>\n<meta name=\"twitter:card\" content=\"summary_large_image\" \/>\n<meta name=\"twitter:site\" content=\"@museudofutebol\" \/>\n<meta name=\"twitter:label1\" content=\"Est. tempo de leitura\" \/>\n\t<meta name=\"twitter:data1\" content=\"1 minuto\" \/>\n<script type=\"application\/ld+json\" class=\"yoast-schema-graph\">{\"@context\":\"https:\/\/schema.org\",\"@graph\":[{\"@type\":\"WebPage\",\"@id\":\"https:\/\/museudofutebol.org.br\/teste\/evento\/lancamento-do-livro-desculpas-meu-idolo-barbosa\/\",\"url\":\"https:\/\/museudofutebol.org.br\/teste\/evento\/lancamento-do-livro-desculpas-meu-idolo-barbosa\/\",\"name\":\"Lan\u00e7amento do livro \\\"Desculpas, Meu \u00cddolo Barbosa\\\"\",\"isPartOf\":{\"@id\":\"https:\/\/museudofutebol.org.br\/teste\/#website\"},\"datePublished\":\"2022-09-12T15:36:04+00:00\",\"dateModified\":\"2022-09-13T19:59:45+00:00\",\"description\":\"Venha participar do lan\u00e7amento do livro \\\"Desculpas, Meu \u00cddolo Barbosa\\\", com um bate-papo no Museu do Futebol\",\"breadcrumb\":{\"@id\":\"https:\/\/museudofutebol.org.br\/teste\/evento\/lancamento-do-livro-desculpas-meu-idolo-barbosa\/#breadcrumb\"},\"inLanguage\":\"pt-BR\",\"potentialAction\":[{\"@type\":\"ReadAction\",\"target\":[\"https:\/\/museudofutebol.org.br\/teste\/evento\/lancamento-do-livro-desculpas-meu-idolo-barbosa\/\"]}]},{\"@type\":\"BreadcrumbList\",\"@id\":\"https:\/\/museudofutebol.org.br\/teste\/evento\/lancamento-do-livro-desculpas-meu-idolo-barbosa\/#breadcrumb\",\"itemListElement\":[{\"@type\":\"ListItem\",\"position\":1,\"name\":\"In\u00edcio\",\"item\":\"https:\/\/museudofutebol.org.br\/teste\/\"},{\"@type\":\"ListItem\",\"position\":2,\"name\":\"Eventos\",\"item\":\"https:\/\/museudofutebol.org.br\/teste\/programacao\/\"},{\"@type\":\"ListItem\",\"position\":3,\"name\":\"Lan\u00e7amento do livro &#8220;Desculpas, Meu \u00cddolo Barbosa&#8221;\"}]},{\"@type\":\"WebSite\",\"@id\":\"https:\/\/museudofutebol.org.br\/teste\/#website\",\"url\":\"https:\/\/museudofutebol.org.br\/teste\/\",\"name\":\"Museu do Futebol\",\"description\":\"\",\"potentialAction\":[{\"@type\":\"SearchAction\",\"target\":{\"@type\":\"EntryPoint\",\"urlTemplate\":\"https:\/\/museudofutebol.org.br\/teste\/?s={search_term_string}\"},\"query-input\":\"required name=search_term_string\"}],\"inLanguage\":\"pt-BR\"}]}<\/script>\n<!-- \/ Yoast SEO plugin. -->","yoast_head_json":{"title":"Lan\u00e7amento do livro \"Desculpas, Meu \u00cddolo Barbosa\"","description":"Venha participar do lan\u00e7amento do livro \"Desculpas, Meu \u00cddolo Barbosa\", com um bate-papo no Museu do Futebol","robots":{"index":"index","follow":"follow","max-snippet":"max-snippet:-1","max-image-preview":"max-image-preview:large","max-video-preview":"max-video-preview:-1"},"canonical":"https:\/\/museudofutebol.org.br\/teste\/evento\/lancamento-do-livro-desculpas-meu-idolo-barbosa\/","og_locale":"pt_BR","og_type":"article","og_title":"Lan\u00e7amento do livro \"Desculpas, Meu \u00cddolo Barbosa\"","og_description":"Venha participar do lan\u00e7amento do livro \"Desculpas, Meu \u00cddolo Barbosa\", com um bate-papo no Museu do Futebol","og_url":"https:\/\/museudofutebol.org.br\/teste\/evento\/lancamento-do-livro-desculpas-meu-idolo-barbosa\/","og_site_name":"Museu do Futebol","article_publisher":"https:\/\/www.facebook.com\/museudofutebol","article_modified_time":"2022-09-13T19:59:45+00:00","og_image":[{"width":681,"height":321,"url":"https:\/\/museudofutebol.org.br\/teste\/wp-content\/uploads\/2022\/09\/site-2.png","type":"image\/png"}],"twitter_card":"summary_large_image","twitter_site":"@museudofutebol","twitter_misc":{"Est. tempo de leitura":"1 minuto"},"schema":{"@context":"https:\/\/schema.org","@graph":[{"@type":"WebPage","@id":"https:\/\/museudofutebol.org.br\/teste\/evento\/lancamento-do-livro-desculpas-meu-idolo-barbosa\/","url":"https:\/\/museudofutebol.org.br\/teste\/evento\/lancamento-do-livro-desculpas-meu-idolo-barbosa\/","name":"Lan\u00e7amento do livro \"Desculpas, Meu \u00cddolo Barbosa\"","isPartOf":{"@id":"https:\/\/museudofutebol.org.br\/teste\/#website"},"datePublished":"2022-09-12T15:36:04+00:00","dateModified":"2022-09-13T19:59:45+00:00","description":"Venha participar do lan\u00e7amento do livro \"Desculpas, Meu \u00cddolo Barbosa\", com um bate-papo no Museu do Futebol","breadcrumb":{"@id":"https:\/\/museudofutebol.org.br\/teste\/evento\/lancamento-do-livro-desculpas-meu-idolo-barbosa\/#breadcrumb"},"inLanguage":"pt-BR","potentialAction":[{"@type":"ReadAction","target":["https:\/\/museudofutebol.org.br\/teste\/evento\/lancamento-do-livro-desculpas-meu-idolo-barbosa\/"]}]},{"@type":"BreadcrumbList","@id":"https:\/\/museudofutebol.org.br\/teste\/evento\/lancamento-do-livro-desculpas-meu-idolo-barbosa\/#breadcrumb","itemListElement":[{"@type":"ListItem","position":1,"name":"In\u00edcio","item":"https:\/\/museudofutebol.org.br\/teste\/"},{"@type":"ListItem","position":2,"name":"Eventos","item":"https:\/\/museudofutebol.org.br\/teste\/programacao\/"},{"@type":"ListItem","position":3,"name":"Lan\u00e7amento do livro &#8220;Desculpas, Meu \u00cddolo Barbosa&#8221;"}]},{"@type":"WebSite","@id":"https:\/\/museudofutebol.org.br\/teste\/#website","url":"https:\/\/museudofutebol.org.br\/teste\/","name":"Museu do Futebol","description":"","potentialAction":[{"@type":"SearchAction","target":{"@type":"EntryPoint","urlTemplate":"https:\/\/museudofutebol.org.br\/teste\/?s={search_term_string}"},"query-input":"required name=search_term_string"}],"inLanguage":"pt-BR"}]}},"_links":{"self":[{"href":"https:\/\/museudofutebol.org.br\/teste\/wp-json\/wp\/v2\/tribe_events\/7031"}],"collection":[{"href":"https:\/\/museudofutebol.org.br\/teste\/wp-json\/wp\/v2\/tribe_events"}],"about":[{"href":"https:\/\/museudofutebol.org.br\/teste\/wp-json\/wp\/v2\/types\/tribe_events"}],"author":[{"embeddable":true,"href":"https:\/\/museudofutebol.org.br\/teste\/wp-json\/wp\/v2\/users\/13"}],"replies":[{"embeddable":true,"href":"https:\/\/museudofutebol.org.br\/teste\/wp-json\/wp\/v2\/comments?post=7031"}],"version-history":[{"count":1,"href":"https:\/\/museudofutebol.org.br\/teste\/wp-json\/wp\/v2\/tribe_events\/7031\/revisions"}],"predecessor-version":[{"id":7032,"href":"https:\/\/museudofutebol.org.br\/teste\/wp-json\/wp\/v2\/tribe_events\/7031\/revisions\/7032"}],"wp:featuredmedia":[{"embeddable":true,"href":"https:\/\/museudofutebol.org.br\/teste\/wp-json\/wp\/v2\/media\/7050"}],"wp:attachment":[{"href":"https:\/\/museudofutebol.org.br\/teste\/wp-json\/wp\/v2\/media?parent=7031"}],"wp:term":[{"taxonomy":"post_tag","embeddable":true,"href":"https:\/\/museudofutebol.org.br\/teste\/wp-json\/wp\/v2\/tags?post=7031"},{"taxonomy":"tribe_events_cat","embeddable":true,"href":"https:\/\/museudofutebol.org.br\/teste\/wp-json\/wp\/v2\/tribe_events_cat?post=7031"}],"curies":[{"name":"wp","href":"https:\/\/api.w.org\/{rel}","templated":true}]}}

Lançamento do livro &#8220;Desculpas, Meu Ídolo Barbosa&#8221;

<div class="wpb-content-wrapper"><p>[vc_row][vc_column][vc_column_text]O auditório Armando Nogueira sedia o lançamento do livro <strong>&#8220;Desculpas, Meu Ídolo Barbosa&#8221;</strong>. No evento, haverá um bate-papo sobre a temática que envolve a obra entre o autor, <strong>Jorge Santana</strong>, e os convidados: <strong>Tereza Borba</strong> (filha do Goleiro Barbosa) e o jornalista e historiador, <strong>Fábio Tubino</strong>. Após o bate-papo, será realizada uma sessão de autógrafos com o autor, além da venda do livro no local.[/vc_column_text][/vc_column][/vc_row]</p>
</div>

<p>[vc_row][vc_column][vc_column_text]O auditório Armando Nogueira sedia o lançamento do livro &#8220;Desculpas, Meu Ídolo Barbosa&#8221;. No evento, haverá um bate-papo sobre a temática que envolve a obra entre<span class="excerpt-hellip"> […]</span></p>

<!-- This site is optimized with the Yoast SEO plugin v20.8 - https://yoast.com/wordpress/plugins/seo/ -->
<title>Lançamento do livro &quot;Desculpas, Meu Ídolo Barbosa&quot;</title>
<meta name="description" content="Venha participar do lançamento do livro &quot;Desculpas, Meu Ídolo Barbosa&quot;, com um bate-papo no Museu do Futebol" />
<meta name="robots" content="index, follow, max-snippet:-1, max-image-preview:large, max-video-preview:-1" />
<link rel="canonical" href="https://museudofutebol.org.br/teste/evento/lancamento-do-livro-desculpas-meu-idolo-barbosa/" />
<meta property="og:locale" content="pt_BR" />
<meta property="og:type" content="article" />
<meta property="og:title" content="Lançamento do livro &quot;Desculpas, Meu Ídolo Barbosa&quot;" />
<meta property="og:description" content="Venha participar do lançamento do livro &quot;Desculpas, Meu Ídolo Barbosa&quot;, com um bate-papo no Museu do Futebol" />
<meta property="og:url" content="https://museudofutebol.org.br/teste/evento/lancamento-do-livro-desculpas-meu-idolo-barbosa/" />
<meta property="og:site_name" content="Museu do Futebol" />
<meta property="article:publisher" content="https://www.facebook.com/museudofutebol" />
<meta property="article:modified_time" content="2022-09-13T19:59:45+00:00" />
<meta property="og:image" content="https://museudofutebol.org.br/teste/wp-content/uploads/2022/09/site-2.png" />
	<meta property="og:image:width" content="681" />
	<meta property="og:image:height" content="321" />
	<meta property="og:image:type" content="image/png" />
<meta name="twitter:card" content="summary_large_image" />
<meta name="twitter:site" content="@museudofutebol" />
<meta name="twitter:label1" content="Est. tempo de leitura" />
	<meta name="twitter:data1" content="1 minuto" />
<script type="application/ld+json" class="yoast-schema-graph">{"@context":"https://schema.org","@graph":[{"@type":"WebPage","@id":"https://museudofutebol.org.br/teste/evento/lancamento-do-livro-desculpas-meu-idolo-barbosa/","url":"https://museudofutebol.org.br/teste/evento/lancamento-do-livro-desculpas-meu-idolo-barbosa/","name":"Lançamento do livro \"Desculpas, Meu Ídolo Barbosa\"","isPartOf":{"@id":"https://museudofutebol.org.br/teste/#website"},"datePublished":"2022-09-12T15:36:04+00:00","dateModified":"2022-09-13T19:59:45+00:00","description":"Venha participar do lançamento do livro \"Desculpas, Meu Ídolo Barbosa\", com um bate-papo no Museu do Futebol","breadcrumb":{"@id":"https://museudofutebol.org.br/teste/evento/lancamento-do-livro-desculpas-meu-idolo-barbosa/#breadcrumb"},"inLanguage":"pt-BR","potentialAction":[{"@type":"ReadAction","target":["https://museudofutebol.org.br/teste/evento/lancamento-do-livro-desculpas-meu-idolo-barbosa/"]}]},{"@type":"BreadcrumbList","@id":"https://museudofutebol.org.br/teste/evento/lancamento-do-livro-desculpas-meu-idolo-barbosa/#breadcrumb","itemListElement":[{"@type":"ListItem","position":1,"name":"Início","item":"https://museudofutebol.org.br/teste/"},{"@type":"ListItem","position":2,"name":"Eventos","item":"https://museudofutebol.org.br/teste/programacao/"},{"@type":"ListItem","position":3,"name":"Lançamento do livro &#8220;Desculpas, Meu Ídolo Barbosa&#8221;"}]},{"@type":"WebSite","@id":"https://museudofutebol.org.br/teste/#website","url":"https://museudofutebol.org.br/teste/","name":"Museu do Futebol","description":"","potentialAction":[{"@type":"SearchAction","target":{"@type":"EntryPoint","urlTemplate":"https://museudofutebol.org.br/teste/?s={search_term_string}"},"query-input":"required name=search_term_string"}],"inLanguage":"pt-BR"}]}</script>
<!-- / Yoast SEO plugin. -->

Lançamento do livro "Desculpas, Meu Ídolo Barbosa"

Venha participar do lançamento do livro "Desculpas, Meu Ídolo Barbosa", com um bate-papo no Museu do Futebol

Início
